000
CXUS51 KRNK 011226
CF6LYH
PRELIMINARY LOCAL CLIMATOLOGICAL DATA (WS FORM: F-6)
STATION: LYNCHBURG VA
MONTH: JULY
YEAR: 2023
LATITUDE: 37 19 N
LONGITUDE: 79 12 W
TEMPERATURE IN F: :PCPN: SNOW: WIND :SUNSHINE: SKY :PK WND
================================================================================
1 2 3 4 5 6A 6B 7 8 9 10 11 12 13 14 15 16 17 18
12Z AVG MX 2MIN
DY MAX MIN AVG DEP HDD CDD WTR SNW DPTH SPD SPD DIR MIN PSBL S-S WX SPD DR
================================================================================
1 89 69 79 4 0 14 0.00 0.0 0 3.5 16 200 M M 4 13 22 220
2 91 69 80 5 0 15 0.55 0.0 0 5.7 15 300 M M 1 13 24 210
3 89 70 80 4 0 15 0.78 0.0 0 5.6 18 310 M M 2 13 30 270
4 91 65 78 2 0 13 0.15 0.0 0 3.7 15 340 M M 2 1 29 220
5 89 66 78 2 0 13 0.00 0.0 0 2.1 9 90 M M 1 1 13 90
6 92 70 81 5 0 16 0.00 0.0 0 1.3 8 160 M M 3 1 10 120
7 91 69 80 4 0 15 0.09 0.0 0 3.1 15 20 M M 2 13 20 20
8 87 70 79 3 0 14 T 0.0 0 3.9 14 140 M M 2 13 18 140
9 84 68 76 0 0 11 0.29 0.0 0 1.6 12 320 M M 5 13 17 360
10 87 67 77 1 0 12 0.00 0.0 0 1.7 10 40 M M 2 13 40
11 87 64 76 0 0 11 0.00 0.0 0 2.7 8 20 M M 1 11 300
12 89 61 75 -1 0 10 0.00 0.0 0 2.4 12 180 M M 1 16 190
13 91 66 79 3 0 14 1.51 0.0 0 6.8 26 10 M M 4 13 36 10
14 87 67 77 1 0 12 1.29 0.0 0 5.2 18 220 M M 6 13 25 220
15 89 65 77 1 0 12 4.29 0.0 0 3.9 14 310 M M 4 13 26 210
16 90 71 81 5 0 16 1.06 0.0 0 3.2 12 240 M M 5 1 16 260
17 87 64 76 0 0 11 0.01 0.0 0 2.2 9 200 M M 1 138 15 220
18 88 64 76 0 0 11 0.00 0.0 0 3.4 12 220 M M 0 1 16 210
19 86 70 78 2 0 13 0.27 0.0 0 3.3 10 230 M M 4 13 18 270
20 88 66 77 1 0 12 T 0.0 0 2.6 12 190 M M 2 1 17 180
21 89 67 78 2 0 13 0.00 0.0 0 4.4 14 300 M M 2 22 270
22 79 64 72 -4 0 7 0.00 0.0 0 2.1 7 50 M M 2 1 9 40
23 84 64 74 -2 0 9 0.00 0.0 0 2.1 12 180 M M 4 13 14 200
24 88 67 78 2 0 13 0.07 0.0 0 2.3 12 180 M M 4 1 12 190
25 89 66 78 2 0 13 T 0.0 0 1.9 10 220 M M 1 1 13 240
26 91 67 79 3 0 14 0.00 0.0 0 2.8 10 190 M M 0 13 200
27 94 69 82 6 0 17 0.00 0.0 0 5.6 13 190 M M 1 17 210
28 95 69 82 6 0 17 0.02 0.0 0 4.8 17 290 M M 1 13 33 290
29 93 68 81 5 0 16 T 0.0 0 6.1 18 240 M M 1 3 28 250
30 85 67 76 0 0 11 0.00 0.0 0 3.3 10 90 M M 4 14 110
31 88 63 76 0 0 11 0.01 0.0 0 2.1 15 40 M M 3 13 19 40
================================================================================
SM 2747 2072 0 401 10.39 0.0 105.4 M 75
================================================================================
AV 88.6 66.8 3.4 FASTST M M 2 MAX(MPH)
MISC ----> 26 10 36 10
================================================================================
NOTES:
# LAST OF SEVERAL OCCURRENCES
COLUMN 17 PEAK WIND IN M.P.H.
PRELIMINARY LOCAL CLIMATOLOGICAL DATA (WS FORM: F-6) , PAGE 2
STATION: LYNCHBURG VA
MONTH: JULY
YEAR: 2023
LATITUDE: 37 19 N
LONGITUDE: 79 12 W
[TEMPERATURE DATA] [PRECIPITATION DATA] SYMBOLS USED IN COLUMN 16
AVERAGE MONTHLY: 77.7 TOTAL FOR MONTH: 10.39 1 = FOG OR MIST
DPTR FM NORMAL: 1.7 DPTR FM NORMAL: 6.20 2 = FOG REDUCING VISIBILITY
HIGHEST: 95 ON 28 GRTST 24HR 5.35 ON 15-16 TO 1/4 MILE OR LESS
LOWEST: 61 ON 12 3 = THUNDER
SNOW, ICE PELLETS, HAIL 4 = ICE PELLETS
TOTAL MONTH: 0.0 INCH 5 = HAIL
GRTST 24HR 0.0 6 = FREEZING RAIN OR DRIZZLE
GRTST DEPTH: 0 7 = DUSTSTORM OR SANDSTORM:
VSBY 1/2 MILE OR LESS
8 = SMOKE OR HAZE
[NO. OF DAYS WITH] [WEATHER - DAYS WITH] 9 = BLOWING SNOW
X = TORNADO
MAX 32 OR BELOW: 0 0.01 INCH OR MORE: 14
MAX 90 OR ABOVE: 10 0.10 INCH OR MORE: 9
MIN 32 OR BELOW: 0 0.50 INCH OR MORE: 6
MIN 0 OR BELOW: 0 1.00 INCH OR MORE: 4
[HDD (BASE 65) ]
TOTAL THIS MO. 0 CLEAR (SCALE 0-3) 21
DPTR FM NORMAL 0 PTCLDY (SCALE 4-7) 10
TOTAL FM JUL 1 0 CLOUDY (SCALE 8-10) 0
DPTR FM NORMAL 0
[CDD (BASE 65) ]
TOTAL THIS MO. 401
DPTR FM NORMAL 61 [PRESSURE DATA]
TOTAL FM JAN 1 622 HIGHEST SLP 30.16 ON 26
DPTR FM NORMAL -41 LOWEST SLP 29.74 ON 9
[REMARKS]
#FINAL-07-23#