293
CXUS54 KMAF 011110
CF6MAF
PRELIMINARY LOCAL CLIMATOLOGICAL DATA (WS FORM: F-6)
STATION: MIDLAND INTERNATIONAL AIRPORT
MONTH: JULY
YEAR: 2020
LATITUDE: 31 57 N
LONGITUDE: 102 11 W
TEMPERATURE IN F: :PCPN: SNOW: WIND :SUNSHINE: SKY :PK WND
================================================================================
1 2 3 4 5 6A 6B 7 8 9 10 11 12 13 14 15 16 17 18
12Z AVG MX 2MIN
DY MAX MIN AVG DEP HDD CDD WTR SNW DPTH SPD SPD DIR MIN PSBL S-S WX SPD DR
================================================================================
1 104 76 90 8 0 25 0.00 0.0 M 12.0 35 140 M M 1 8 41 150
2 97 72 85 3 0 20 T 0.0 0 12.1 33 190 M M 2 38 41 180
3 98 76 87 5 0 22 0.00 0.0 0 11.3 20 130 M M 0 8 25 150
4 100 73 87 5 0 22 0.00 0.0 0 7.4 18 90 M M 1 27 60
5 101 70 86 4 0 21 T 0.0 0 11.4 32 10 M M 2 38 38 10
6 95 69 82 0 0 17 0.00 0.0 0 8.3 17 70 M M 0 20 70
7 99 71 85 3 0 20 0.00 0.0 0 8.1 25 120 M M 0 8 32 110
8 101 71 86 4 0 21 0.00 0.0 0 10.7 21 150 M M 0 26 140
9 105 78 92 10 0 27 0.00 0.0 0 13.9 23 160 M M 0 28 160
10 105 76 91 9 0 26 0.00 0.0 0 12.9 22 150 M M 0 26 150
11 106 77 92 10 0 27 0.00 0.0 0 11.2 22 170 M M 0 27 150
12 105 76 91 9 0 26 0.00 0.0 0 12.7 23 170 M M 0 31 180
13 109 77 93 11 0 28 0.00 0.0 0 15.4 24 170 M M 0 31 170
14 111 85 98 16 0 33 0.00 0.0 0 15.6 26 210 M M 0 33 190
15 107 81 94 12 0 29 0.00 0.0 0 15.3 26 150 M M 0 8 33 150
16 100 77 89 7 0 24 0.00 0.0 0 12.7 25 150 M M 0 8 31 150
17 102 76 89 7 0 24 0.00 0.0 0 13.2 23 120 M M 0 36 160
18 100 76 88 6 0 23 0.00 0.0 0 12.6 22 130 M M 0 31 130
19 95 72 84 2 0 19 0.00 0.0 0 12.3 24 170 M M 0 30 170
20 98 73 86 4 0 21 0.00 0.0 0 11.4 25 130 M M 1 31 130
21 98 78 88 6 0 23 0.00 0.0 0 11.6 31 20 M M 2 8 38 30
22 97 74 86 4 0 21 T 0.0 0 10.2 29 80 M M 3 38 35 90
23 96 72 84 2 0 19 0.00 0.0 0 12.5 26 110 M M 2 37 120
24 98 73 86 4 0 21 0.00 0.0 0 11.7 22 130 M M 2 29 110
25 98 75 87 5 0 22 0.00 0.0 0 13.1 23 120 M M 2 28 80
26 93 72 83 1 0 18 0.00 0.0 0 11.2 22 150 M M 2 29 160
27 95 73 84 2 0 19 0.00 0.0 M 10.3 21 140 M M 2 26 180
28 98 77 88 6 0 23 0.00 0.0 M 10.2 24 130 M M 2 8 32 150
29 100 77 89 7 0 24 0.00 0.0 M 14.2 23 170 M M 2 29 180
30 101 74 88 6 0 23 0.00 0.0 0 14.2 26 130 M M 0 31 130
31 93 69 81 -1 0 16 0.01 0.0 0 11.4 28 320 M M 1 38 37 330
================================================================================
SM 3105 2316 0 704 0.01 0.0 371.1 M 27
================================================================================
AV100.2 74.7 12.0 FASTST M M 1 MAX(MPH)
MISC ----> 35 140 # 41 150
================================================================================
NOTES:
# LAST OF SEVERAL OCCURRENCES
COLUMN 17 PEAK WIND IN M.P.H.
PRELIMINARY LOCAL CLIMATOLOGICAL DATA (WS FORM: F-6) , PAGE 2
STATION: MIDLAND INTERNATIONAL AIRPORT
MONTH: JULY
YEAR: 2020
LATITUDE: 31 57 N
LONGITUDE: 102 11 W
[TEMPERATURE DATA] [PRECIPITATION DATA] SYMBOLS USED IN COLUMN 16
AVERAGE MONTHLY: 87.4 TOTAL FOR MONTH: 0.01 1 = FOG OR MIST
DPTR FM NORMAL: 5.3 DPTR FM NORMAL: -1.81 2 = FOG REDUCING VISIBILITY
HIGHEST: 111 ON 14 GRTST 24HR 0.01 ON 31-31 TO 1/4 MILE OR LESS
LOWEST: 69 ON 31, 6 3 = THUNDER
SNOW, ICE PELLETS, HAIL 4 = ICE PELLETS
TOTAL MONTH: 0.0 INCH 5 = HAIL
GRTST 24HR 0.0 6 = FREEZING RAIN OR DRIZZLE
GRTST DEPTH: 0 7 = DUSTSTORM OR SANDSTORM:
VSBY 1/2 MILE OR LESS
8 = SMOKE OR HAZE
[NO. OF DAYS WITH] [WEATHER - DAYS WITH] 9 = BLOWING SNOW
X = TORNADO
MAX 32 OR BELOW: 0 0.01 INCH OR MORE: 1
MAX 90 OR ABOVE: 31 0.10 INCH OR MORE: 0
MIN 32 OR BELOW: 0 0.50 INCH OR MORE: 0
MIN 0 OR BELOW: 0 1.00 INCH OR MORE: 0
[HDD (BASE 65) ]
TOTAL THIS MO. 0 CLEAR (SCALE 0-3) 31
DPTR FM NORMAL 0 PTCLDY (SCALE 4-7) 0
TOTAL FM JUL 1 0 CLOUDY (SCALE 8-10) 0
DPTR FM NORMAL 0
[CDD (BASE 65) ]
TOTAL THIS MO. 704
DPTR FM NORMAL 172 [PRESSURE DATA]
TOTAL FM JAN 1 1820 HIGHEST SLP 30.03 ON 31
DPTR FM NORMAL 438 LOWEST SLP 29.64 ON 14
[REMARKS]
#FINAL-07-20#