000
CXUS52 KTAE 010800
CF6MAI
PRELIMINARY LOCAL CLIMATOLOGICAL DATA (WS FORM: F-6)
STATION: MARIANNA
MONTH: AUGUST
YEAR: 2022
LATITUDE: 30 50 N
LONGITUDE: 85 11 W
TEMPERATURE IN F: :PCPN: SNOW: WIND :SUNSHINE: SKY :PK WND
================================================================================
1 2 3 4 5 6A 6B 7 8 9 10 11 12 13 14 15 16 17 18
12Z AVG MX 2MIN
DY MAX MIN AVG DEP HDD CDD WTR SNW DPTH SPD SPD DIR MIN PSBL S-S WX SPD DR
================================================================================
1 93 72 83 0 0 18 0.00 0.0 0 4.4 16 230 M M 1 3 19 260
2 89 72 81 -2 0 16 0.12 0.0 M 4.3 23 300 M M 2 13 30 190
3 90 71 81 -2 0 16 0.00 0.0 M 2.8 10 140 M M 2 13 180
4 92 72 82 -1 0 17 T 0.0 0 2.2 17 160 M M 2 3 24 170
5 94 71 83 0 0 18 0.00 0.0 0 3.6 22 180 M M 1 3 29 160
6 92 73 83 0 0 18 0.15 0.0 0 5.0 23 180 M M 1 13 30 180
7 92 71 82 -1 0 17 0.39 0.0 0 3.1 23 170 M M 2 13 33 180
8 91 72 82 -1 0 17 T 0.0 0 3.5 20 180 M M 2 1 26 190
9 90 72 81 -1 0 16 0.96 0.0 0 3.5 23 260 M M 3 13 29 260
10 89 70 80 -2 0 15 0.15 0.0 0 4.1 16 170 M M 1 18 20 170
11 83 72 78 -4 0 13 T 0.0 0 6.3 23 180 M M 4 30 180
12 86 72 79 -3 0 14 0.11 0.0 0 6.5 22 210 M M 6 1 27 190
13 89 73 81 -1 0 16 1.71 0.0 0 4.7 21 320 M M 7 123 28 320
14 88 71 80 -2 0 15 0.02 0.0 0 3.4 15 50 M M 3 18 50
15 92 70 81 -1 0 16 0.00 0.0 0 3.9 10 250 M M 0 1 14 250
16 94 75 85 3 0 20 0.00 0.0 0 6.4 14 250 M M 2 M M
17 94 72 83 1 0 18 0.22 0.0 0 3.3 23 330 M M 2 1 30 320
18 83 74 79 -3 0 14 0.44 0.0 M 4.4 14 290 M M 5 13 17 290
19 91 73 82 0 0 17 0.00 0.0 0 3.0 13 300 M M 2 16 300
20 92 75 84 2 0 19 0.00 0.0 0 3.4 17 180 M M 1 3 24 190
21 91 74 83 1 0 18 0.00 0.0 0 3.1 20 210 M M 1 26 210
22 89 73 81 -1 0 16 0.00 0.0 0 3.9 14 270 M M 1 18 300
23 88 74 81 -1 0 16 T 0.0 0 2.8 9 300 M M 1 3 13 340
24 87 74 81 -1 0 16 T 0.0 0 4.3 10 210 M M 2 3 13 210
25 83 73 78 -4 0 13 0.10 0.0 M 3.4 9 60 M M 3 10 60
26 89 73 81 -1 0 16 T 0.0 0 2.7 21 190 M M 1 3 23 190
27 88 74 81 0 0 16 T 0.0 0 3.4 13 300 M M 1 3 23 270
28 91 71 81 0 0 16 T M M 4.1 14 80 M M 4 1 18 80
29 92 72 82 1 0 17 0.00 0.0 0 5.0 15 50 M M 4 12 18 40
30 94 73 84 3 0 19 0.00 0.0 0 2.9 12 310 M M 2 14 300
31 94 73 84 3 0 19 T 0.0 0 5.0 14 160 M M 2 3 18 170
================================================================================
SM 2790 2247 0 512 4.37 0.0 122.4 M 71
================================================================================
AV 90.0 72.5 3.9 FASTST M M 2 MAX(MPH)
MISC ----> # 23 300 33 180
================================================================================
NOTES:
# LAST OF SEVERAL OCCURRENCES
COLUMN 17 PEAK WIND IN M.P.H.
PRELIMINARY LOCAL CLIMATOLOGICAL DATA (WS FORM: F-6) , PAGE 2
STATION: MARIANNA
MONTH: AUGUST
YEAR: 2022
LATITUDE: 30 50 N
LONGITUDE: 85 11 W
[TEMPERATURE DATA] [PRECIPITATION DATA] SYMBOLS USED IN COLUMN 16
AVERAGE MONTHLY: 81.2 TOTAL FOR MONTH: 4.37 1 = FOG OR MIST
DPTR FM NORMAL: -0.9 DPTR FM NORMAL: -0.56 2 = FOG REDUCING VISIBILITY
HIGHEST: 94 ON 31,30 GRTST 24HR 2.19 ON 14-15 TO 1/4 MILE OR LESS
LOWEST: 70 ON 15,10 3 = THUNDER
SNOW, ICE PELLETS, HAIL 4 = ICE PELLETS
TOTAL MONTH: 0.0 INCH 5 = HAIL
GRTST 24HR 0.0 6 = FREEZING RAIN OR DRIZZLE
GRTST DEPTH: 0 7 = DUSTSTORM OR SANDSTORM:
VSBY 1/2 MILE OR LESS
8 = SMOKE OR HAZE
[NO. OF DAYS WITH] [WEATHER - DAYS WITH] 9 = BLOWING SNOW
X = TORNADO
MAX 32 OR BELOW: 0 0.01 INCH OR MORE: 11
MAX 90 OR ABOVE: 18 0.10 INCH OR MORE: 10
MIN 32 OR BELOW: 0 0.50 INCH OR MORE: 2
MIN 0 OR BELOW: 0 1.00 INCH OR MORE: 1
[HDD (BASE 65) ]
TOTAL THIS MO. 0 CLEAR (SCALE 0-3) 24
DPTR FM NORMAL 0 PTCLDY (SCALE 4-7) 7
TOTAL FM JUL 1 0 CLOUDY (SCALE 8-10) 0
DPTR FM NORMAL 0
[CDD (BASE 65) ]
TOTAL THIS MO. 512
DPTR FM NORMAL -18 [PRESSURE DATA]
TOTAL FM JAN 1 2144 HIGHEST SLP M ON M
DPTR FM NORMAL 37 LOWEST SLP 29.85 ON 15
[REMARKS]
#FINAL-08-22#