000
CXUS53 KABR 011200
CF6MBG
PRELIMINARY LOCAL CLIMATOLOGICAL DATA (WS FORM: F-6)
STATION: MOBRIDGE SD
MONTH: NOVEMBER
YEAR: 2021
LATITUDE: 45 32 N
LONGITUDE: 100 25 W
TEMPERATURE IN F: :PCPN: SNOW: WIND :SUNSHINE: SKY :PK WND
================================================================================
1 2 3 4 5 6A 6B 7 8 9 10 11 12 13 14 15 16 17 18
12Z AVG MX 2MIN
DY MAX MIN AVG DEP HDD CDD WTR SNW DPTH SPD SPD DIR MIN PSBL S-S WX SPD DR
================================================================================
1 45 18 32 -8 33 0 0.00 0.0 0 5.8 17 290 M M 2 24 280
2 44 18 31 -9 34 0 T T 0 4.6 10 100 M M 1 128 14 90
3 53 24 39 0 26 0 0.00 0.0 0 6.3 14 140 M M 0 17 130
4 63 30 47 8 18 0 0.00 0.0 0 6.6 13 170 M M 0 1 16 170
5 68 34 51 13 14 0 0.00 0.0 0 9.0 23 300 M M 0 31 300
6 70 31 51 13 14 0 0.00 0.0 0 6.3 15 150 M M 0 20 150
7 65 39 52 15 13 0 0.00 0.0 0 6.7 15 350 M M 0 21 10
8 54 32 43 6 22 0 0.00 0.0 0 4.7 16 320 M M 5 8 20 320
9 58 33 46 10 19 0 0.00 0.0 0 11.3 29 150 M M 3 12 38 150
10 51 34 43 7 22 0 0.23 0.0 0 13.2 29 150 M M 5 1 37 140
11 40 31 36 0 29 0 T T 0 27.3 44 320 M M 6 8 61 310
12 31 27 29 -6 36 0 T T T 29.5 38 320 M M 10 55 330
13 60 M M M M M T 0.0 T 22.5 44 320 M M 4 60 320
14 48 30 39 5 26 0 0.01 0.0 0 7.8 14 150 M M 5 17 150
15 49 33 41 7 24 0 T 0.0 0 8.5 14 150 M M 4 18 18 80
16 61 37 49 16 16 0 0.00 0.0 0 13.3 35 330 M M 2 46 330
17 38 24 31 -2 34 0 0.00 0.0 0 23.9 39 310 M M 4 54 310
18 36 16 26 -6 39 0 0.00 0.0 0 10.6 21 140 M M 0 28 320
19 50 27 39 7 26 0 0.00 0.0 0 5.9 25 150 M M 2 33 160
20 42 30 36 5 29 0 T 0.0 0 3.8 13 360 M M 9 17 360
21 36 19 28 -3 37 0 0.00 0.0 0 10.8 22 330 M M 2 31 330
22 52 22 37 7 28 0 0.00 0.0 0 6.0 14 170 M M 0 18 160
23 58 26 42 12 23 0 0.00 0.0 0 5.8 15 160 M M 0 22 150
24 34 13 24 -6 41 0 0.01 T 0 14.7 26 340 M M 6 18 36 340
25 31 3 17 -12 48 0 T T 0 10.1 21 170 M M 5 18 27 160
26 62 27 45 16 20 0 0.00 0.0 0 5.0 14 280 M M 0 18 300
27 51 20 36 8 29 0 0.00 0.0 0 9.8 25 360 M M 2 35 360
28 48 21 35 7 30 0 0.00 0.0 0 8.3 15 160 M M 3 19 160
29 60 32 46 18 19 0 0.00 0.0 0 6.8 22 320 M M 0 27 330
30 50 23 37 10 28 0 0.00 0.0 0 6.3 16 180 M M 1 22 170
================================================================================
SM 1508 754 777 0 0.25 T 311.2 M 81
================================================================================
AV 50.3 26.0 10.4 FASTST M M 3 MAX(MPH)
MISC ----> # 44 320 61 310
================================================================================
NOTES:
# LAST OF SEVERAL OCCURRENCES
COLUMN 17 PEAK WIND IN M.P.H.
PRELIMINARY LOCAL CLIMATOLOGICAL DATA (WS FORM: F-6) , PAGE 2
STATION: MOBRIDGE SD
MONTH: NOVEMBER
YEAR: 2021
LATITUDE: 45 32 N
LONGITUDE: 100 25 W
[TEMPERATURE DATA] [PRECIPITATION DATA] SYMBOLS USED IN COLUMN 16
AVERAGE MONTHLY: 38.1 TOTAL FOR MONTH: 0.25 1 = FOG OR MIST
DPTR FM NORMAL: 4.6 DPTR FM NORMAL: -0.18 2 = FOG REDUCING VISIBILITY
HIGHEST: 70 ON 6 GRTST 24HR 0.23 ON 10-10 TO 1/4 MILE OR LESS
LOWEST: 3 ON 25 3 = THUNDER
SNOW, ICE PELLETS, HAIL 4 = ICE PELLETS
TOTAL MONTH: T 5 = HAIL
GRTST 24HR T ON 2- 2 6 = FREEZING RAIN OR DRIZZLE
GRTST DEPTH: T 7 = DUSTSTORM OR SANDSTORM:
VSBY 1/2 MILE OR LESS
8 = SMOKE OR HAZE
[NO. OF DAYS WITH] [WEATHER - DAYS WITH] 9 = BLOWING SNOW
X = TORNADO
MAX 32 OR BELOW: 2 0.01 INCH OR MORE: 3
MAX 90 OR ABOVE: 0 0.10 INCH OR MORE: 1
MIN 32 OR BELOW: 23 0.50 INCH OR MORE: 0
MIN 0 OR BELOW: 0 1.00 INCH OR MORE: 0
[HDD (BASE 65) ]
TOTAL THIS MO. 777 CLEAR (SCALE 0-3) 18
DPTR FM NORMAL -168 PTCLDY (SCALE 4-7) 10
TOTAL FM JUL 1 1226 CLOUDY (SCALE 8-10) 2
DPTR FM NORMAL -396
[CDD (BASE 65) ]
TOTAL THIS MO. 0
DPTR FM NORMAL 0 [PRESSURE DATA]
TOTAL FM JAN 1 1133 HIGHEST SLP 30.56 ON 25
DPTR FM NORMAL 321 LOWEST SLP 29.35 ON 16
[REMARKS]
#FINAL-11-21#