000
CXUS54 KLIX 010810
CF6MCB
PRELIMINARY LOCAL CLIMATOLOGICAL DATA (WS FORM: F-6)
STATION: MCCOMB
MONTH: MAY
YEAR: 2023
LATITUDE: 31 10 N
LONGITUDE: 90 28 W
TEMPERATURE IN F: :PCPN: SNOW: WIND :SUNSHINE: SKY :PK WND
================================================================================
1 2 3 4 5 6A 6B 7 8 9 10 11 12 13 14 15 16 17 18
12Z AVG MX 2MIN
DY MAX MIN AVG DEP HDD CDD WTR SNW DPTH SPD SPD DIR MIN PSBL S-S WX SPD DR
================================================================================
1 77 50 64 -5 1 0 0.00 0.0 M 5.0 16 280 M M 0 23 270
2 79 46 63 -6 2 0 0.00 0.0 M 3.5 16 320 M M 0 21 320
3 80 51 66 -4 0 1 0.00 0.0 M 4.5 13 330 M M 0 20 340
4 82 49 66 -4 0 1 0.00 0.0 M 3.0 10 330 M M 0 14 150
5 81 61 71 1 0 6 0.45 0.0 M 5.0 14 20 M M 7 13 21 20
6 72 62 67 -3 0 2 0.23 0.0 M 4.0 20 150 M M 7 123 24 150
7 84 61 73 2 0 8 T 0.0 M 7.3 16 160 M M 4 13 24 160
8 76 68 72 1 0 7 0.11 0.0 M 4.3 15 170 M M 6 138 23 190
9 84 68 76 5 0 11 0.01 0.0 M 4.3 16 130 M M 6 138 25 130
10 85 70 78 6 0 13 0.01 0.0 M 8.2 18 160 M M 6 1 23 170
11 85 64 75 3 0 10 0.49 0.0 M 9.3 23 160 M M 5 123 30 160
12 88 62 75 3 0 10 0.17 0.0 M 7.2 20 210 M M 4 13 28 210
13 87 63 75 3 0 10 T 0.0 M 4.1 14 140 M M 1 13 19 160
14 90 65 78 5 0 13 0.00 0.0 M 1.5 10 150 M M 3 12 16 140
15 91 67 79 6 0 14 T 0.0 M 3.4 18 290 M M 1 13 29 280
16 88 65 77 4 0 12 0.00 0.0 M 3.3 12 300 M M 1 18 18 300
17 86 66 76 3 0 11 T 0.0 M 4.2 13 300 M M 3 13 20 280
18 86 64 75 1 0 10 T 0.0 M 1.8 9 350 M M 6 12 16 340
19 89 65 77 3 0 12 0.00 0.0 M 2.1 10 280 M M 1 18 14 290
20 89 67 78 4 0 13 0.01 0.0 M 6.2 16 330 M M 3 13 22 310
21 79 65 72 -2 0 7 0.00 0.0 M 6.6 12 340 M M 3 18 10
22 84 64 74 -1 0 9 T 0.0 M 3.4 10 330 M M 4 14 320
23 86 62 74 -1 0 9 T 0.0 M 3.9 10 50 M M 3 18 17 20
24 74 65 70 -5 0 5 0.00 0.0 M 5.0 12 360 M M 7 18 360
25 85 63 74 -2 0 9 0.00 0.0 M 4.7 13 360 M M 1 19 350
26 85 59 72 -4 0 7 0.00 0.0 M 3.5 14 30 M M 2 24 30
27 84 61 73 -3 0 8 0.00 0.0 M 3.3 10 90 M M 2 15 90
28 85 63 74 -2 0 9 0.01 0.0 M 1.6 9 240 M M 7 1 13 240
29 88 63 76 0 0 11 0.00 0.0 M 3.9 15 330 M M 1 18 310
30 87 59 73 -4 0 8 0.00 0.0 M 2.2 10 330 M M 2 1 16 10
31 87 62 75 -2 0 10 0.00 0.0 M 2.8 10 100 M M 2 18 16 80
================================================================================
SM 2603 1920 3 256 1.49 0.0 133.1 M 98
================================================================================
AV 84.0 61.9 4.3 FASTST M M 3 MAX(MPH)
MISC ----> 23 160 30 160
================================================================================
NOTES:
# LAST OF SEVERAL OCCURRENCES
COLUMN 17 PEAK WIND IN M.P.H.
PRELIMINARY LOCAL CLIMATOLOGICAL DATA (WS FORM: F-6) , PAGE 2
STATION: MCCOMB
MONTH: MAY
YEAR: 2023
LATITUDE: 31 10 N
LONGITUDE: 90 28 W
[TEMPERATURE DATA] [PRECIPITATION DATA] SYMBOLS USED IN COLUMN 16
AVERAGE MONTHLY: 73.0 TOTAL FOR MONTH: 1.49 1 = FOG OR MIST
DPTR FM NORMAL: -0.1 DPTR FM NORMAL: -3.06 2 = FOG REDUCING VISIBILITY
HIGHEST: 91 ON 15 GRTST 24HR 0.66 ON 11-12 TO 1/4 MILE OR LESS
LOWEST: 46 ON 2 3 = THUNDER
SNOW, ICE PELLETS, HAIL 4 = ICE PELLETS
TOTAL MONTH: 0.0 INCH 5 = HAIL
GRTST 24HR 0.0 6 = FREEZING RAIN OR DRIZZLE
GRTST DEPTH: M ON M 7 = DUSTSTORM OR SANDSTORM:
VSBY 1/2 MILE OR LESS
8 = SMOKE OR HAZE
[NO. OF DAYS WITH] [WEATHER - DAYS WITH] 9 = BLOWING SNOW
X = TORNADO
MAX 32 OR BELOW: 0 0.01 INCH OR MORE: 9
MAX 90 OR ABOVE: 2 0.10 INCH OR MORE: 5
MIN 32 OR BELOW: 0 0.50 INCH OR MORE: 0
MIN 0 OR BELOW: 0 1.00 INCH OR MORE: 0
[HDD (BASE 65) ]
TOTAL THIS MO. 3 CLEAR (SCALE 0-3) 17
DPTR FM NORMAL -6 PTCLDY (SCALE 4-7) 14
TOTAL FM JUL 1 1597 CLOUDY (SCALE 8-10) 0
DPTR FM NORMAL -322
[CDD (BASE 65) ]
TOTAL THIS MO. 256
DPTR FM NORMAL -4 [PRESSURE DATA]
TOTAL FM JAN 1 530 HIGHEST SLP M ON M
DPTR FM NORMAL 117 LOWEST SLP 29.76 ON 17
[REMARKS]
#FINAL-05-23#