000
CXUS54 KLIX 010810
CF6MCB
PRELIMINARY LOCAL CLIMATOLOGICAL DATA (WS FORM: F-6)
STATION: MCCOMB
MONTH: APRIL
YEAR: 2023
LATITUDE: 31 10 N
LONGITUDE: 90 28 W
TEMPERATURE IN F: :PCPN: SNOW: WIND :SUNSHINE: SKY :PK WND
================================================================================
1 2 3 4 5 6A 6B 7 8 9 10 11 12 13 14 15 16 17 18
12Z AVG MX 2MIN
DY MAX MIN AVG DEP HDD CDD WTR SNW DPTH SPD SPD DIR MIN PSBL S-S WX SPD DR
================================================================================
1 86 57 72 9 0 7 T 0.0 M 6.9 20 310 M M 4 1 31 320
2 79 55 67 4 0 2 0.00 0.0 M 6.0 14 170 M M 1 19 160
3 85 66 76 13 0 11 0.12 0.0 M 10.2 18 220 M M 6 1 29 160
4 86 70 78 15 0 13 0.00 0.0 M 13.8 28 170 M M 6 13 37 170
5 86 70 78 15 0 13 T 0.0 M 12.4 26 180 M M 6 37 180
6 81 60 71 7 0 6 0.13 0.0 M 4.6 17 350 M M 9 13 24 20
7 63 58 61 -3 4 0 3.51 0.0 M 7.4 16 360 M M 10 123 25 360
8 66 55 61 -3 4 0 0.54 0.0 M 6.5 15 310 M M 10 1 19 310
9 62 52 57 -7 8 0 0.01 0.0 M 5.6 12 50 M M 10 1 19 40
10 71 50 61 -3 4 0 0.00 0.0 M 3.8 14 100 M M 6 21 90
11 73 56 65 1 0 0 0.01 0.0 M 4.1 13 80 M M 7 22 60
12 68 59 64 -1 1 0 T 0.0 M 4.8 12 70 M M M 20 90
13 63 57 60 -5 5 0 T 0.0 M 7.5 18 320 M M M 25 310
14 79 49 64 -1 1 0 0.00 0.0 M 3.9 13 250 M M 2 20 210
15 70 54 62 -3 3 0 0.94 0.0 M 5.5 25 330 M M 5 13 47 280
16 69 44 57 -9 8 0 0.13 0.0 M 10.4 23 320 M M 2 13 33 330
17 74 39 57 -9 8 0 0.00 0.0 M 3.5 14 350 M M 0 21 330
18 75 39 57 -9 8 0 0.00 0.0 M 3.8 16 180 M M 0 18 23 190
19 82 48 65 -1 0 0 0.00 0.0 M 7.3 18 180 M M 0 18 28 190
20 84 60 72 6 0 7 0.00 0.0 M 9.7 22 170 M M 3 1 30 140
21 78 59 69 2 0 4 0.27 0.0 M 7.3 17 150 M M 8 13 24 150
22 77 52 65 -2 0 0 0.00 0.0 M 4.8 13 20 M M 2 21 10
23 68 52 60 -7 5 0 0.01 0.0 M 5.5 13 10 M M 3 22 50
24 69 49 59 -8 6 0 0.00 0.0 M 5.4 14 350 M M 4 28 20
25 78 49 64 -4 1 0 0.02 0.0 M 3.0 10 50 M M 1 17 330
26 82 56 69 1 0 4 0.00 0.0 M 4.9 14 170 M M 2 19 160
27 81 58 70 2 0 5 0.19 0.0 M 5.5 16 150 M M 6 13 22 130
28 80 53 67 -1 0 2 0.00 0.0 M 3.3 10 330 M M 2 12 17 290
29 71 54 63 -5 2 0 0.23 0.0 M 6.5 22 310 M M 6 1 35 320
30 78 52 65 -4 0 0 0.01 0.0 M 7.4 21 320 M M 1 1 28 330
================================================================================
SM 2264 1632 68 74 6.12 0.0 191.3 M 122
================================================================================
AV 75.5 54.4 6.4 FASTST M M 4 MAX(MPH)
MISC ----> 28 170 47 280
================================================================================
NOTES:
# LAST OF SEVERAL OCCURRENCES
COLUMN 17 PEAK WIND IN M.P.H.
PRELIMINARY LOCAL CLIMATOLOGICAL DATA (WS FORM: F-6) , PAGE 2
STATION: MCCOMB
MONTH: APRIL
YEAR: 2023
LATITUDE: 31 10 N
LONGITUDE: 90 28 W
[TEMPERATURE DATA] [PRECIPITATION DATA] SYMBOLS USED IN COLUMN 16
AVERAGE MONTHLY: 64.9 TOTAL FOR MONTH: 6.12 1 = FOG OR MIST
DPTR FM NORMAL: -0.6 DPTR FM NORMAL: 1.10 2 = FOG REDUCING VISIBILITY
HIGHEST: 86 ON 5, 4 GRTST 24HR 3.65 ON 7- 8 TO 1/4 MILE OR LESS
LOWEST: 39 ON 18,17 3 = THUNDER
SNOW, ICE PELLETS, HAIL 4 = ICE PELLETS
TOTAL MONTH: 0.0 INCH 5 = HAIL
GRTST 24HR 0.0 6 = FREEZING RAIN OR DRIZZLE
GRTST DEPTH: M ON M 7 = DUSTSTORM OR SANDSTORM:
VSBY 1/2 MILE OR LESS
8 = SMOKE OR HAZE
[NO. OF DAYS WITH] [WEATHER - DAYS WITH] 9 = BLOWING SNOW
X = TORNADO
MAX 32 OR BELOW: 0 0.01 INCH OR MORE: 14
MAX 90 OR ABOVE: 0 0.10 INCH OR MORE: 9
MIN 32 OR BELOW: 0 0.50 INCH OR MORE: 3
MIN 0 OR BELOW: 0 1.00 INCH OR MORE: 1
[HDD (BASE 65) ]
TOTAL THIS MO. 68 CLEAR (SCALE 0-3) 12
DPTR FM NORMAL -11 PTCLDY (SCALE 4-7) 12
TOTAL FM JUL 1 1594 CLOUDY (SCALE 8-10) 6
DPTR FM NORMAL -318
[CDD (BASE 65) ]
TOTAL THIS MO. 74
DPTR FM NORMAL -20 [PRESSURE DATA]
TOTAL FM JAN 1 274 HIGHEST SLP M ON M
DPTR FM NORMAL 121 LOWEST SLP 29.64 ON 29
[REMARKS]
#FINAL-04-23#