000
CXUS54 KLIX 010810
CF6MCB
PRELIMINARY LOCAL CLIMATOLOGICAL DATA (WS FORM: F-6)
STATION: MCCOMB
MONTH: JULY
YEAR: 2022
LATITUDE: 31 10 N
LONGITUDE: 90 28 W
TEMPERATURE IN F: :PCPN: SNOW: WIND :SUNSHINE: SKY :PK WND
================================================================================
1 2 3 4 5 6A 6B 7 8 9 10 11 12 13 14 15 16 17 18
12Z AVG MX 2MIN
DY MAX MIN AVG DEP HDD CDD WTR SNW DPTH SPD SPD DIR MIN PSBL S-S WX SPD DR
================================================================================
1 87 71 79 -1 0 14 0.22 0.0 M 2.3 24 190 M M 5 13 36 200
2 88 72 80 0 0 15 T M M 3.8 13 270 M M 3 13 19 290
3 94 72 83 2 0 18 0.00 M M 4.0 20 180 M M 2 12 23 190
4 95 75 85 4 0 20 0.66 0.0 M 3.6 15 140 M M 2 13 25 120
5 92 73 83 2 0 18 0.91 0.0 M 3.0 20 150 M M 6 123 28 130
6 89 73 81 0 0 16 0.01 0.0 M 2.4 14 300 M M 6 13 19 290
7 93 72 83 2 0 18 0.00 0.0 M 2.3 10 230 M M 3 12 13 200
8 93 73 83 2 0 18 0.00 0.0 M 2.5 10 300 M M 2 1 14 300
9 94 76 85 4 0 20 0.00 M M 4.2 15 50 M M 1 19 50
10 90 73 82 1 0 17 0.20 0.0 M 3.7 16 260 M M 5 13 21 230
11 93 72 83 2 0 18 M M M 2.3 7 110 M M 4 12 M M
12 94 73 84 3 0 19 0.00 M M 2.8 12 180 M M 1 1 16 180
13 92 68 80 -1 0 15 1.75 M M 3.8 18 90 M M 3 123 31 70
14 90 69 80 -1 0 15 0.26 M M 2.7 13 220 M M 2 13 22 210
15 92 70 81 0 0 16 0.00 M M 2.4 20 200 M M 1 18 24 210
16 91 70 81 0 0 16 T 0.0 M 3.0 14 160 M M 1 13 17 170
17 91 71 81 0 0 16 0.59 M M 2.6 21 280 M M 3 13 29 280
18 88 71 80 -1 0 15 0.00 M M 3.8 13 180 M M 1 13 16 180
19 91 73 82 1 0 17 0.00 M M 6.1 13 200 M M 1 1 17 210
20 92 73 83 2 0 18 0.00 M M 6.2 15 230 M M 1 1 20 220
21 91 75 83 2 0 18 0.00 M M 5.3 15 270 M M 2 1 21 280
22 89 70 80 -1 0 15 0.58 M M 5.0 16 70 M M 4 13 24 70
23 91 68 80 -1 0 15 0.00 M M 3.5 14 180 M M 1 13 18 200
24 92 71 82 1 0 17 0.00 M M 2.6 15 150 M M 1 13 19 140
25 91 71 81 0 0 16 0.00 M M 3.6 20 170 M M 0 1 23 170
26 92 71 82 1 0 17 0.00 M M 3.4 16 140 M M 2 1 21 130
27 92 70 81 0 0 16 0.02 M M 3.5 18 160 M M 2 13 24 180
28 91 70 81 0 0 16 0.00 M M 3.0 21 230 M M 1 13 27 190
29 90 70 80 -2 0 15 0.55 M M 2.8 20 170 M M 2 13 25 160
30 90 70 80 -2 0 15 0.92 M M 2.7 21 220 M M 3 13 30 230
31 90 68 79 -3 0 14 0.00 M M 3.3 15 170 M M 1 1 18 160
================================================================================
SM 2828 2214 0 513 6.67 0.0 106.2 M 72
================================================================================
AV 91.2 71.4 3.4 FASTST M M 2 MAX(MPH)
MISC ----> 24 190 36 200
================================================================================
NOTES:
# LAST OF SEVERAL OCCURRENCES
COLUMN 17 PEAK WIND IN M.P.H.
PRELIMINARY LOCAL CLIMATOLOGICAL DATA (WS FORM: F-6) , PAGE 2
STATION: MCCOMB
MONTH: JULY
YEAR: 2022
LATITUDE: 31 10 N
LONGITUDE: 90 28 W
[TEMPERATURE DATA] [PRECIPITATION DATA] SYMBOLS USED IN COLUMN 16
AVERAGE MONTHLY: 81.3 TOTAL FOR MONTH: 6.67 1 = FOG OR MIST
DPTR FM NORMAL: 0.2 DPTR FM NORMAL: 0.72 2 = FOG REDUCING VISIBILITY
HIGHEST: 95 ON 4 GRTST 24HR 2.01 ON 13-14 TO 1/4 MILE OR LESS
LOWEST: 68 ON 31,23 3 = THUNDER
SNOW, ICE PELLETS, HAIL 4 = ICE PELLETS
TOTAL MONTH: 0.0 INCH 5 = HAIL
GRTST 24HR 0.0 6 = FREEZING RAIN OR DRIZZLE
GRTST DEPTH: M ON M 7 = DUSTSTORM OR SANDSTORM:
VSBY 1/2 MILE OR LESS
8 = SMOKE OR HAZE
[NO. OF DAYS WITH] [WEATHER - DAYS WITH] 9 = BLOWING SNOW
X = TORNADO
MAX 32 OR BELOW: 0 0.01 INCH OR MORE: 12
MAX 90 OR ABOVE: 26 0.10 INCH OR MORE: 10
MIN 32 OR BELOW: 0 0.50 INCH OR MORE: 7
MIN 0 OR BELOW: 0 1.00 INCH OR MORE: 1
[HDD (BASE 65) ]
TOTAL THIS MO. 0 CLEAR (SCALE 0-3) 22
DPTR FM NORMAL 0 PTCLDY (SCALE 4-7) 9
TOTAL FM JUL 1 0 CLOUDY (SCALE 8-10) 0
DPTR FM NORMAL 0
[CDD (BASE 65) ]
TOTAL THIS MO. 513
DPTR FM NORMAL 15 [PRESSURE DATA]
TOTAL FM JAN 1 1598 HIGHEST SLP M ON M
DPTR FM NORMAL 263 LOWEST SLP 29.83 ON 12
[REMARKS]
#FINAL-07-22#