000
CXUS54 KLIX 010910
CF6MCB
PRELIMINARY LOCAL CLIMATOLOGICAL DATA (WS FORM: F-6)
STATION: MCCOMB
MONTH: DECEMBER
YEAR: 2021
LATITUDE: 31 10 N
LONGITUDE: 90 28 W
TEMPERATURE IN F: :PCPN: SNOW: WIND :SUNSHINE: SKY :PK WND
================================================================================
1 2 3 4 5 6A 6B 7 8 9 10 11 12 13 14 15 16 17 18
12Z AVG MX 2MIN
DY MAX MIN AVG DEP HDD CDD WTR SNW DPTH SPD SPD DIR MIN PSBL S-S WX SPD DR
================================================================================
1 73 39 56 3 9 0 0.00 M M 2.7 13 200 M M 0 18 17 210
2 76 48 62 9 3 0 0.00 M M 2.2 12 240 M M 4 12 15 300
3 75 48 62 9 3 0 0.00 M M 1.5 9 210 M M 4 12 13 220
4 78 51 65 12 0 0 0.00 0.0 M 1.7 9 250 M M 5 12 12 250
5 75 52 64 11 1 0 0.00 0.0 M 4.6 13 180 M M 7 12 15 170
6 71 52 62 10 3 0 1.11 0.0 M 7.2 17 360 M M 10 13 25 350
7 52 48 50 -2 15 0 0.03 M M 4.0 9 50 M M 10 1 14 40
8 62 45 54 2 11 0 0.85 M M 4.6 12 350 M M 5 1 15 350
9 73 43 58 6 7 0 0.02 M M 5.5 13 190 M M 7 1 16 180
10 82 70 76 24 0 11 0.00 M M 11.1 20 180 M M 8 26 180
11 75 46 61 9 4 0 0.24 M M 9.3 24 320 M M 8 1 31 320
12 60 38 49 -3 16 0 0.00 M M 4.4 12 20 M M 0 18 20
13 73 39 56 4 9 0 0.00 M M 0.9 6 80 M M 0 9 150
14 72 53 63 12 2 0 0.00 M M 2.7 12 150 M M 8 12 16 170
15 76 63 70 19 0 5 0.00 M M 7.9 14 150 M M 8 1 19 150
16 78 66 72 21 0 7 M M M 6.5 14 170 M M 8 19 160
17 75 66 71 20 0 6 0.04 M M 5.7 13 160 M M 10 1 15 170
18 77 60 69 18 0 4 1.13 M M 5.3 22 320 M M 9 123 30 330
19 60 40 50 -1 15 0 T M M 10.6 17 350 M M 7 1 24 350
20 47 40 44 -6 21 0 0.09 M M 5.7 12 330 M M 5 1 16 340
21 53 37 45 -5 20 0 0.00 M M 5.6 14 330 M M 6 1 17 330
22 64 33 49 -1 16 0 0.00 M M 3.3 15 330 M M 0 19 330
23 67 35 51 1 14 0 0.00 M M 4.5 13 180 M M 0 16 220
24 77 46 62 12 3 0 0.00 0.0 M 9.4 20 200 M M 4 12 29 190
25 79 61 70 20 0 5 0.00 0.0 M 8.3 16 230 M M 6 23 220
26 78 59 69 19 0 4 0.00 0.0 M 6.2 16 200 M M 5 1 21 230
27 78 62 70 20 0 5 0.00 0.0 M 7.0 17 210 M M 6 1 24 210
28 81 63 72 22 0 7 0.19 0.0 M 10.6 22 170 M M 9 1 28 200
29 82 69 76 26 0 11 T M M 9.3 18 200 M M 9 1 24 210
30 83 63 73 24 0 8 0.00 M M 4.9 13 210 M M 5 1 16 220
31 84 65 75 26 0 10 T M M 8.9 20 200 M M 7 18 27 200
================================================================================
SM 2236 1600 172 83 3.70 0.0 182.1 M 180
================================================================================
AV 72.1 51.6 5.9 FASTST M M 6 MAX(MPH)
MISC ----> 24 320 31 320
================================================================================
NOTES:
# LAST OF SEVERAL OCCURRENCES
COLUMN 17 PEAK WIND IN M.P.H.
PRELIMINARY LOCAL CLIMATOLOGICAL DATA (WS FORM: F-6) , PAGE 2
STATION: MCCOMB
MONTH: DECEMBER
YEAR: 2021
LATITUDE: 31 10 N
LONGITUDE: 90 28 W
[TEMPERATURE DATA] [PRECIPITATION DATA] SYMBOLS USED IN COLUMN 16
AVERAGE MONTHLY: 61.9 TOTAL FOR MONTH: 3.70 1 = FOG OR MIST
DPTR FM NORMAL: 10.8 DPTR FM NORMAL: -1.33 2 = FOG REDUCING VISIBILITY
HIGHEST: 84 ON 31 GRTST 24HR 1.13 ON 18-18 TO 1/4 MILE OR LESS
LOWEST: 33 ON 22 3 = THUNDER
SNOW, ICE PELLETS, HAIL 4 = ICE PELLETS
TOTAL MONTH: 0.0 INCH 5 = HAIL
GRTST 24HR 0.0 6 = FREEZING RAIN OR DRIZZLE
GRTST DEPTH: M ON M 7 = DUSTSTORM OR SANDSTORM:
VSBY 1/2 MILE OR LESS
8 = SMOKE OR HAZE
[NO. OF DAYS WITH] [WEATHER - DAYS WITH] 9 = BLOWING SNOW
X = TORNADO
MAX 32 OR BELOW: 0 0.01 INCH OR MORE: 9
MAX 90 OR ABOVE: 0 0.10 INCH OR MORE: 5
MIN 32 OR BELOW: 0 0.50 INCH OR MORE: 3
MIN 0 OR BELOW: 0 1.00 INCH OR MORE: 2
[HDD (BASE 65) ]
TOTAL THIS MO. 172 CLEAR (SCALE 0-3) 5
DPTR FM NORMAL -269 PTCLDY (SCALE 4-7) 18
TOTAL FM JUL 1 466 CLOUDY (SCALE 8-10) 8
DPTR FM NORMAL -309
[CDD (BASE 65) ]
TOTAL THIS MO. 83
DPTR FM NORMAL 71 [PRESSURE DATA]
TOTAL FM JAN 1 2514 HIGHEST SLP 30.37 ON 14
DPTR FM NORMAL 146 LOWEST SLP 29.75 ON 28
[REMARKS]
#FINAL-12-21#