000
CXUS54 KLIX 010910
CF6MCB
PRELIMINARY LOCAL CLIMATOLOGICAL DATA (WS FORM: F-6)
STATION: MCCOMB
MONTH: JANUARY
YEAR: 2024
LATITUDE: 31 10 N
LONGITUDE: 90 28 W
TEMPERATURE IN F: :PCPN: SNOW: WIND :SUNSHINE: SKY :PK WND
================================================================================
1 2 3 4 5 6A 6B 7 8 9 10 11 12 13 14 15 16 17 18
12Z AVG MX 2MIN
DY MAX MIN AVG DEP HDD CDD WTR SNW DPTH SPD SPD DIR MIN PSBL S-S WX SPD DR
================================================================================
1 58 37 48 -1 17 0 0.00 0.0 M 6.6 15 330 M M 1 1 20 340
2 57 30 44 -5 21 0 0.00 0.0 M 3.5 10 80 M M 0 16 70
3 55 32 44 -5 21 0 0.18 M M 4.8 15 360 M M 4 1 22 30
4 57 29 43 -6 22 0 0.00 0.0 M 3.2 10 70 M M 0 17 70
5 39 32 36 -13 29 0 M M M 0.7 3 60 M M 0 M M
6 48 34 41 -8 24 0 0.00 0.0 M 6.7 17 310 M M 9 1 25 280
7 56 31 44 -5 21 0 0.00 0.0 M 2.4 8 10 M M 1 1 13 320
8 70 40 55 6 10 0 2.89 0.0 M 12.0 29 180 M M 8 13 42 130
9 57 32 45 -4 20 0 0.16 0.0 M 9.6 29 310 M M 7 13 39 310
10 57 26 42 -7 23 0 0.00 0.0 M 4.9 13 230 M M 0 19 190
11 71 38 55 6 10 0 T 0.0 M 8.5 22 150 M M 6 1 30 150
12 72 37 55 6 10 0 0.11 0.0 M 17.1 26 170 M M 5 13 43 310
13 56 23 40 -9 25 0 0.00 0.0 M 3.3 13 310 M M 0 17 300
14 64 29 47 -2 18 0 0.00 0.0 M 3.7 13 180 M M 0 16 350
15 46 22 34 -15 31 0 0.09 M M 9.4 21 340 M M 8 16 31 340
16 29 13 21 -28 44 0 T M M 13.7 23 340 M M 3 1 33 360
17 41 12 27 -22 38 0 0.00 0.0 M 2.9 9 160 M M 0 12 130
18 57 24 41 -8 24 0 0.02 0.0 M 5.6 18 320 M M 9 1 22 330
19 55 28 42 -7 23 0 0.00 0.0 M 12.7 22 350 M M 1 33 360
20 40 23 32 -17 33 0 0.00 0.0 M 9.6 15 360 M M 0 23 10
21 49 22 36 -13 29 0 0.00 0.0 M 5.1 10 160 M M 2 17 60
22 63 36 50 1 15 0 0.01 M M 8.6 20 150 M M 7 27 130
23 64 56 60 11 5 0 0.14 0.0 M 8.0 14 150 M M 10 1 21 150
24 70 62 66 17 0 1 2.53 0.0 M 6.9 20 150 M M 10 123 28 150
25 68 60 64 15 1 0 0.78 0.0 M 4.4 26 270 M M 10 123 47 280
26 64 59 62 12 3 0 0.34 0.0 M 3.0 12 300 M M 10 123 18 90
27 64 50 57 7 8 0 0.89 M M 9.5 18 310 M M 10 13 26 310
28 51 34 43 -7 22 0 0.01 M M 9.0 17 310 M M 7 1 21 310
29 62 32 47 -3 18 0 0.00 0.0 M 4.0 14 320 M M 0 21 360
30 72 32 52 2 13 0 0.00 0.0 M 4.6 15 260 M M 0 22 260
31 68 41 55 5 10 0 0.00 0.0 M 5.8 15 360 M M 0 21 320
================================================================================
SM 1780 1056 588 1 8.15 0.0 209.8 M 128
================================================================================
AV 57.4 34.1 6.8 FASTST M M 4 MAX(MPH)
MISC ----> # 29 310 47 280
================================================================================
NOTES:
# LAST OF SEVERAL OCCURRENCES
COLUMN 17 PEAK WIND IN M.P.H.
PRELIMINARY LOCAL CLIMATOLOGICAL DATA (WS FORM: F-6) , PAGE 2
STATION: MCCOMB
MONTH: JANUARY
YEAR: 2024
LATITUDE: 31 10 N
LONGITUDE: 90 28 W
[TEMPERATURE DATA] [PRECIPITATION DATA] SYMBOLS USED IN COLUMN 16
AVERAGE MONTHLY: 45.7 TOTAL FOR MONTH: 8.15 1 = FOG OR MIST
DPTR FM NORMAL: -3.4 DPTR FM NORMAL: 1.75 2 = FOG REDUCING VISIBILITY
HIGHEST: 72 ON 30,12 GRTST 24HR 2.89 ON 8- 8 TO 1/4 MILE OR LESS
LOWEST: 12 ON 17 3 = THUNDER
SNOW, ICE PELLETS, HAIL 4 = ICE PELLETS
TOTAL MONTH: 0.0 INCH 5 = HAIL
GRTST 24HR 0.0 6 = FREEZING RAIN OR DRIZZLE
GRTST DEPTH: M ON M 7 = DUSTSTORM OR SANDSTORM:
VSBY 1/2 MILE OR LESS
8 = SMOKE OR HAZE
[NO. OF DAYS WITH] [WEATHER - DAYS WITH] 9 = BLOWING SNOW
X = TORNADO
MAX 32 OR BELOW: 1 0.01 INCH OR MORE: 13
MAX 90 OR ABOVE: 0 0.10 INCH OR MORE: 9
MIN 32 OR BELOW: 18 0.50 INCH OR MORE: 4
MIN 0 OR BELOW: 0 1.00 INCH OR MORE: 2
[HDD (BASE 65) ]
TOTAL THIS MO. 588 CLEAR (SCALE 0-3) 15
DPTR FM NORMAL 89 PTCLDY (SCALE 4-7) 8
TOTAL FM JUL 1 1318 CLOUDY (SCALE 8-10) 8
DPTR FM NORMAL 50
[CDD (BASE 65) ]
TOTAL THIS MO. 1
DPTR FM NORMAL -5 [PRESSURE DATA]
TOTAL FM JAN 1 1 HIGHEST SLP 30.56 ON 21
DPTR FM NORMAL -5 LOWEST SLP 29.50 ON 8
[REMARKS]
#FINAL-01-24#