000
CXUS54 KLIX 010810
CF6MCB
PRELIMINARY LOCAL CLIMATOLOGICAL DATA (WS FORM: F-6)
STATION: MCCOMB
MONTH: AUGUST
YEAR: 2020
LATITUDE: 31 10 N
LONGITUDE: 90 28 W
TEMPERATURE IN F: :PCPN: SNOW: WIND :SUNSHINE: SKY :PK WND
================================================================================
1 2 3 4 5 6A 6B 7 8 9 10 11 12 13 14 15 16 17 18
12Z AVG MX 2MIN
DY MAX MIN AVG DEP HDD CDD WTR SNW DPTH SPD SPD DIR MIN PSBL S-S WX SPD DR
================================================================================
1 86 72 79 -2 0 14 0.03 0.0 M 3.4 12 300 M M 1 1 15 310
2 88 70 79 -2 0 14 T 0.0 M 1.8 15 360 M M 1 13 19 10
3 92 70 81 0 0 16 0.00 0.0 M 3.6 12 300 M M 1 1 16 50
4 92 70 81 0 0 16 0.00 0.0 M 4.3 15 320 M M 0 19 310
5 92 71 82 1 0 17 0.00 0.0 M 4.4 13 340 M M 1 19 330
6 92 69 81 0 0 16 0.00 0.0 M 4.6 15 330 M M 0 19 330
7 92 65 79 -2 0 14 0.00 0.0 M 1.6 9 160 M M 1 1 11 180
8 93 69 81 0 0 16 0.00 0.0 M 1.3 8 350 M M 1 1 12 250
9 94 73 84 3 0 19 0.00 0.0 M 2.0 9 180 M M 1 1 12 210
10 94 73 84 3 0 19 0.00 0.0 M 2.8 12 290 M M 0 1 15 260
11 95 72 84 3 0 19 0.00 0.0 M 3.3 9 220 M M 0 14 230
12 95 74 85 4 0 20 0.08 0.0 M 4.7 12 120 M M 2 3 19 130
13 87 72 80 -1 0 15 0.06 0.0 M 3.4 15 10 M M 2 13 20 10
14 91 73 82 1 0 17 0.41 0.0 M 4.0 29 340 M M 4 13 35 340
15 90 73 82 1 0 17 0.56 0.0 M 3.9 20 10 M M 2 13 29 360
16 96 69 83 2 0 18 0.03 0.0 M 4.2 20 10 M M 1 13 28 20
17 93 69 81 0 0 16 0.00 0.0 M 6.0 16 340 M M 2 21 330
18 93 71 82 1 0 17 0.00 0.0 M 4.2 10 340 M M 0 15 340
19 92 73 83 2 0 18 0.00 0.0 M 6.3 14 350 M M 2 3 18 350
20 90 70 80 -1 0 15 0.00 0.0 M 4.8 18 150 M M 2 3 24 150
21 86 67 77 -4 0 12 T 0.0 M 2.1 12 40 M M 2 3 18 40
22 91 64 78 -3 0 13 0.00 0.0 M 3.5 10 100 M M 0 1 14 80
23 91 69 80 0 0 15 0.00 0.0 M 3.2 10 110 M M 1 1 15 80
24 90 73 82 2 0 17 T 0.0 M 6.1 14 60 M M 4 25 50
25 83 75 79 -1 0 14 3.30 0.0 M 5.8 14 200 M M 7 123 17 200
26 90 77 84 4 0 19 0.00 0.0 M 8.5 17 120 M M 5 1 28 140
27 86 77 82 2 0 17 0.82 0.0 M 15.0 32 180 M M 7 13 51 180
28 84 75 80 0 0 15 1.29 0.0 M 6.3 17 210 M M 7 13 22 220
29 91 74 83 3 0 18 1.12 0.0 M 4.7 23 150 M M 5 138 27 130
30 92 72 82 2 0 17 0.00 0.0 M 3.3 10 180 M M 2 1 14 210
31 94 77 86 6 0 21 0.03 0.0 M 5.3 20 210 M M 4 13 32 200
================================================================================
SM 2815 2218 0 511 7.73 0.0 138.4 M 68
================================================================================
AV 90.8 71.5 4.5 FASTST M M 2 MAX(MPH)
MISC ----> 32 180 51 180
================================================================================
NOTES:
# LAST OF SEVERAL OCCURRENCES
COLUMN 17 PEAK WIND IN M.P.H.
PRELIMINARY LOCAL CLIMATOLOGICAL DATA (WS FORM: F-6) , PAGE 2
STATION: MCCOMB
MONTH: AUGUST
YEAR: 2020
LATITUDE: 31 10 N
LONGITUDE: 90 28 W
[TEMPERATURE DATA] [PRECIPITATION DATA] SYMBOLS USED IN COLUMN 16
AVERAGE MONTHLY: 81.2 TOTAL FOR MONTH: 7.73 1 = FOG OR MIST
DPTR FM NORMAL: 0.5 DPTR FM NORMAL: 2.37 2 = FOG REDUCING VISIBILITY
HIGHEST: 96 ON 16 GRTST 24HR 3.30 ON 25-25 TO 1/4 MILE OR LESS
LOWEST: 64 ON 22 3 = THUNDER
SNOW, ICE PELLETS, HAIL 4 = ICE PELLETS
TOTAL MONTH: 0.0 INCH 5 = HAIL
GRTST 24HR 0.0 6 = FREEZING RAIN OR DRIZZLE
GRTST DEPTH: M ON M 7 = DUSTSTORM OR SANDSTORM:
VSBY 1/2 MILE OR LESS
8 = SMOKE OR HAZE
[NO. OF DAYS WITH] [WEATHER - DAYS WITH] 9 = BLOWING SNOW
X = TORNADO
MAX 32 OR BELOW: 0 0.01 INCH OR MORE: 11
MAX 90 OR ABOVE: 24 0.10 INCH OR MORE: 6
MIN 32 OR BELOW: 0 0.50 INCH OR MORE: 5
MIN 0 OR BELOW: 0 1.00 INCH OR MORE: 3
[HDD (BASE 65) ]
TOTAL THIS MO. 0 CLEAR (SCALE 0-3) 23
DPTR FM NORMAL 0 PTCLDY (SCALE 4-7) 8
TOTAL FM JUL 1 0 CLOUDY (SCALE 8-10) 0
DPTR FM NORMAL 0
[CDD (BASE 65) ]
TOTAL THIS MO. 511
DPTR FM NORMAL 26 [PRESSURE DATA]
TOTAL FM JAN 1 2021 HIGHEST SLP M ON M
DPTR FM NORMAL 254 LOWEST SLP 29.75 ON 27
[REMARKS]
#FINAL-08-20#