544
CXUS54 KLIX 010810
CF6MCB
PRELIMINARY LOCAL CLIMATOLOGICAL DATA (WS FORM: F-6)
STATION: MCCOMB
MONTH: JUNE
YEAR: 2020
LATITUDE: 31 10 N
LONGITUDE: 90 28 W
TEMPERATURE IN F: :PCPN: SNOW: WIND :SUNSHINE: SKY :PK WND
================================================================================
1 2 3 4 5 6A 6B 7 8 9 10 11 12 13 14 15 16 17 18
12Z AVG MX 2MIN
DY MAX MIN AVG DEP HDD CDD WTR SNW DPTH SPD SPD DIR MIN PSBL S-S WX SPD DR
================================================================================
1 88 68 78 2 0 13 0.00 M M 3.4 9 110 M M 0 14 100
2 90 71 81 4 0 16 0.00 M M 3.5 15 160 M M 1 13 21 150
3 90 70 80 3 0 15 0.71 M M 2.6 17 180 M M 5 138 22 190
4 90 68 79 2 0 14 0.00 M M 3.8 12 190 M M 4 12 15 180
5 92 69 81 4 0 16 0.02 0.0 M 2.6 20 20 M M 2 13 26 10
6 90 68 79 2 0 14 0.52 0.0 M 5.7 21 120 M M 2 1 31 120
7 81 74 78 0 0 13 1.61 0.0 M 9.9 18 30 M M 10 18 29 20
8 89 75 82 4 0 17 0.24 0.0 M 14.0 24 190 M M 9 1 33 180
9 91 77 84 6 0 19 0.02 0.0 M 10.4 21 180 M M 7 3 28 180
10 91 67 79 1 0 14 0.36 M M 6.0 13 270 M M 3 13 18 290
11 86 64 75 -3 0 10 0.00 M M 7.3 15 350 M M 1 22 330
12 87 66 77 -1 0 12 0.00 M M 7.8 16 350 M M 0 24 30
13 90 68 79 1 0 14 0.00 M M 6.1 14 20 M M 2 20 20
14 90 70 80 1 0 15 T M M 3.2 9 140 M M 4 3 13 100
15 93 67 80 1 0 15 0.00 M M 2.5 12 10 M M 0 16 20
16 90 64 77 -2 0 12 0.00 M M 4.3 15 350 M M 1 22 340
17 88 63 76 -3 0 11 0.00 M M 1.6 9 20 M M 1 12 30
18 90 64 77 -2 0 12 0.00 M M 1.0 7 200 M M 1 8 10 90
19 92 65 79 0 0 14 0.00 M M 1.8 9 160 M M 1 1 12 160
20 92 67 80 1 0 15 0.00 M M 3.4 13 180 M M 1 1 15 180
21 93 69 81 1 0 16 0.00 M M 4.6 20 180 M M 1 1 26 190
22 82 70 76 -4 0 11 0.51 M M 6.6 17 190 M M 4 13 25 170
23 91 68 80 0 0 15 1.63 M M 5.2 28 170 M M 4 123 36 170
24 82 71 77 -3 0 12 1.66 M M 4.1 17 160 M M 7 13 25 190
25 91 69 80 0 0 15 0.86 M M 4.7 31 220 M M 3 138 45 210
26 87 70 79 -1 0 14 0.00 0.0 M 4.1 12 160 M M 6 18 15 140
27 90 76 83 3 0 18 0.00 0.0 M 6.9 13 170 M M 5 17 190
28 92 75 84 4 0 19 0.00 M M 5.9 13 160 M M 5 1 17 200
29 92 74 83 3 0 18 0.10 M M 4.6 22 170 M M 3 13 33 170
30 90 74 82 2 0 17 T 0.0 M 3.4 9 200 M M 3 18 14 200
================================================================================
SM 2680 2081 0 436 8.24 0.0 151.0 M 96
================================================================================
AV 89.3 69.4 5.0 FASTST M M 3 MAX(MPH)
MISC ----> 31 220 45 210
================================================================================
NOTES:
# LAST OF SEVERAL OCCURRENCES
COLUMN 17 PEAK WIND IN M.P.H.
PRELIMINARY LOCAL CLIMATOLOGICAL DATA (WS FORM: F-6) , PAGE 2
STATION: MCCOMB
MONTH: JUNE
YEAR: 2020
LATITUDE: 31 10 N
LONGITUDE: 90 28 W
[TEMPERATURE DATA] [PRECIPITATION DATA] SYMBOLS USED IN COLUMN 16
AVERAGE MONTHLY: 79.4 TOTAL FOR MONTH: 8.24 1 = FOG OR MIST
DPTR FM NORMAL: 0.8 DPTR FM NORMAL: 2.99 2 = FOG REDUCING VISIBILITY
HIGHEST: 93 ON 21,15 GRTST 24HR 3.20 ON 23-24 TO 1/4 MILE OR LESS
LOWEST: 63 ON 17 3 = THUNDER
SNOW, ICE PELLETS, HAIL 4 = ICE PELLETS
TOTAL MONTH: 0.0 INCH 5 = HAIL
GRTST 24HR 0.0 6 = FREEZING RAIN OR DRIZZLE
GRTST DEPTH: M ON M 7 = DUSTSTORM OR SANDSTORM:
VSBY 1/2 MILE OR LESS
8 = SMOKE OR HAZE
[NO. OF DAYS WITH] [WEATHER - DAYS WITH] 9 = BLOWING SNOW
X = TORNADO
MAX 32 OR BELOW: 0 0.01 INCH OR MORE: 12
MAX 90 OR ABOVE: 21 0.10 INCH OR MORE: 10
MIN 32 OR BELOW: 0 0.50 INCH OR MORE: 7
MIN 0 OR BELOW: 0 1.00 INCH OR MORE: 3
[HDD (BASE 65) ]
TOTAL THIS MO. 0 CLEAR (SCALE 0-3) 16
DPTR FM NORMAL 0 PTCLDY (SCALE 4-7) 12
TOTAL FM JUL 1 1473 CLOUDY (SCALE 8-10) 2
DPTR FM NORMAL -558
[CDD (BASE 65) ]
TOTAL THIS MO. 436
DPTR FM NORMAL 26 [PRESSURE DATA]
TOTAL FM JAN 1 971 HIGHEST SLP M ON M
DPTR FM NORMAL 179 LOWEST SLP 29.36 ON 8
[REMARKS]
#FINAL-06-20#