000
CXUS56 KHNX 150659
CF6MCE
PRELIMINARY LOCAL CLIMATOLOGICAL DATA (WS FORM: F-6)
STATION: MERCED CA AIRPORT
MONTH: FEBRUARY
YEAR: 2023
LATITUDE: 37 16 N
LONGITUDE: 120 36 W
TEMPERATURE IN F: :PCPN: SNOW: WIND :SUNSHINE: SKY :PK WND
================================================================================
1 2 3 4 5 6A 6B 7 8 9 10 11 12 13 14 15 16 17 18
12Z AVG MX 2MIN
DY MAX MIN AVG DEP HDD CDD WTR SNW DPTH SPD SPD DIR MIN PSBL S-S WX SPD DR
================================================================================
1 59 31 45 -3 20 0 0.00 0.0 0 2.1 8 140 M M 0 18 10 150
2 58 30 44 -4 21 0 0.00 0.0 0 3.5 12 110 M M 0 18 14 120
3 62 40 51 3 14 0 0.00 0.0 0 4.3 10 110 M M 4 12 12 110
4 66 38 52 4 13 0 0.11 0.0 0 7.3 20 150 M M 9 128 25 150
5 60 41 51 2 14 0 0.44 0.0 0 5.5 14 350 M M 5 138 20 230
6 56 38 47 -2 18 0 0.00 0.0 0 6.3 13 350 M M 1 1 16 340
7 59 34 47 -2 18 0 0.00 0.0 0 2.8 7 230 M M 0 1 9 220
8 62 34 48 -1 17 0 0.00 0.0 0 1.1 6 270 M M 2 128 8 130
9 64 38 51 2 14 0 0.00 0.0 0 2.9 8 130 M M 0 18 10 80
10 66 37 52 2 13 0 0.00 0.0 0 5.6 20 320 M M 2 18 24 340
11 58 35 47 -3 18 0 0.00 0.0 0 5.3 14 340 M M 1 18 360
12 64 33 49 -1 16 0 0.00 0.0 0 4.7 14 330 M M 0 17 330
13 64 34 49 -1 16 0 0.00 0.0 0 5.6 15 130 M M 0 1 20 150
14 56 40 48 -2 17 0 0.01 0.0 0 15.9 29 340 M M 1 38 330
15 56 33 45 -6 20 0 0.00 0.0 0 6.7 16 330 M M 0 20 320
16 57 30 44 -7 21 0 0.00 0.0 0 4.6 12 130 M M 0 16 150
17 62 31 47 -4 18 0 0.00 0.0 0 4.5 13 320 M M 0 15 310
18 64 29 47 -4 18 0 0.00 0.0 0 2.3 7 360 M M 0 8 8 140
19 65 30 48 -3 17 0 0.00 0.0 0 1.9 7 310 M M 0 18 9 10
20 67 35 51 -1 14 0 0.00 0.0 0 2.6 9 130 M M 0 8 13 130
21 66 37 52 0 13 0 0.00 0.0 0 10.4 30 310 M M 2 8 40 310
22 54 30 42 -10 23 0 0.00 0.0 0 6.6 18 310 M M 2 24 300
23 52 32 42 -10 23 0 T 0.0 0 10.8 26 140 M M 6 32 130
24 50 41 46 -6 19 0 0.68 0.0 0 14.7 36 140 M M 9 1 48 150
25 46 37 42 -11 23 0 0.33 0.0 0 2.7 9 160 M M 8 1 12 180
26 53 42 48 -5 17 0 0.13 0.0 0 9.9 17 130 M M 10 1 23 140
27 52 37 45 -8 20 0 0.39 0.0 0 9.0 21 260 M M 7 13 30 270
28 49 37 43 -10 22 0 0.68 0.0 0 10.7 20 340 M M 9 1 24 130
================================================================================
SM 1647 984 497 0 2.77 0.0 170.3 M 78
================================================================================
AV 58.8 35.1 6.1 FASTST M M 3 MAX(MPH)
MISC ----> 36 140 48 150
================================================================================
NOTES:
# LAST OF SEVERAL OCCURRENCES
COLUMN 17 PEAK WIND IN M.P.H.
PRELIMINARY LOCAL CLIMATOLOGICAL DATA (WS FORM: F-6) , PAGE 2
STATION: MERCED CA AIRPORT
MONTH: FEBRUARY
YEAR: 2023
LATITUDE: 37 16 N
LONGITUDE: 120 36 W
[TEMPERATURE DATA] [PRECIPITATION DATA] SYMBOLS USED IN COLUMN 16
AVERAGE MONTHLY: 47.0 TOTAL FOR MONTH: 2.77 1 = FOG OR MIST
DPTR FM NORMAL: -3.5 DPTR FM NORMAL: 0.57 2 = FOG REDUCING VISIBILITY
HIGHEST: 67 ON 20 GRTST 24HR 0.95 ON 24-25 TO 1/4 MILE OR LESS
LOWEST: 29 ON 18 3 = THUNDER
SNOW, ICE PELLETS, HAIL 4 = ICE PELLETS
TOTAL MONTH: 0.0 INCH 5 = HAIL
GRTST 24HR 0.0 6 = FREEZING RAIN OR DRIZZLE
GRTST DEPTH: 0 7 = DUSTSTORM OR SANDSTORM:
VSBY 1/2 MILE OR LESS
8 = SMOKE OR HAZE
[NO. OF DAYS WITH] [WEATHER - DAYS WITH] 9 = BLOWING SNOW
X = TORNADO
MAX 32 OR BELOW: 0 0.01 INCH OR MORE: 8
MAX 90 OR ABOVE: 0 0.10 INCH OR MORE: 7
MIN 32 OR BELOW: 8 0.50 INCH OR MORE: 2
MIN 0 OR BELOW: 0 1.00 INCH OR MORE: 0
[HDD (BASE 65) ]
TOTAL THIS MO. 497 CLEAR (SCALE 0-3) 19
DPTR FM NORMAL 92 PTCLDY (SCALE 4-7) 4
TOTAL FM JUL 1 2086 CLOUDY (SCALE 8-10) 5
DPTR FM NORMAL 73
[CDD (BASE 65) ]
TOTAL THIS MO. 0
DPTR FM NORMAL 0 [PRESSURE DATA]
TOTAL FM JAN 1 0 HIGHEST SLP 30.42 ON 6
DPTR FM NORMAL 0 LOWEST SLP 29.61 ON 21
[REMARKS]
#FINAL-02-23#