000
CXAK56 PAFG 010949
CF6MCG
PRELIMINARY LOCAL CLIMATOLOGICAL DATA (WS FORM: F-6)
STATION: MCGRATH AK
MONTH: JULY
YEAR: 2023
LATITUDE: 62 57 N
LONGITUDE: 155 36 W
TEMPERATURE IN F: :PCPN: SNOW: WIND :SUNSHINE: SKY :PK WND
================================================================================
1 2 3 4 5 6A 6B 7 8 9 10 11 12 13 14 15 16 17 18
12Z AVG MX 2MIN
DY MAX MIN AVG DEP HDD CDD WTR SNW DPTH SPD SPD DIR MIN PSBL S-S WX SPD DR
================================================================================
1 76 46 61 -1 4 0 0.00 M M 4.2 14 80 M M 2 1 19 80
2 74 52 63 1 2 0 T M M 2.4 14 210 M M 3 19 210
3 69 47 58 -4 7 0 0.21 M M 4.4 25 210 M M 6 1 34 220
4 63 47 55 -7 10 0 0.02 M M 4.4 12 160 M M 6 16 170
5 60 50 55 -7 10 0 0.18 M M 2.0 7 350 M M 10 1 10 330
6 61 55 58 -4 7 0 0.20 M M 2.3 10 230 M M 10 1 14 230
7 56 50 53 -9 12 0 0.18 M M 5.4 12 200 M M 10 1 15 190
8 59 50 55 -7 10 0 0.20 M M 6.9 17 200 M M 10 1 22 210
9 62 50 56 -6 9 0 0.08 M M 3.6 13 190 M M 9 1 23 200
10 56 51 54 -8 11 0 0.21 M M 6.4 17 210 M M 10 1 23 210
11 64 52 58 -4 7 0 0.26 M M 2.0 9 20 M M 10 1 12 20
12 71 52 62 0 3 0 0.00 M M 2.7 8 280 M M 6 8 11 290
13 71 46 59 -2 6 0 T M M 2.9 14 240 M M 4 20 250
14 66 51 59 -2 6 0 T M M 10.5 17 220 M M 5 29 320
15 55 43 49 -12 16 0 0.92 M M 3.2 10 340 M M 7 1 14 350
16 66 53 60 -1 5 0 0.12 M M 4.6 12 210 M M 9 1 14 220
17 72 54 63 2 2 0 0.01 M M 3.0 12 30 M M 5 15 30
18 77 50 64 3 1 0 0.00 M M 2.8 12 330 M M 6 14 330
19 80 52 66 5 0 1 0.00 M M 2.0 8 350 M M 2 10 340
20 73 52 63 3 2 0 T M M 5.4 18 210 M M 2 23 210
21 74 56 65 5 0 0 0.00 M M 5.6 15 220 M M 2 21 210
22 78 49 64 4 1 0 0.00 M M 1.3 8 160 M M 2 10 150
23 83 52 68 8 0 3 0.00 M M 1.7 6 230 M M 1 8 230
24 81 59 70 10 0 5 0.00 M M 5.0 12 250 M M 4 16 250
25 77 59 68 8 0 3 T M M 2.8 9 220 M M 5 13 200
26 81 54 68 8 0 3 T M M 2.6 13 210 M M 4 17 250
27 67 59 63 4 2 0 0.01 M M 4.6 14 210 M M 9 19 210
28 64 57 61 2 4 0 0.17 M M 4.4 12 210 M M 10 1 17 180
29 69 56 63 4 2 0 0.09 M M 4.9 10 290 M M 9 17 320
30 72 48 60 1 5 0 0.00 M M 4.9 12 10 M M 5 16 20
31 74 55 65 6 0 0 0.00 M M 3.5 10 360 M M 9 13 350
================================================================================
SM 2151 1607 144 15 2.86 M 122.4 M 192
================================================================================
AV 69.4 51.8 3.9 FASTST M M 6 MAX(MPH)
MISC ----> 25 210 34 220
================================================================================
NOTES:
# LAST OF SEVERAL OCCURRENCES
COLUMN 17 PEAK WIND IN M.P.H.
PRELIMINARY LOCAL CLIMATOLOGICAL DATA (WS FORM: F-6) , PAGE 2
STATION: MCGRATH AK
MONTH: JULY
YEAR: 2023
LATITUDE: 62 57 N
LONGITUDE: 155 36 W
[TEMPERATURE DATA] [PRECIPITATION DATA] SYMBOLS USED IN COLUMN 16
AVERAGE MONTHLY: 60.6 TOTAL FOR MONTH: 2.86 1 = FOG OR MIST
DPTR FM NORMAL: -0.2 DPTR FM NORMAL: 0.36 2 = FOG REDUCING VISIBILITY
HIGHEST: 83 ON 23 GRTST 24HR 1.04 ON 15-16 TO 1/4 MILE OR LESS
LOWEST: 43 ON 15 3 = THUNDER
SNOW, ICE PELLETS, HAIL 4 = ICE PELLETS
TOTAL MONTH: M 5 = HAIL
GRTST 24HR M ON M 6 = FREEZING RAIN OR DRIZZLE
GRTST DEPTH: M ON M 7 = DUSTSTORM OR SANDSTORM:
VSBY 1/2 MILE OR LESS
8 = SMOKE OR HAZE
[NO. OF DAYS WITH] [WEATHER - DAYS WITH] 9 = BLOWING SNOW
X = TORNADO
MAX 32 OR BELOW: 0 0.01 INCH OR MORE: 15
MAX 90 OR ABOVE: 0 0.10 INCH OR MORE: 10
MIN 32 OR BELOW: 0 0.50 INCH OR MORE: 1
MIN 0 OR BELOW: 0 1.00 INCH OR MORE: 0
[HDD (BASE 65) ]
TOTAL THIS MO. 144 CLEAR (SCALE 0-3) 6
DPTR FM NORMAL -3 PTCLDY (SCALE 4-7) 13
TOTAL FM JUL 1 144 CLOUDY (SCALE 8-10) 12
DPTR FM NORMAL -4
[CDD (BASE 65) ]
TOTAL THIS MO. 15
DPTR FM NORMAL -2 [PRESSURE DATA]
TOTAL FM JAN 1 16 HIGHEST SLP M ON M
DPTR FM NORMAL -12 LOWEST SLP 29.69 ON 9
[REMARKS]
#FINAL-07-23#