000
CXUS53 KEAX 011924
CLMMCI
CLIMATE REPORT
NATIONAL WEATHER SERVICE KANSAS CITY/PLEASANT HILL MO
222 PM CDT SAT APR 01 2023
...................................
...THE KANSAS CITY INTERNATIONAL MO CLIMATE SUMMARY FOR THE MONTH OF MARCH 2023...
CLIMATE NORMAL PERIOD: 1991 TO 2020
CLIMATE RECORD PERIOD: 1888 TO 2023
WEATHER OBSERVED NORMAL DEPART LAST YEAR`S
VALUE DATE(S) VALUE FROM VALUE DATE(S)
NORMAL
................................................................
TEMPERATURE (F)
RECORD
HIGH 91 03/21/1907
LOW -10 03/04/1978
HIGHEST 79 03/31 78 1 84 03/02
LOWEST 14 03/19 14 0 6 03/12
AVG. MAXIMUM 51.9 55.4 -3.5 56.4
AVG. MINIMUM 32.3 33.6 -1.3 32.9
MEAN 42.1 44.5 -2.4 44.7
DAYS MAX >= 90 0 0.0 0.0 0
DAYS MAX <= 32 1 1.4 -0.4 2
DAYS MIN <= 32 13 13.9 -0.9 11
DAYS MIN <= 0 0 0.2 -0.2 0
PRECIPITATION (INCHES)
RECORD
MAXIMUM 9.08 1973
MINIMUM 0.08 1910
TOTALS 2.74 2.36 0.38 5.14
DAILY AVG. 0.09 0.08 0.01 0.17
DAYS >= .01 13 9.5 3.5 10
DAYS >= .10 8 5.2 2.8 7
DAYS >= .50 3 1.5 1.5 6
DAYS >= 1.00 0 0.4 -0.4 1
GREATEST
24 HR. TOTAL 0.61 03/24 TO 03/24
SNOWFALL (INCHES)
RECORDS
TOTAL 40.2 1912
TOTALS 0.3 1.7 -1.4 4.3
SINCE 7/1 9.0 17.9 -8.9 MM
SNOWDEPTH AVG. T 0
DAYS >= 1.0 0 0.5 -0.5 2
GREATEST
SNOW DEPTH MM 3 03/11
24 HR TOTAL MM
DEGREE DAYS
HEATING TOTAL 705 639 66 620
SINCE 7/1 4215 4624 -409 MM
COOLING TOTAL 0 4 -4 0
SINCE 1/1 0 4 -4 MM
................................................................
WIND (MPH)
AVERAGE WIND SPEED 11.9
HIGHEST WIND SPEED/DIRECTION 37/270 DATE 03/31
HIGHEST GUST SPEED/DIRECTION 59/270 DATE 03/31
SKY COVER
POSSIBLE SUNSHINE (PERCENT) MM
AVERAGE SKY COVER 0.67
NUMBER OF DAYS FAIR 4
NUMBER OF DAYS PC 14
NUMBER OF DAYS CLOUDY 13
AVERAGE RH (PERCENT) 69
WEATHER CONDITIONS. NUMBER OF DAYS WITH
THUNDERSTORM 1 MIXED PRECIP 0
HEAVY RAIN 0 RAIN 5
LIGHT RAIN 14 FREEZING RAIN 0
LT FREEZING RAIN 0 HAIL 0
HEAVY SNOW 0 SNOW 1
LIGHT SNOW 4 SLEET 0
FOG 16 FOG W/VIS <= 1/4 MILE 2
HAZE 6
- INDICATES NEGATIVE NUMBERS.
R INDICATES RECORD WAS SET OR TIED.
MM INDICATES DATA IS MISSING.
T INDICATES TRACE AMOUNT.
$$