000
CXUS52 KFFC 011010
CF6MCN
PRELIMINARY LOCAL CLIMATOLOGICAL DATA (WS FORM: F-6)
STATION: MACON
MONTH: MARCH
YEAR: 2023
LATITUDE: 32 42 N
LONGITUDE: 83 39 W
TEMPERATURE IN F: :PCPN: SNOW: WIND :SUNSHINE: SKY :PK WND
================================================================================
1 2 3 4 5 6A 6B 7 8 9 10 11 12 13 14 15 16 17 18
12Z AVG MX 2MIN
DY MAX MIN AVG DEP HDD CDD WTR SNW DPTH SPD SPD DIR MIN PSBL S-S WX SPD DR
================================================================================
1 80 56 68 14 0 3 0.00 0.0 M 7.1 13 230 M M 8 18 240
2 74 63 69 14 0 4 0.17 0.0 M 8.0 21 340 M M 7 1 30 320
3 81 60 71 16 0 6 0.01 0.0 M 12.1 28 210 M M 9 41 190
4 79 51 65 10 0 0 0.00 0.0 M 6.3 17 280 M M 0 1 24 290
5 79 42 61 6 4 0 0.00 0.0 M 3.0 12 80 M M 0 8 15 80
6 82 49 66 10 0 1 0.00 0.0 M 2.0 13 200 M M 2 1 17 190
7 86 57 72 16 0 7 0.00 0.0 M 9.0 17 290 M M 2 1 24 320
8 71 45 58 2 7 0 0.00 0.0 M 7.8 18 90 M M 0 26 80
9 65 48 57 1 8 0 1.00 M M 4.9 17 360 M M 10 13 23 10
10 66 50 58 2 7 0 0.80 M M 5.7 16 300 M M 7 13 25 340
11 72 41 57 0 8 0 0.00 0.0 M 4.7 12 330 M M 0 22 320
12 64 51 58 1 7 0 1.03 0.0 M 5.9 28 10 M M 9 13 34 20
13 65 46 56 -1 9 0 0.00 0.0 M 9.6 18 320 M M 4 26 310
14 59 34 47 -10 18 0 0.00 0.0 M 8.8 21 340 M M 0 29 340
15 63 28 46 -12 19 0 0.00 0.0 M 2.2 10 90 M M 0 17 90
16 71 30 51 -7 14 0 0.00 0.0 M 4.4 13 190 M M 0 18 19 200
17 75 45 60 2 5 0 0.48 M M 7.2 23 290 M M 6 1 34 290
18 56 41 49 -9 16 0 0.00 0.0 M 10.0 17 320 M M 6 25 340
19 54 36 45 -13 20 0 0.00 0.0 M 9.1 20 350 M M 0 27 340
20 59 27 43 -16 22 0 0.00 0.0 M 5.2 15 20 M M 0 23 10
21 66 28 47 -12 18 0 0.00 0.0 M 3.0 15 110 M M 0 18 19 110
22 78 42 60 1 5 0 0.00 0.0 M 1.8 10 170 M M 4 1 15 300
23 82 48 65 6 0 0 0.00 0.0 M 4.8 20 240 M M 1 18 26 250
24 82 51 67 7 0 2 0.00 0.0 M 7.2 17 220 M M 0 1 25 220
25 81 60 71 11 0 6 0.18 0.0 M 8.3 22 340 M M 5 13 28 340
26 78 67 73 13 0 8 0.04 0.0 M 5.6 15 350 M M 6 13 20 230
27 73 63 68 8 0 3 1.77 0.0 M 5.5 20 10 M M 7 123 25 240
28 73 59 66 6 0 1 0.00 0.0 M 3.8 16 360 M M 5 128 24 350
29 68 45 57 -3 8 0 0.00 0.0 M 6.0 17 350 M M 0 24 340
30 75 39 57 -4 8 0 0.00 0.0 M 2.7 13 120 M M 1 12 17 160
31 81 49 65 4 0 0 0.00 0.0 M 8.1 18 170 M M 1 27 170
================================================================================
SM 2238 1451 203 41 5.48 0.0 189.8 M 100
================================================================================
AV 72.2 46.8 6.1 FASTST M M 3 MAX(MPH)
MISC ----> # 28 210 41 190
================================================================================
NOTES:
# LAST OF SEVERAL OCCURRENCES
COLUMN 17 PEAK WIND IN M.P.H.
PRELIMINARY LOCAL CLIMATOLOGICAL DATA (WS FORM: F-6) , PAGE 2
STATION: MACON
MONTH: MARCH
YEAR: 2023
LATITUDE: 32 42 N
LONGITUDE: 83 39 W
[TEMPERATURE DATA] [PRECIPITATION DATA] SYMBOLS USED IN COLUMN 16
AVERAGE MONTHLY: 59.5 TOTAL FOR MONTH: 5.48 1 = FOG OR MIST
DPTR FM NORMAL: 1.8 DPTR FM NORMAL: 1.17 2 = FOG REDUCING VISIBILITY
HIGHEST: 86 ON 7 GRTST 24HR 1.81 ON 26-27 TO 1/4 MILE OR LESS
LOWEST: 27 ON 20 3 = THUNDER
SNOW, ICE PELLETS, HAIL 4 = ICE PELLETS
TOTAL MONTH: 0.0 INCH 5 = HAIL
GRTST 24HR 0.0 6 = FREEZING RAIN OR DRIZZLE
GRTST DEPTH: M ON M 7 = DUSTSTORM OR SANDSTORM:
VSBY 1/2 MILE OR LESS
8 = SMOKE OR HAZE
[NO. OF DAYS WITH] [WEATHER - DAYS WITH] 9 = BLOWING SNOW
X = TORNADO
MAX 32 OR BELOW: 0 0.01 INCH OR MORE: 9
MAX 90 OR ABOVE: 0 0.10 INCH OR MORE: 7
MIN 32 OR BELOW: 4 0.50 INCH OR MORE: 4
MIN 0 OR BELOW: 0 1.00 INCH OR MORE: 3
[HDD (BASE 65) ]
TOTAL THIS MO. 203 CLEAR (SCALE 0-3) 17
DPTR FM NORMAL -46 PTCLDY (SCALE 4-7) 10
TOTAL FM JUL 1 1581 CLOUDY (SCALE 8-10) 4
DPTR FM NORMAL -459
[CDD (BASE 65) ]
TOTAL THIS MO. 41
DPTR FM NORMAL 17 [PRESSURE DATA]
TOTAL FM JAN 1 98 HIGHEST SLP 30.42 ON 21
DPTR FM NORMAL 67 LOWEST SLP 29.51 ON 3
[REMARKS]
#FINAL-03-23#