000
CXUS52 KFFC 011010
CF6MCN
PRELIMINARY LOCAL CLIMATOLOGICAL DATA (WS FORM: F-6)
STATION: MACON
MONTH: OCTOBER
YEAR: 2023
LATITUDE: 32 42 N
LONGITUDE: 83 39 W
TEMPERATURE IN F: :PCPN: SNOW: WIND :SUNSHINE: SKY :PK WND
================================================================================
1 2 3 4 5 6A 6B 7 8 9 10 11 12 13 14 15 16 17 18
12Z AVG MX 2MIN
DY MAX MIN AVG DEP HDD CDD WTR SNW DPTH SPD SPD DIR MIN PSBL S-S WX SPD DR
================================================================================
1 87 60 74 2 0 9 0.00 0.0 M 6.6 20 60 M M 0 12 27 90
2 87 55 71 0 0 6 0.00 0.0 M 5.1 16 100 M M 0 18 23 100
3 88 54 71 0 0 6 0.00 0.0 M 4.8 16 60 M M 0 1 21 80
4 88 56 72 1 0 7 0.00 0.0 M 4.6 18 100 M M 0 1 25 50
5 86 55 71 1 0 6 0.00 0.0 M 3.6 13 50 M M 0 1 19 110
6 90 62 76 6 0 11 0.01 0.0 M 3.0 12 320 M M 4 1 16 330
7 79 48 64 -6 1 0 0.04 M M 9.6 22 320 M M 1 1 33 340
8 74 40 57 -12 8 0 0.00 0.0 M 5.0 14 320 M M 0 22 290
9 80 38 59 -10 6 0 0.00 0.0 M 3.5 14 240 M M 0 1 21 260
10 84 45 65 -3 0 0 0.00 0.0 M 3.6 15 270 M M 0 19 250
11 73 57 65 -3 0 0 0.83 0.0 M 2.4 13 100 M M 4 19 80
12 65 60 63 -5 2 0 1.97 0.0 M 12.1 21 80 M M 10 1 28 60
13 71 62 67 0 0 2 0.34 0.0 M 6.4 14 70 M M 10 18 18 60
14 79 60 70 3 0 5 0.00 0.0 M 8.1 23 260 M M 6 1 31 250
15 72 53 63 -3 2 0 0.00 0.0 M 9.7 17 300 M M 4 27 330
16 67 46 57 -9 8 0 0.00 0.0 M 8.5 21 350 M M 4 29 330
17 71 41 56 -10 9 0 0.00 0.0 M 2.0 10 290 M M 0 14 300
18 74 42 58 -7 7 0 0.00 0.0 M 0.7 10 100 M M 0 14 160
19 77 44 61 -4 4 0 0.00 0.0 M 1.8 12 190 M M 1 14 180
20 82 53 68 4 0 3 0.01 0.0 M 8.0 26 260 M M 3 37 270
21 79 47 63 -1 2 0 0.00 0.0 M 7.6 16 310 M M 0 23 300
22 85 49 67 3 0 2 0.00 0.0 M 6.6 17 340 M M 0 26 340
23 78 42 60 -3 5 0 0.00 0.0 M 5.0 13 80 M M 0 17 90
24 77 44 61 -2 4 0 0.00 0.0 M 3.8 13 70 M M 0 19 50
25 83 49 66 3 0 1 0.00 0.0 M 4.6 16 110 M M 6 20 110
26 83 55 69 7 0 4 0.00 0.0 M 2.8 14 110 M M 3 1 19 110
27 81 53 67 5 0 2 0.00 0.0 M 1.7 8 120 M M 5 18 12 140
28 84 52 68 6 0 3 0.00 0.0 M 1.6 9 210 M M 1 1 13 210
29 85 54 70 9 0 5 0.00 0.0 M 1.7 9 260 M M 1 1 16 200
30 86 54 70 9 0 5 0.00 0.0 M 4.1 15 250 M M 1 12 23 290
31 64 51 58 -2 7 0 0.00 0.0 M 8.3 21 340 M M 5 32 360
================================================================================
SM 2459 1581 65 77 3.20 0.0 156.9 M 69
================================================================================
AV 79.3 51.0 5.1 FASTST M M 2 MAX(MPH)
MISC ----> 26 260 37 270
================================================================================
NOTES:
# LAST OF SEVERAL OCCURRENCES
COLUMN 17 PEAK WIND IN M.P.H.
PRELIMINARY LOCAL CLIMATOLOGICAL DATA (WS FORM: F-6) , PAGE 2
STATION: MACON
MONTH: OCTOBER
YEAR: 2023
LATITUDE: 32 42 N
LONGITUDE: 83 39 W
[TEMPERATURE DATA] [PRECIPITATION DATA] SYMBOLS USED IN COLUMN 16
AVERAGE MONTHLY: 65.2 TOTAL FOR MONTH: 3.20 1 = FOG OR MIST
DPTR FM NORMAL: -0.8 DPTR FM NORMAL: 0.57 2 = FOG REDUCING VISIBILITY
HIGHEST: 90 ON 6 GRTST 24HR 2.80 ON 11-12 TO 1/4 MILE OR LESS
LOWEST: 38 ON 9 3 = THUNDER
SNOW, ICE PELLETS, HAIL 4 = ICE PELLETS
TOTAL MONTH: 0.0 INCH 5 = HAIL
GRTST 24HR 0.0 6 = FREEZING RAIN OR DRIZZLE
GRTST DEPTH: M ON M 7 = DUSTSTORM OR SANDSTORM:
VSBY 1/2 MILE OR LESS
8 = SMOKE OR HAZE
[NO. OF DAYS WITH] [WEATHER - DAYS WITH] 9 = BLOWING SNOW
X = TORNADO
MAX 32 OR BELOW: 0 0.01 INCH OR MORE: 6
MAX 90 OR ABOVE: 1 0.10 INCH OR MORE: 3
MIN 32 OR BELOW: 0 0.50 INCH OR MORE: 2
MIN 0 OR BELOW: 0 1.00 INCH OR MORE: 1
[HDD (BASE 65) ]
TOTAL THIS MO. 65 CLEAR (SCALE 0-3) 21
DPTR FM NORMAL -14 PTCLDY (SCALE 4-7) 8
TOTAL FM JUL 1 65 CLOUDY (SCALE 8-10) 2
DPTR FM NORMAL -17
[CDD (BASE 65) ]
TOTAL THIS MO. 77
DPTR FM NORMAL -35 [PRESSURE DATA]
TOTAL FM JAN 1 2279 HIGHEST SLP 30.36 ON 24
DPTR FM NORMAL -23 LOWEST SLP 29.66 ON 20
[REMARKS]
#FINAL-10-23#