000
CXUS52 KMLB 010723
CF6MCO
PRELIMINARY LOCAL CLIMATOLOGICAL DATA (WS FORM: F-6)
STATION: ORLANDO INTL
MONTH: JANUARY
YEAR: 2022
LATITUDE: 28 25 N
LONGITUDE: 81 19 W
TEMPERATURE IN F: :PCPN: SNOW: WIND :SUNSHINE: SKY :PK WND
================================================================================
1 2 3 4 5 6A 6B 7 8 9 10 11 12 13 14 15 16 17 18
12Z AVG MX 2MIN
DY MAX MIN AVG DEP HDD CDD WTR SNW DPTH SPD SPD DIR MIN PSBL S-S WX SPD DR
================================================================================
1 84 65 75 14 0 10 0.00 0.0 0 7.5 17 200 M M 1 18 23 200
2 84 65 75 14 0 10 0.00 0.0 0 9.3 17 220 M M 3 21 220
3 72 53 63 2 2 0 0.01 0.0 0 11.7 24 280 M M 3 1 32 270
4 76 50 63 2 2 0 0.00 0.0 0 9.0 16 80 M M 4 20 70
5 78 58 68 7 0 3 0.00 0.0 0 5.0 15 300 M M 6 22 260
6 75 55 65 5 0 0 T 0.0 0 4.6 10 210 M M 6 13 330
7 78 57 68 8 0 3 T 0.0 0 8.2 17 60 M M 5 21 70
8 80 54 67 7 0 2 0.00 0.0 0 8.2 18 70 M M 3 23 60
9 83 62 73 13 0 8 0.00 0.0 0 6.9 17 110 M M 5 22 120
10 80 60 70 10 0 5 0.00 0.0 0 8.7 20 10 M M 7 13 24 20
11 73 53 63 3 2 0 0.00 0.0 0 12.6 21 40 M M 3 26 10
12 75 53 64 4 1 0 0.00 0.0 0 7.9 16 50 M M 5 21 50
13 74 55 65 5 0 0 T 0.0 0 8.1 17 280 M M 4 27 250
14 68 51 60 0 5 0 0.00 0.0 0 7.9 16 320 M M 2 21 260
15 73 43 58 -2 7 0 0.00 0.0 0 4.6 14 120 M M 3 1 18 120
16 69 60 65 5 0 0 0.46 0.0 0 16.3 26 160 M M 8 1 37 170
17 63 50 57 -3 8 0 0.00 0.0 0 12.2 24 270 M M 4 34 270
18 64 40 52 -8 13 0 0.00 0.0 0 6.9 17 340 M M 0 22 340
19 75 46 61 1 4 0 0.00 0.0 0 5.8 12 110 M M 2 19 100
20 80 50 65 5 0 0 0.00 0.0 0 5.0 17 230 M M 4 18 21 230
21 78 55 67 7 0 2 0.00 0.0 0 5.8 18 10 M M 8 22 20
22 58 47 53 -8 12 0 0.05 0.0 0 11.8 20 360 M M 10 1 23 360
23 53 39 46 -15 19 0 0.00 0.0 0 8.9 14 270 M M 7 1 17 360
24 63 36 50 -11 15 0 0.00 0.0 0 4.3 14 330 M M 4 17 330
25 55 49 52 -9 13 0 0.12 0.0 0 5.3 12 140 M M 9 1 16 150
26 63 52 58 -3 7 0 0.20 0.0 0 9.8 17 20 M M 10 1 22 10
27 71 58 65 4 0 0 T 0.0 0 13.1 21 350 M M 10 27 10
28 73 55 64 3 1 0 0.08 0.0 0 10.6 20 310 M M 9 1 25 300
29 57 40 49 -12 16 0 0.00 0.0 0 15.7 30 310 M M 1 43 300
30 59 33 46 -15 19 0 0.00 0.0 0 5.9 17 350 M M 0 22 360
31 70 33 52 -10 13 0 0.00 0.0 0 3.6 10 280 M M 1 13 310
================================================================================
SM 2204 1577 159 43 0.92 0.0 261.2 M 147
================================================================================
AV 71.1 50.9 8.4 FASTST M M 5 MAX(MPH)
MISC ----> 30 310 43 300
================================================================================
NOTES:
# LAST OF SEVERAL OCCURRENCES
COLUMN 17 PEAK WIND IN M.P.H.
PRELIMINARY LOCAL CLIMATOLOGICAL DATA (WS FORM: F-6) , PAGE 2
STATION: ORLANDO INTL
MONTH: JANUARY
YEAR: 2022
LATITUDE: 28 25 N
LONGITUDE: 81 19 W
[TEMPERATURE DATA] [PRECIPITATION DATA] SYMBOLS USED IN COLUMN 16
AVERAGE MONTHLY: 61.0 TOTAL FOR MONTH: 0.92 1 = FOG OR MIST
DPTR FM NORMAL: 0.4 DPTR FM NORMAL: -1.56 2 = FOG REDUCING VISIBILITY
HIGHEST: 84 ON 2, 1 GRTST 24HR 0.46 ON 16-16 TO 1/4 MILE OR LESS
LOWEST: 33 ON 31,30 3 = THUNDER
SNOW, ICE PELLETS, HAIL 4 = ICE PELLETS
TOTAL MONTH: 0.0 INCH 5 = HAIL
GRTST 24HR 0.0 6 = FREEZING RAIN OR DRIZZLE
GRTST DEPTH: 0 7 = DUSTSTORM OR SANDSTORM:
VSBY 1/2 MILE OR LESS
8 = SMOKE OR HAZE
[NO. OF DAYS WITH] [WEATHER - DAYS WITH] 9 = BLOWING SNOW
X = TORNADO
MAX 32 OR BELOW: 0 0.01 INCH OR MORE: 6
MAX 90 OR ABOVE: 0 0.10 INCH OR MORE: 3
MIN 32 OR BELOW: 0 0.50 INCH OR MORE: 0
MIN 0 OR BELOW: 0 1.00 INCH OR MORE: 0
[HDD (BASE 65) ]
TOTAL THIS MO. 159 CLEAR (SCALE 0-3) 11
DPTR FM NORMAL -21 PTCLDY (SCALE 4-7) 15
TOTAL FM JUL 1 207 CLOUDY (SCALE 8-10) 5
DPTR FM NORMAL -149
[CDD (BASE 65) ]
TOTAL THIS MO. 43
DPTR FM NORMAL -3 [PRESSURE DATA]
TOTAL FM JAN 1 43 HIGHEST SLP 30.40 ON 8
DPTR FM NORMAL -3 LOWEST SLP 29.72 ON 16
[REMARKS]
#FINAL-01-22#