000
CXUS53 KDMX 052300
CF6MCW
PRELIMINARY LOCAL CLIMATOLOGICAL DATA (WS FORM: F-6)
STATION: MASON CITY IA
MONTH: NOVEMBER
YEAR: 2020
LATITUDE: 43 9 N
LONGITUDE: 93 20 W
TEMPERATURE IN F: :PCPN: SNOW: WIND :SUNSHINE: SKY :PK WND
================================================================================
1 2 3 4 5 6A 6B 7 8 9 10 11 12 13 14 15 16 17 18
12Z AVG MX 2MIN
DY MAX MIN AVG DEP HDD CDD WTR SNW DPTH SPD SPD DIR MIN PSBL S-S WX SPD DR
================================================================================
1 40 19 30 -12 35 0 0.00 0.0 0 16.6 30 320 M M 0 41 300
2 61 19 40 -1 25 0 0.00 0.0 0 11.9 22 250 M M 0 8 30 240
3 77 33 55 14 10 0 0.00 0.0 0 11.4 23 210 M M 0 29 200
4 73 37 55 15 10 0 0.00 0.0 0 7.3 16 240 M M 0 8 23 240
5 73 40 57 17 8 0 0.00 0.0 0 6.8 14 250 M M 0 8 18 320
6 74 39 57 18 8 0 0.00 0.0 0 11.8 23 200 M M 0 31 200
7 71 52 62 23 3 0 0.00 0.0 0 17.2 29 180 M M 0 40 170
8 73 50 62 24 3 0 0.00 0.0 0 18.4 35 170 M M 1 48 180
9 68 32 50 12 15 0 0.91 0.0 0 16.4 24 330 M M 8 136 37 180
10 33 26 30 -7 35 0 0.76 T T 16.4 31 290 M M 10 136 40 300
11 44 22 33 -3 32 0 0.00 0.0 T 9.9 18 270 M M 1 22 200
12 41 18 30 -6 35 0 T T 0 10.3 21 330 M M 4 1 26 330
13 38 13 26 -9 39 0 0.00 0.0 0 10.4 20 170 M M 0 27 160
14 46 28 37 2 28 0 0.02 0.0 0 13.8 23 150 M M 8 128 31 140
15 38 25 32 -2 33 0 T T 0 20.3 36 290 M M 7 47 290
16 48 20 34 1 31 0 0.00 0.0 0 14.3 32 290 M M 3 43 310
17 37 15 26 -7 39 0 0.00 0.0 0 8.8 17 160 M M 3 25 160
18 59 29 44 12 21 0 0.00 0.0 0 17.8 29 170 M M 0 37 170
19 62 40 51 19 14 0 0.00 0.0 0 12.5 23 210 M M 0 32 210
20 45 25 35 4 30 0 0.00 0.0 0 10.6 20 330 M M 2 1 24 330
21 42 17 30 0 35 0 0.00 0.0 0 3.4 9 350 M M 0 1 10 350
22 47 26 37 7 28 0 T 0.0 0 11.2 26 310 M M 4 1 32 310
23 39 16 28 -1 37 0 0.00 0.0 0 7.9 16 150 M M 3 1 21 150
24 37 32 35 6 30 0 0.70 0.7 T 10.0 21 150 M M 10 12 29 140
25 38 33 36 8 29 0 0.00 0.0 0 9.0 17 10 M M 10 1 23 30
26 39 26 33 5 32 0 0.00 0.0 0 11.3 18 210 M M M 1 23 200
27 37 24 31 4 34 0 0.00 0.0 0 9.7 20 310 M M 1 1 25 290
28 50 30 40 14 25 0 0.00 0.0 0 10.6 16 220 M M 0 22 240
29 38 21 30 4 35 0 0.00 0.0 0 20.1 35 330 M M 5 49 340
30 31 13 22 -3 43 0 0.00 0.0 0 8.5 21 350 M M 3 26 340
================================================================================
SM 1499 820 782 0 2.39 0.7 364.6 M 83
================================================================================
AV 50.0 27.3 12.2 FASTST M M 3 MAX(MPH)
MISC ----> 36 290 49 340
================================================================================
NOTES:
# LAST OF SEVERAL OCCURRENCES
COLUMN 17 PEAK WIND IN M.P.H.
PRELIMINARY LOCAL CLIMATOLOGICAL DATA (WS FORM: F-6) , PAGE 2
STATION: MASON CITY IA
MONTH: NOVEMBER
YEAR: 2020
LATITUDE: 43 9 N
LONGITUDE: 93 20 W
[TEMPERATURE DATA] [PRECIPITATION DATA] SYMBOLS USED IN COLUMN 16
AVERAGE MONTHLY: 38.7 TOTAL FOR MONTH: 2.39 1 = FOG OR MIST
DPTR FM NORMAL: 5.1 DPTR FM NORMAL: 0.51 2 = FOG REDUCING VISIBILITY
HIGHEST: 77 ON 3 GRTST 24HR 1.66 ON 9-10 TO 1/4 MILE OR LESS
LOWEST: 13 ON 30,13 3 = THUNDER
SNOW, ICE PELLETS, HAIL 4 = ICE PELLETS
TOTAL MONTH: 0.7 INCH 5 = HAIL
GRTST 24HR 0.7 ON 24-24 6 = FREEZING RAIN OR DRIZZLE
GRTST DEPTH: T 7 = DUSTSTORM OR SANDSTORM:
VSBY 1/2 MILE OR LESS
8 = SMOKE OR HAZE
[NO. OF DAYS WITH] [WEATHER - DAYS WITH] 9 = BLOWING SNOW
X = TORNADO
MAX 32 OR BELOW: 1 0.01 INCH OR MORE: 4
MAX 90 OR ABOVE: 0 0.10 INCH OR MORE: 3
MIN 32 OR BELOW: 22 0.50 INCH OR MORE: 3
MIN 0 OR BELOW: 0 1.00 INCH OR MORE: 0
[HDD (BASE 65) ]
TOTAL THIS MO. 782 CLEAR (SCALE 0-3) 19
DPTR FM NORMAL -160 PTCLDY (SCALE 4-7) 6
TOTAL FM JUL 1 1660 CLOUDY (SCALE 8-10) 5
DPTR FM NORMAL -20
[CDD (BASE 65) ]
TOTAL THIS MO. 0
DPTR FM NORMAL 0 [PRESSURE DATA]
TOTAL FM JAN 1 748 HIGHEST SLP 30.61 ON 21
DPTR FM NORMAL 132 LOWEST SLP 29.40 ON 14
[REMARKS]
#FINAL-11-20#