000
CXUS51 KCTP 010900
CF6MDT
PRELIMINARY LOCAL CLIMATOLOGICAL DATA (WS FORM: F-6)
STATION: HARRISBURG PA
MONTH: NOVEMBER
YEAR: 2022
LATITUDE: 40 11 N
LONGITUDE: 76 46 W
TEMPERATURE IN F: :PCPN: SNOW: WIND :SUNSHINE: SKY :PK WND
================================================================================
1 2 3 4 5 6A 6B 7 8 9 10 11 12 13 14 15 16 17 18
12Z AVG MX 2MIN
DY MAX MIN AVG DEP HDD CDD WTR SNW DPTH SPD SPD DIR MIN PSBL S-S WX SPD DR
================================================================================
1 72 55 64 14 1 0 0.03 0.0 0 6.4 17 310 M M 7 18 22 320
2 70 48 59 9 6 0 0.00 0.0 0 3.5 13 320 M M 4 15 110
3 69 43 56 7 9 0 0.00 0.0 0 3.0 10 140 M M 1 18 14 140
4 73 44 59 10 6 0 0.00 0.0 0 4.1 14 180 M M 5 1 19 170
5 77 57 67 19 0 2 T 0.0 0 8.8 21 170 M M 8 26 160
6 74 64 69 21 0 4 0.01 0.0 0 9.1 17 200 M M 9 1 28 170
7 76 50 63 15 2 0 0.00 0.0 0 7.8 18 310 M M 3 23 310
8 59 39 49 2 16 0 0.00 0.0 0 6.0 15 330 M M 3 22 20
9 56 33 45 -2 20 0 0.00 0.0 0 2.3 8 120 M M 1 8 120
10 66 37 52 5 13 0 0.00 0.0 0 1.2 7 140 M M 3 7 140
11 71 53 62 16 3 0 1.00 0.0 0 5.9 21 160 M M 10 12 29 150
12 69 50 60 14 5 0 0.22 0.0 0 11.9 22 300 M M 8 1 32 300
13 51 39 45 -1 20 0 0.00 0.0 0 15.6 25 300 M M 6 39 310
14 44 31 38 -7 27 0 0.00 0.0 0 7.5 14 360 M M 5 22 360
15 40 27 34 -11 31 0 0.72 T 0 2.8 10 90 M M 7 1 13 110
16 47 35 41 -4 24 0 0.01 0.0 0 12.1 23 290 M M 10 1 27 300
17 43 34 39 -5 26 0 T T 0 14.0 26 290 M M 7 33 280
18 44 33 39 -5 26 0 T 0.0 0 13.5 25 280 M M 6 35 270
19 41 26 34 -10 31 0 0.00 0.0 0 7.7 18 290 M M 2 23 280
20 37 24 31 -12 34 0 0.00 0.0 0 15.1 31 290 M M 2 42 270
21 45 20 33 -10 32 0 0.00 0.0 0 5.8 17 190 M M 0 24 200
22 54 24 39 -4 26 0 0.00 0.0 0 1.5 9 100 M M 0 11 250
23 59 25 42 0 23 0 0.00 0.0 0 1.5 12 300 M M 0 13 300
24 56 25 41 -1 24 0 0.00 0.0 0 3.2 10 120 M M 4 1 14 150
25 56 35 46 4 19 0 0.02 0.0 0 8.8 29 310 M M 7 18 35 300
26 58 32 45 4 20 0 0.00 0.0 0 5.0 18 340 M M 1 24 310
27 48 34 41 0 24 0 0.32 0.0 0 3.2 14 310 M M 9 12 16 310
28 55 40 48 7 17 0 T 0.0 0 9.1 25 310 M M 9 1 33 320
29 47 33 40 0 25 0 0.00 0.0 0 5.7 13 150 M M 9 15 140
30 55 37 46 6 19 0 0.41 0.0 0 15.0 31 280 M M 8 1 43 270
================================================================================
SM 1712 1127 529 6 2.74 T 217.1 M 154
================================================================================
AV 57.1 37.6 7.2 FASTST M M 5 MAX(MPH)
MISC ----> # 31 290 43 270
================================================================================
NOTES:
# LAST OF SEVERAL OCCURRENCES
COLUMN 17 PEAK WIND IN M.P.H.
PRELIMINARY LOCAL CLIMATOLOGICAL DATA (WS FORM: F-6) , PAGE 2
STATION: HARRISBURG PA
MONTH: NOVEMBER
YEAR: 2022
LATITUDE: 40 11 N
LONGITUDE: 76 46 W
[TEMPERATURE DATA] [PRECIPITATION DATA] SYMBOLS USED IN COLUMN 16
AVERAGE MONTHLY: 47.3 TOTAL FOR MONTH: 2.74 1 = FOG OR MIST
DPTR FM NORMAL: 2.5 DPTR FM NORMAL: -0.23 2 = FOG REDUCING VISIBILITY
HIGHEST: 77 ON 5 GRTST 24HR 1.21 ON 11-12 TO 1/4 MILE OR LESS
LOWEST: 20 ON 21 3 = THUNDER
SNOW, ICE PELLETS, HAIL 4 = ICE PELLETS
TOTAL MONTH: T 5 = HAIL
GRTST 24HR T ON 15-15 6 = FREEZING RAIN OR DRIZZLE
GRTST DEPTH: 0 7 = DUSTSTORM OR SANDSTORM:
VSBY 1/2 MILE OR LESS
8 = SMOKE OR HAZE
[NO. OF DAYS WITH] [WEATHER - DAYS WITH] 9 = BLOWING SNOW
X = TORNADO
MAX 32 OR BELOW: 0 0.01 INCH OR MORE: 9
MAX 90 OR ABOVE: 0 0.10 INCH OR MORE: 5
MIN 32 OR BELOW: 9 0.50 INCH OR MORE: 2
MIN 0 OR BELOW: 0 1.00 INCH OR MORE: 1
[HDD (BASE 65) ]
TOTAL THIS MO. 529 CLEAR (SCALE 0-3) 9
DPTR FM NORMAL -76 PTCLDY (SCALE 4-7) 14
TOTAL FM JUL 1 894 CLOUDY (SCALE 8-10) 7
DPTR FM NORMAL -59
[CDD (BASE 65) ]
TOTAL THIS MO. 6
DPTR FM NORMAL 6 [PRESSURE DATA]
TOTAL FM JAN 1 1360 HIGHEST SLP M ON M
DPTR FM NORMAL 188 LOWEST SLP 29.39 ON 12
[REMARKS]
#FINAL-11-22#