000
CXUS54 KMEG 041341
CF6MEG
PRELIMINARY LOCAL CLIMATOLOGICAL DATA (WS FORM: F-6)
STATION: MEMPHIS/GERMANTOWN WFO
MONTH: AUGUST
YEAR: 2022
LATITUDE: 35 7 N
LONGITUDE: 89 48 W
TEMPERATURE IN F: :PCPN: SNOW: WIND :SUNSHINE: SKY :PK WND
================================================================================
1 2 3 4 5 6A 6B 7 8 9 10 11 12 13 14 15 16 17 18
12Z AVG MX 2MIN
DY MAX MIN AVG DEP HDD CDD WTR SNW DPTH SPD SPD DIR MIN PSBL S-S WX SPD DR
================================================================================
1 91 73 82 1 0 17 0.00 0.0 0 M M M M M M M M
2 95 74 85 4 0 20 0.00 0.0 0 M M M M M M M M
3 93 74 84 3 0 19 0.00 0.0 0 M M M M M M M M
4 90 76 83 2 0 18 0.00 0.0 0 M M M M M M M M
5 85 76 81 0 0 16 0.39 0.0 0 M M M M M M 3 M M
6 95 74 85 4 0 20 0.00 0.0 0 M M M M M M M M
7 94 73 84 3 0 19 0.00 0.0 0 M M M M M M M M
8 96 76 86 5 0 21 0.00 0.0 0 M M M M M M M M
9 92 72 82 1 0 17 1.10 0.0 0 M M M M M M 13 M M
10 91 72 82 1 0 17 1.06 0.0 0 M M M M M M 13 M M
11 88 73 81 0 0 16 1.48 0.0 0 M M M M M M 1 M M
12 88 71 80 0 0 15 0.00 0.0 0 M M M M M M M M
13 88 66 77 -3 0 12 0.00 0.0 0 M M M M M M M M
14 91 65 78 -2 0 13 0.00 0.0 0 M M M M M M M M
15 90 74 82 2 0 17 0.00 0.0 0 M M M M M M M M
16 82 68 75 -5 0 10 0.01 0.0 0 M M M M M M M M
17 75 67 71 -9 0 6 1.03 0.0 0 M M M M M M 1 M M
18 87 65 76 -4 0 11 0.00 0.0 0 M M M M M M M M
19 89 67 78 -2 0 13 0.00 0.0 0 M M M M M M M M
20 89 71 80 0 0 15 0.00 0.0 0 M M M M M M M M
21 77 74 76 -4 0 11 0.60 0.0 0 M M M M M M 1 M M
22 86 72 79 0 0 14 0.00 0.0 0 M M M M M M 1 M M
23 86 71 79 0 0 14 0.00 0.0 0 M M M M M M 1 M M
24 87 70 79 0 0 14 0.00 0.0 0 M M M M M M M M
25 90 70 80 1 0 15 0.00 0.0 0 M M M M M M M M
26 92 71 82 3 0 17 0.00 0.0 0 M M M M M M M M
27 95 72 84 5 0 19 0.00 0.0 0 M M M M M M M M
28 93 74 84 6 0 19 0.00 0.0 0 M M M M M M M M
29 92 75 84 6 0 19 0.02 0.0 0 M M M M M M 3 M M
30 91 73 82 4 0 17 0.05 0.0 0 M M M M M M 3 M M
31 90 68 79 1 0 14 0.00 0.0 0 M M M M M M M M
================================================================================
SM 2768 2217 0 485 5.74 0.0 M M M
================================================================================
AV 89.3 71.5 M FASTST M M M MAX(MPH)
MISC ----> M M M M
================================================================================
NOTES:
# LAST OF SEVERAL OCCURRENCES
COLUMN 17 PEAK WIND IN M.P.H.
PRELIMINARY LOCAL CLIMATOLOGICAL DATA (WS FORM: F-6) , PAGE 2
STATION: MEMPHIS/GERMANTOWN WFO
MONTH: AUGUST
YEAR: 2022
LATITUDE: 35 7 N
LONGITUDE: 89 48 W
[TEMPERATURE DATA] [PRECIPITATION DATA] SYMBOLS USED IN COLUMN 16
AVERAGE MONTHLY: 80.4 TOTAL FOR MONTH: 5.74 1 = FOG OR MIST
DPTR FM NORMAL: 0.5 DPTR FM NORMAL: 2.35 2 = FOG REDUCING VISIBILITY
HIGHEST: 96 ON 8 GRTST 24HR 1.48 ON 11-11 TO 1/4 MILE OR LESS
LOWEST: 65 ON 18,14 3 = THUNDER
SNOW, ICE PELLETS, HAIL 4 = ICE PELLETS
TOTAL MONTH: 0.0 INCH 5 = HAIL
GRTST 24HR 0.0 6 = FREEZING RAIN OR DRIZZLE
GRTST DEPTH: 0 7 = DUSTSTORM OR SANDSTORM:
VSBY 1/2 MILE OR LESS
8 = SMOKE OR HAZE
[NO. OF DAYS WITH] [WEATHER - DAYS WITH] 9 = BLOWING SNOW
X = TORNADO
MAX 32 OR BELOW: 0 0.01 INCH OR MORE: 9
MAX 90 OR ABOVE: 18 0.10 INCH OR MORE: 6
MIN 32 OR BELOW: 0 0.50 INCH OR MORE: 5
MIN 0 OR BELOW: 0 1.00 INCH OR MORE: 4
[HDD (BASE 65) ]
TOTAL THIS MO. 0 CLEAR (SCALE 0-3) 0
DPTR FM NORMAL 0 PTCLDY (SCALE 4-7) 0
TOTAL FM JUL 1 0 CLOUDY (SCALE 8-10) 31
DPTR FM NORMAL 0
[CDD (BASE 65) ]
TOTAL THIS MO. 485
DPTR FM NORMAL 21 [PRESSURE DATA]
TOTAL FM JAN 1 1891 HIGHEST SLP M ON M
DPTR FM NORMAL 270 LOWEST SLP M ON M
[REMARKS]
#FINAL-08-22#