000
CXUS56 KPDT 011930
CF6MEH
PRELIMINARY LOCAL CLIMATOLOGICAL DATA (WS FORM: F-6)
STATION: MEACHAM OR
MONTH: MAY
YEAR: 2021
LATITUDE: 45 30 N
LONGITUDE: 118 24 W
TEMPERATURE IN F: :PCPN: SNOW: WIND :SUNSHINE: SKY :PK WND
================================================================================
1 2 3 4 5 6A 6B 7 8 9 10 11 12 13 14 15 16 17 18
12Z AVG MX 2MIN
DY MAX MIN AVG DEP HDD CDD WTR SNW DPTH SPD SPD DIR MIN PSBL S-S WX SPD DR
================================================================================
1 61 42 52 8 13 0 0.30 M M 2.3 9 260 M M 7 1 20 280
2 55 31 43 -1 22 0 0.00 M M 2.2 8 250 M M 6 15 290
3 63 28 46 1 19 0 0.00 M M 1.7 8 300 M M 3 19 280
4 62 33 48 3 17 0 0.01 M M 1.6 7 300 M M 6 M M
5 75 29 52 7 13 0 0.00 M M 1.3 6 90 M M 0 M M
6 79 44 62 16 3 0 T M M 1.9 7 99 M M 3 M M
7 48 34 41 -5 24 0 0.01 M M 3.6 12 280 M M 8 32 260
8 51 30 41 -5 24 0 0.00 M M 2.6 6 99 M M 5 M M
9 53 29 41 -5 24 0 0.00 M M 1.2 8 270 M M 7 16 260
10 58 26 42 -4 23 0 0.00 M M 1.9 9 20 M M 2 18 40
11 65 27 46 -1 19 0 0.00 M M 1.8 8 10 M M 1 14 300
12 70 31 51 4 14 0 0.00 M M 1.0 8 300 M M 0 14 290
13 68 32 50 3 15 0 0.00 M M 1.8 8 10 M M 0 18 14 360
14 69 36 53 6 12 0 0.00 M M 2.0 10 40 M M 0 1 20 340
15 71 31 51 3 14 0 0.00 M M 2.4 13 50 M M 0 23 60
16 76 32 54 6 11 0 0.00 M M 1.0 10 50 M M 0 16 40
17 73 36 55 7 10 0 0.00 M M 2.0 6 99 M M 1 21 340
18 53 38 46 -2 19 0 0.03 M M 2.0 8 300 M M 6 1 17 280
19 51 33 42 -6 23 0 T M M 0.9 8 270 M M 8 15 30
20 51 34 43 -6 22 0 0.23 M M 2.1 6 99 M M 9 1 M M
21 48 35 42 -7 23 0 0.01 M M 1.9 9 40 M M 9 12 17 330
22 49 30 40 -9 25 0 0.08 M M 0.6 8 30 M M 7 1 17 360
23 60 35 48 -1 17 0 T M M 2.8 12 290 M M 6 30 220
24 57 38 48 -1 17 0 0.15 M M 0.7 8 250 M M 8 1 19 290
25 58 37 48 -2 17 0 0.50 M M 1.2 6 99 M M 8 1 M M
26 68 42 55 5 10 0 0.00 M M 0.7 6 280 M M 5 12 60
27 70 39 55 5 10 0 0.02 M M 1.5 8 300 M M 4 21 290
28 59 31 45 -5 20 0 0.00 M M 1.4 8 280 M M 3 16 250
29 67 28 48 -2 17 0 0.00 M M 1.5 8 20 M M 0 16 30
30 70 30 50 0 15 0 0.00 M M 1.6 6 99 M M 0 M M
31 78 34 56 5 9 0 0.00 M M 1.5 8 30 M M 0 15 30
================================================================================
SM 1936 1035 521 0 1.34 M 52.7 M 122
================================================================================
AV 62.5 33.4 1.7 FASTST M M 4 MAX(MPH)
MISC ----> 13 50 32 260
================================================================================
NOTES:
# LAST OF SEVERAL OCCURRENCES
COLUMN 17 PEAK WIND IN M.P.H.
PRELIMINARY LOCAL CLIMATOLOGICAL DATA (WS FORM: F-6) , PAGE 2
STATION: MEACHAM OR
MONTH: MAY
YEAR: 2021
LATITUDE: 45 30 N
LONGITUDE: 118 24 W
[TEMPERATURE DATA] [PRECIPITATION DATA] SYMBOLS USED IN COLUMN 16
AVERAGE MONTHLY: 47.9 TOTAL FOR MONTH: 1.34 1 = FOG OR MIST
DPTR FM NORMAL: 0.2 DPTR FM NORMAL: -2.21 2 = FOG REDUCING VISIBILITY
HIGHEST: 79 ON 6 GRTST 24HR 0.50 ON 25-25 TO 1/4 MILE OR LESS
LOWEST: 26 ON 10 3 = THUNDER
SNOW, ICE PELLETS, HAIL 4 = ICE PELLETS
TOTAL MONTH: M 5 = HAIL
GRTST 24HR M ON M 6 = FREEZING RAIN OR DRIZZLE
GRTST DEPTH: M ON M 7 = DUSTSTORM OR SANDSTORM:
VSBY 1/2 MILE OR LESS
8 = SMOKE OR HAZE
[NO. OF DAYS WITH] [WEATHER - DAYS WITH] 9 = BLOWING SNOW
X = TORNADO
MAX 32 OR BELOW: 0 0.01 INCH OR MORE: 10
MAX 90 OR ABOVE: 0 0.10 INCH OR MORE: 4
MIN 32 OR BELOW: 15 0.50 INCH OR MORE: 1
MIN 0 OR BELOW: 0 1.00 INCH OR MORE: 0
[HDD (BASE 65) ]
TOTAL THIS MO. 521 CLEAR (SCALE 0-3) 15
DPTR FM NORMAL -15 PTCLDY (SCALE 4-7) 13
TOTAL FM JUL 1 6922 CLOUDY (SCALE 8-10) 3
DPTR FM NORMAL -847
[CDD (BASE 65) ]
TOTAL THIS MO. 0
DPTR FM NORMAL 0 [PRESSURE DATA]
TOTAL FM JAN 1 0 HIGHEST SLP 30.33 ON 8
DPTR FM NORMAL 0 LOWEST SLP 29.78 ON 6
[REMARKS]
#FINAL-05-21#