000
CXUS54 KJAN 011510
CF6MEI
PRELIMINARY LOCAL CLIMATOLOGICAL DATA (WS FORM: F-6)
STATION: MERIDIAN
MONTH: DECEMBER
YEAR: 2022
LATITUDE: 32 19 N
LONGITUDE: 88 45 W
TEMPERATURE IN F: :PCPN: SNOW: WIND :SUNSHINE: SKY :PK WND
================================================================================
1 2 3 4 5 6A 6B 7 8 9 10 11 12 13 14 15 16 17 18
12Z AVG MX 2MIN
DY MAX MIN AVG DEP HDD CDD WTR SNW DPTH SPD SPD DIR MIN PSBL S-S WX SPD DR
================================================================================
1 58 33 46 -6 19 0 0.00 0.0 0 6.0 17 60 M M 0 25 60
2 66 32 49 -3 16 0 0.00 0.0 0 7.0 17 170 M M 5 23 180
3 79 57 68 16 0 3 T 0.0 0 7.6 16 180 M M 7 1 25 170
4 64 48 56 4 9 0 0.00 0.0 0 3.4 14 10 M M 7 17 30
5 72 56 64 12 1 0 0.00 0.0 0 7.5 17 180 M M 9 1 22 170
6 80 66 73 22 0 8 0.00 0.0 0 8.6 21 220 M M 5 1 27 230
7 82 60 71 20 0 6 0.00 0.0 0 6.2 17 220 M M 4 1 25 210
8 78 59 69 18 0 4 0.00 0.0 0 5.0 14 210 M M 5 1 20 220
9 72 56 64 13 1 0 0.00 0.0 0 4.5 12 220 M M 7 1 16 200
10 75 58 67 16 0 2 0.00 0.0 0 4.1 12 220 M M 7 12 17 190
11 67 58 63 13 2 0 0.11 0.0 0 3.3 9 190 M M 10 12 13 180
12 62 58 60 10 5 0 0.03 0.0 0 6.9 13 10 M M 10 1 15 10
13 65 60 63 13 2 0 T 0.0 0 8.3 17 150 M M 10 1 27 140
14 70 48 59 9 6 0 2.61 0.0 0 10.0 28 300 M M 9 13 44 300
15 58 39 49 -1 16 0 0.00 0.0 0 4.9 14 240 M M 0 1 20 240
16 59 33 46 -4 19 0 0.00 0.0 0 3.4 13 250 M M 4 12 16 250
17 53 31 42 -8 23 0 0.00 0.0 0 4.6 15 280 M M 4 22 300
18 53 28 41 -9 24 0 0.00 0.0 0 3.5 14 340 M M 0 22 350
19 46 27 37 -12 28 0 0.42 0.0 0 4.5 10 80 M M 7 1 15 80
20 46 39 43 -6 22 0 0.28 0.0 0 8.7 17 30 M M 10 1 21 20
21 49 44 47 -2 18 0 0.00 0.0 0 6.0 14 40 M M 10 1 18 50
22 58 29 44 -5 21 0 0.01 0.0 0 8.6 25 310 M M 9 18 40 280
23 29 12 21 -28 44 0 0.00 0.0 0 13.0 25 310 M M 0 35 310
24 35 15 25 -24 40 0 0.00 0.0 0 6.1 15 320 M M 0 22 310
25 43 17 30 -18 35 0 0.00 0.0 0 2.9 14 300 M M 0 17 300
26 51 19 35 -13 30 0 0.00 0.0 0 2.4 10 150 M M 2 15 200
27 58 24 41 -7 24 0 0.00 0.0 0 0.8 9 280 M M 0 13 220
28 69 28 49 1 16 0 0.00 0.0 0 6.8 20 170 M M 2 30 200
29 74 53 64 16 1 0 T 0.0 0 9.1 16 150 M M 6 22 160
30 62 56 59 11 6 0 0.57 0.0 0 6.5 18 70 M M 7 13 26 150
31 65 55 60 12 5 0 0.00 0.0 0 3.7 12 190 M M 9 1 16 190
================================================================================
SM 1898 1298 433 23 4.03 0.0 183.9 M 165
================================================================================
AV 61.2 41.9 5.9 FASTST M M 5 MAX(MPH)
MISC ----> 28 300 44 300
================================================================================
NOTES:
# LAST OF SEVERAL OCCURRENCES
COLUMN 17 PEAK WIND IN M.P.H.
PRELIMINARY LOCAL CLIMATOLOGICAL DATA (WS FORM: F-6) , PAGE 2
STATION: MERIDIAN
MONTH: DECEMBER
YEAR: 2022
LATITUDE: 32 19 N
LONGITUDE: 88 45 W
[TEMPERATURE DATA] [PRECIPITATION DATA] SYMBOLS USED IN COLUMN 16
AVERAGE MONTHLY: 51.5 TOTAL FOR MONTH: 4.03 1 = FOG OR MIST
DPTR FM NORMAL: 1.6 DPTR FM NORMAL: -1.24 2 = FOG REDUCING VISIBILITY
HIGHEST: 82 ON 7 GRTST 24HR 2.61 ON 14-14 TO 1/4 MILE OR LESS
LOWEST: 12 ON 23 3 = THUNDER
SNOW, ICE PELLETS, HAIL 4 = ICE PELLETS
TOTAL MONTH: 0.0 INCH 5 = HAIL
GRTST 24HR 0.0 6 = FREEZING RAIN OR DRIZZLE
GRTST DEPTH: 0 7 = DUSTSTORM OR SANDSTORM:
VSBY 1/2 MILE OR LESS
8 = SMOKE OR HAZE
[NO. OF DAYS WITH] [WEATHER - DAYS WITH] 9 = BLOWING SNOW
X = TORNADO
MAX 32 OR BELOW: 1 0.01 INCH OR MORE: 7
MAX 90 OR ABOVE: 0 0.10 INCH OR MORE: 5
MIN 32 OR BELOW: 11 0.50 INCH OR MORE: 2
MIN 0 OR BELOW: 0 1.00 INCH OR MORE: 1
[HDD (BASE 65) ]
TOTAL THIS MO. 433 CLEAR (SCALE 0-3) 9
DPTR FM NORMAL -46 PTCLDY (SCALE 4-7) 13
TOTAL FM JUL 1 823 CLOUDY (SCALE 8-10) 9
DPTR FM NORMAL -37
[CDD (BASE 65) ]
TOTAL THIS MO. 23
DPTR FM NORMAL 14 [PRESSURE DATA]
TOTAL FM JAN 1 2577 HIGHEST SLP 30.57 ON 24
DPTR FM NORMAL 99 LOWEST SLP 29.60 ON 14
[REMARKS]
#FINAL-12-22#