000
CXUS54 KMEG 230900
CF6MEM
PRELIMINARY LOCAL CLIMATOLOGICAL DATA (WS FORM: F-6)
STATION: MEMPHIS
MONTH: APRIL
YEAR: 2024
LATITUDE: 35 3 N
LONGITUDE: 89 59 W
TEMPERATURE IN F: :PCPN: SNOW: WIND :SUNSHINE: SKY :PK WND
================================================================================
1 2 3 4 5 6A 6B 7 8 9 10 11 12 13 14 15 16 17 18
12Z AVG MX 2MIN
DY MAX MIN AVG DEP HDD CDD WTR SNW DPTH SPD SPD DIR MIN PSBL S-S WX SPD DR
================================================================================
1 75 68 72 13 0 7 T 0.0 0 11.6 24 200 M M 9 18 37 200
2 78 51 65 6 0 0 0.76 0.0 0 16.5 28 320 M M 9 13 39 210
3 59 45 52 -8 13 0 0.00 0.0 0 12.6 26 310 M M 4 40 290
4 64 45 55 -5 10 0 0.00 0.0 0 12.4 23 290 M M 0 34 260
5 63 41 52 -8 13 0 0.00 0.0 0 5.6 15 340 M M 2 20 10
6 68 45 57 -3 8 0 0.00 0.0 0 9.5 17 90 M M 4 24 90
7 80 56 68 7 0 3 0.50 0.0 0 12.4 26 350 M M 6 13 37 170
8 78 64 71 10 0 6 0.01 0.0 0 10.4 29 190 M M 8 18 38 170
9 66 59 63 2 2 0 0.75 0.0 0 9.0 23 190 M M 10 1 31 190
10 70 61 66 4 0 1 0.23 0.0 0 7.7 25 140 M M 10 1 34 150
11 70 53 62 0 3 0 0.48 0.0 0 14.2 28 290 M M 6 13 44 350
12 70 51 61 -1 4 0 0.00 0.0 0 9.7 23 300 M M 0 35 310
13 80 48 64 2 1 0 0.00 0.0 0 6.7 20 210 M M 2 27 210
14 80 62 71 8 0 6 0.00 0.0 0 13.3 25 200 M M 3 35 200
15 79 63 71 8 0 6 T 0.0 0 9.0 17 190 M M 6 27 210
16 81 67 74 11 0 9 0.08 0.0 0 13.4 28 180 M M 9 3 40 180
17 82 69 76 12 0 11 T 0.0 0 9.4 17 190 M M 8 27 170
18 83 68 76 12 0 11 0.05 0.0 0 10.9 23 190 M M 8 18 31 180
19 70 56 63 -1 2 0 0.01 0.0 0 11.5 20 10 M M 10 13 25 10
20 63 51 57 -7 8 0 0.01 0.0 0 13.2 23 60 M M 10 3 33 70
21 61 47 54 -11 11 0 T 0.0 0 11.1 21 360 M M 5 29 350
22 67 41 54 -11 11 0 0.00 0.0 0 3.1 10 100 M M 1 15 110
================================================================================
SM 1587 1211 86 60 2.88 0.0 233.2 M 130
================================================================================
AV 72.1 55.0 10.6 FASTST M M 6 MAX(MPH)
MISC ----> 29 190 44 350
================================================================================
NOTES:
# LAST OF SEVERAL OCCURRENCES
COLUMN 17 PEAK WIND IN M.P.H.
PRELIMINARY LOCAL CLIMATOLOGICAL DATA (WS FORM: F-6) , PAGE 2
STATION: MEMPHIS
MONTH: APRIL
YEAR: 2024
LATITUDE: 35 3 N
LONGITUDE: 89 59 W
[TEMPERATURE DATA] [PRECIPITATION DATA] SYMBOLS USED IN COLUMN 16
AVERAGE MONTHLY: 63.6 TOTAL FOR MONTH: 2.88 1 = FOG OR MIST
DPTR FM NORMAL: 1.6 DPTR FM NORMAL: -1.34 2 = FOG REDUCING VISIBILITY
HIGHEST: 83 ON 18 GRTST 24HR 0.76 ON 1- 2 TO 1/4 MILE OR LESS
LOWEST: 41 ON 22, 5 3 = THUNDER
SNOW, ICE PELLETS, HAIL 4 = ICE PELLETS
TOTAL MONTH: 0.0 INCH 5 = HAIL
GRTST 24HR 0.0 6 = FREEZING RAIN OR DRIZZLE
GRTST DEPTH: 0 7 = DUSTSTORM OR SANDSTORM:
VSBY 1/2 MILE OR LESS
8 = SMOKE OR HAZE
[NO. OF DAYS WITH] [WEATHER - DAYS WITH] 9 = BLOWING SNOW
X = TORNADO
MAX 32 OR BELOW: 0 0.01 INCH OR MORE: 10
MAX 90 OR ABOVE: 0 0.10 INCH OR MORE: 5
MIN 32 OR BELOW: 0 0.50 INCH OR MORE: 3
MIN 0 OR BELOW: 0 1.00 INCH OR MORE: 0
[HDD (BASE 65) ]
TOTAL THIS MO. 86 CLEAR (SCALE 0-3) 6
DPTR FM NORMAL -26 PTCLDY (SCALE 4-7) 7
TOTAL FM JUL 1 2438 CLOUDY (SCALE 8-10) 9
DPTR FM NORMAL -398
[CDD (BASE 65) ]
TOTAL THIS MO. 60
DPTR FM NORMAL 11 [PRESSURE DATA]
TOTAL FM JAN 1 86 HIGHEST SLP M ON M
DPTR FM NORMAL 16 LOWEST SLP 29.41 ON 11
[REMARKS]