000
CXUS54 KMEG 010900
CF6MEM
PRELIMINARY LOCAL CLIMATOLOGICAL DATA (WS FORM: F-6)
STATION: MEMPHIS
MONTH: MARCH
YEAR: 2024
LATITUDE: 35 3 N
LONGITUDE: 89 59 W
TEMPERATURE IN F: :PCPN: SNOW: WIND :SUNSHINE: SKY :PK WND
================================================================================
1 2 3 4 5 6A 6B 7 8 9 10 11 12 13 14 15 16 17 18
12Z AVG MX 2MIN
DY MAX MIN AVG DEP HDD CDD WTR SNW DPTH SPD SPD DIR MIN PSBL S-S WX SPD DR
================================================================================
1 50 42 46 -4 19 0 0.01 0.0 0 4.9 10 150 M M 10 18 160
2 66 47 57 7 8 0 0.00 0.0 0 5.8 12 150 M M 5 19 110
3 75 49 62 12 3 0 0.00 0.0 0 10.0 22 190 M M 7 1 31 180
4 81 61 71 20 0 6 0.00 0.0 0 10.4 22 160 M M 5 32 190
5 71 60 66 15 0 1 0.75 0.0 0 5.8 22 310 M M 9 13 36 300
6 65 53 59 8 6 0 0.01 0.0 0 7.3 14 10 M M 8 1 23 10
7 68 53 61 9 4 0 T 0.0 0 5.9 15 260 M M 9 1 22 250
8 66 57 62 10 3 0 0.19 0.0 0 6.6 17 190 M M 10 1 24 190
9 58 39 49 -3 16 0 0.00 0.0 0 9.4 18 350 M M 7 26 350
10 59 37 48 -4 17 0 0.00 0.0 0 5.5 14 330 M M 1 21 320
11 66 38 52 -1 13 0 0.00 0.0 0 3.6 12 210 M M 3 27 240
12 71 42 57 4 8 0 0.00 0.0 0 8.5 18 190 M M 2 32 130
13 78 54 66 13 0 1 0.00 0.0 0 10.7 21 190 M M 3 30 140
14 80 60 70 16 0 5 0.88 0.0 0 11.0 41 350 M M 7 13 M 350
15 63 49 56 2 9 0 1.24 0.0 0 9.8 24 180 M M 10 13 32 160
16 68 43 56 2 9 0 0.01 0.0 0 3.3 10 320 M M 5 1 19 20
17 62 49 56 2 9 0 T 0.0 0 8.2 21 360 M M 8 30 10
18 49 34 42 -13 23 0 0.00 0.0 0 10.6 22 300 M M 3 32 320
19 58 29 44 -11 21 0 0.00 0.0 0 8.4 20 220 M M 0 30 270
20 74 46 60 5 5 0 0.00 0.0 0 5.9 12 210 M M 3 18 240
21 71 49 60 4 5 0 T 0.0 0 5.2 13 160 M M 6 18 160
22 67 53 60 4 5 0 0.17 0.0 0 6.5 17 110 M M 9 1 22 80
23 56 42 49 -7 16 0 0.00 0.0 0 12.6 24 20 M M 3 34 360
24 67 42 55 -2 10 0 0.00 0.0 0 9.7 18 160 M M 9 25 150
25 66 56 61 4 4 0 1.64 0.0 0 16.6 31 140 M M 9 18 55 120
26 59 42 51 -6 14 0 0.00 0.0 0 9.5 20 280 M M 4 12 28 290
27 60 38 49 -9 16 0 0.00 0.0 0 8.1 16 340 M M 1 24 360
28 67 40 54 -4 11 0 0.00 0.0 0 3.9 13 360 M M 1 8 25 100
29 73 45 59 1 6 0 0.00 0.0 0 8.5 20 170 M M 3 27 220
30 77 56 67 9 0 2 0.00 0.0 0 10.8 21 190 M M 5 39 220
31 76 61 69 10 0 4 0.00 0.0 0 11.6 21 180 M M 9 41 200
================================================================================
SM 2067 1466 260 19 4.90 0.0 254.6 M 174
================================================================================
AV 66.7 47.3 8.2 FASTST M M 6 MAX(MPH)
MISC ----> 41 350 55 120
================================================================================
NOTES:
# LAST OF SEVERAL OCCURRENCES
COLUMN 17 PEAK WIND IN M.P.H.
PRELIMINARY LOCAL CLIMATOLOGICAL DATA (WS FORM: F-6) , PAGE 2
STATION: MEMPHIS
MONTH: MARCH
YEAR: 2024
LATITUDE: 35 3 N
LONGITUDE: 89 59 W
[TEMPERATURE DATA] [PRECIPITATION DATA] SYMBOLS USED IN COLUMN 16
AVERAGE MONTHLY: 57.0 TOTAL FOR MONTH: 4.90 1 = FOG OR MIST
DPTR FM NORMAL: 2.8 DPTR FM NORMAL: -0.84 2 = FOG REDUCING VISIBILITY
HIGHEST: 81 ON 4 GRTST 24HR 2.11 ON 14-15 TO 1/4 MILE OR LESS
LOWEST: 29 ON 19 3 = THUNDER
SNOW, ICE PELLETS, HAIL 4 = ICE PELLETS
TOTAL MONTH: 0.0 INCH 5 = HAIL
GRTST 24HR 0.0 6 = FREEZING RAIN OR DRIZZLE
GRTST DEPTH: 0 7 = DUSTSTORM OR SANDSTORM:
VSBY 1/2 MILE OR LESS
8 = SMOKE OR HAZE
[NO. OF DAYS WITH] [WEATHER - DAYS WITH] 9 = BLOWING SNOW
X = TORNADO
MAX 32 OR BELOW: 0 0.01 INCH OR MORE: 9
MAX 90 OR ABOVE: 0 0.10 INCH OR MORE: 6
MIN 32 OR BELOW: 1 0.50 INCH OR MORE: 4
MIN 0 OR BELOW: 0 1.00 INCH OR MORE: 2
[HDD (BASE 65) ]
TOTAL THIS MO. 260 CLEAR (SCALE 0-3) 7
DPTR FM NORMAL -92 PTCLDY (SCALE 4-7) 15
TOTAL FM JUL 1 2352 CLOUDY (SCALE 8-10) 9
DPTR FM NORMAL -372
[CDD (BASE 65) ]
TOTAL THIS MO. 19
DPTR FM NORMAL 1 [PRESSURE DATA]
TOTAL FM JAN 1 26 HIGHEST SLP 30.33 ON 11
DPTR FM NORMAL 5 LOWEST SLP 29.42 ON 25
[REMARKS]
#FINAL-03-24#