000
CXUS54 KBRO 060529
CF6MFE
PRELIMINARY LOCAL CLIMATOLOGICAL DATA (WS FORM: F-6)
STATION: MCALLEN
MONTH: JUNE
YEAR: 2021
LATITUDE: 26 10 N
LONGITUDE: 98 14 W
TEMPERATURE IN F: :PCPN: SNOW: WIND :SUNSHINE: SKY :PK WND
================================================================================
1 2 3 4 5 6A 6B 7 8 9 10 11 12 13 14 15 16 17 18
12Z AVG MX 2MIN
DY MAX MIN AVG DEP HDD CDD WTR SNW DPTH SPD SPD DIR MIN PSBL S-S WX SPD DR
================================================================================
1 81 70 76 -11 0 11 2.37 0.0 0 7.9 35 360 M M 6 13 47 360
2 88 71 80 -7 0 15 0.39 0.0 0 5.3 23 150 M M 2 13 30 150
3 88 69 79 -8 0 14 4.37 0.0 0 10.2 35 150 M M 6 123 47 150
4 85 69 77 -10 0 12 0.01 0.0 0 5.8 18 110 M M 4 20 110
5 90 71 81 -6 0 16 0.00 0.0 0 6.0 16 120 M M 2 20 120
6 93 75 84 -3 0 19 0.00 0.0 0 14.1 24 140 M M 1 32 140
7 93 79 86 -1 0 21 0.00 0.0 0 18.4 26 130 M M 6 18 33 150
8 92 80 86 -2 0 21 0.00 0.0 0 16.2 24 140 M M 7 18 30 120
9 94 78 86 -2 0 21 0.00 0.0 0 14.2 22 130 M M 4 1 26 120
10 93 78 86 -2 0 21 0.00 0.0 0 12.0 22 120 M M 5 18 25 120
11 94 76 85 -3 0 20 0.00 0.0 0 12.2 22 120 M M 1 1 26 120
12 93 76 85 -3 0 20 0.00 0.0 0 10.9 17 130 M M 0 23 150
13 96 74 85 -3 0 20 0.00 0.0 0 6.2 16 100 M M 1 1 20 110
14 95 74 85 -3 0 20 0.00 0.0 0 5.9 17 120 M M 1 20 110
15 97 75 86 -2 0 21 0.00 0.0 0 5.1 15 80 M M 1 18 80
16 94 76 85 -3 0 20 0.00 0.0 0 5.0 17 350 M M 2 3 22 20
17 92 74 83 -5 0 18 0.00 0.0 0 7.0 17 360 M M 2 23 360
18 95 74 85 -3 0 20 0.00 0.0 0 7.2 16 90 M M 2 23 50
19 94 73 84 -4 0 19 T 0.0 0 7.2 17 140 M M 1 18 23 140
20 94 79 87 -1 0 22 T 0.0 0 14.4 23 130 M M 3 8 29 140
21 97 81 89 1 0 24 0.00 0.0 0 14.7 22 140 M M 8 8 29 140
22 90 76 83 -5 0 18 T 0.0 0 7.5 21 110 M M 4 38 24 110
23 94 77 86 -2 0 21 T 0.0 0 10.3 20 90 M M 3 25 80
24 97 80 89 1 0 24 0.00 0.0 0 13.8 23 130 M M 5 1 28 130
25 96 79 88 0 0 23 0.00 0.0 0 15.5 26 140 M M 3 1 32 160
26 96 78 87 -1 0 22 0.00 0.0 0 17.8 26 130 M M 1 34 130
27 96 75 86 -2 0 21 0.00 0.0 0 10.4 21 120 M M 2 26 110
28 92 74 83 -5 0 18 0.00 0.0 0 9.2 20 110 M M 1 28 110
29 90 77 84 -4 0 19 T 0.0 0 8.2 17 120 M M 4 22 130
30 88 75 82 -6 0 17 0.56 0.0 0 6.3 17 80 M M 5 1 21 80
================================================================================
SM 2777 2263 0 578 7.70 0.0 304.9 M 93
================================================================================
AV 92.6 75.4 10.2 FASTST M M 3 MAX(MPH)
MISC ----> # 35 360 # 47 360
================================================================================
NOTES:
# LAST OF SEVERAL OCCURRENCES
COLUMN 17 PEAK WIND IN M.P.H.
PRELIMINARY LOCAL CLIMATOLOGICAL DATA (WS FORM: F-6) , PAGE 2
STATION: MCALLEN
MONTH: JUNE
YEAR: 2021
LATITUDE: 26 10 N
LONGITUDE: 98 14 W
[TEMPERATURE DATA] [PRECIPITATION DATA] SYMBOLS USED IN COLUMN 16
AVERAGE MONTHLY: 84.0 TOTAL FOR MONTH: 7.70 1 = FOG OR MIST
DPTR FM NORMAL: -3.7 DPTR FM NORMAL: 4.65 2 = FOG REDUCING VISIBILITY
HIGHEST: 97 ON 24,21 GRTST 24HR 4.38 ON 3- 4 TO 1/4 MILE OR LESS
LOWEST: 69 ON 4, 3 3 = THUNDER
SNOW, ICE PELLETS, HAIL 4 = ICE PELLETS
TOTAL MONTH: 0.0 INCH 5 = HAIL
GRTST 24HR 0.0 6 = FREEZING RAIN OR DRIZZLE
GRTST DEPTH: 0 7 = DUSTSTORM OR SANDSTORM:
VSBY 1/2 MILE OR LESS
8 = SMOKE OR HAZE
[NO. OF DAYS WITH] [WEATHER - DAYS WITH] 9 = BLOWING SNOW
X = TORNADO
MAX 32 OR BELOW: 0 0.01 INCH OR MORE: 5
MAX 90 OR ABOVE: 25 0.10 INCH OR MORE: 4
MIN 32 OR BELOW: 0 0.50 INCH OR MORE: 3
MIN 0 OR BELOW: 0 1.00 INCH OR MORE: 2
[HDD (BASE 65) ]
TOTAL THIS MO. 0 CLEAR (SCALE 0-3) 18
DPTR FM NORMAL 0 PTCLDY (SCALE 4-7) 12
TOTAL FM JUL 1 582 CLOUDY (SCALE 8-10) 0
DPTR FM NORMAL 129
[CDD (BASE 65) ]
TOTAL THIS MO. 578
DPTR FM NORMAL -103 [PRESSURE DATA]
TOTAL FM JAN 1 1926 HIGHEST SLP 30.09 ON 1
DPTR FM NORMAL -232 LOWEST SLP 29.66 ON 6
[REMARKS]
#FINAL-06-21#