000
CXUS56 KMFR 070843
CF6MFR
PRELIMINARY LOCAL CLIMATOLOGICAL DATA (WS FORM: F-6)
STATION: MEDFORD OR
MONTH: NOVEMBER
YEAR: 2021
LATITUDE: 42 22 N
LONGITUDE: 122 52 W
TEMPERATURE IN F: :PCPN: SNOW: WIND :SUNSHINE: SKY :PK WND
================================================================================
1 2 3 4 5 6A 6B 7 8 9 10 11 12 13 14 15 16 17 18
12Z AVG MX 2MIN
DY MAX MIN AVG DEP HDD CDD WTR SNW DPTH SPD SPD DIR MIN PSBL S-S WX SPD DR
================================================================================
1 62 50 56 6 9 0 0.09 0.0 0 4.6 18 140 M M 9 1 25 140
2 63 48 56 7 9 0 0.00 0.0 0 1.2 6 30 M M 5 12 8 10
3 70 46 58 9 7 0 0.09 0.0 0 5.1 22 160 M M 4 1 30 150
4 61 42 52 3 13 0 0.04 0.0 0 6.4 26 200 M M 5 1 39 200
5 50 41 46 -2 19 0 0.09 0.0 0 1.0 6 130 M M 8 12 7 320
6 55 41 48 0 17 0 0.04 0.0 0 4.4 17 240 M M 9 12 24 250
7 54 34 44 -4 21 0 T 0.0 0 1.9 9 300 M M 3 12 300
8 56 29 43 -4 22 0 0.03 0.0 0 8.0 37 150 M M 5 12 48 160
9 55 46 51 4 14 0 0.34 0.0 0 5.2 24 160 M M 9 1 37 160
10 51 44 48 1 17 0 0.03 0.0 0 1.2 7 10 M M 10 18 10 10
11 66 48 57 11 8 0 0.00 0.0 0 0.9 7 170 M M 4 18 11 170
12 56 47 52 6 13 0 0.00 0.0 0 0.4 5 200 M M 10 12 7 120
13 55 50 53 7 12 0 0.00 0.0 0 2.1 7 150 M M 10 1 9 170
14 52 48 50 4 15 0 0.00 0.0 0 1.5 9 160 M M 10 1 10 170
15 53 47 50 5 15 0 0.13 0.0 0 2.9 16 150 M M 10 1 19 140
16 52 34 43 -2 22 0 0.00 0.0 0 2.3 12 360 M M 3 14 360
17 52 30 41 -4 24 0 0.00 0.0 0 1.2 6 140 M M 3 12 8 360
18 58 37 48 4 17 0 0.03 0.0 0 3.3 17 160 M M 7 1 25 160
19 53 35 44 0 21 0 0.10 0.0 0 2.8 7 130 M M 7 1 10 290
20 45 33 39 -5 26 0 0.00 0.0 0 1.4 6 350 M M 8 1 8 120
21 49 32 41 -3 24 0 0.00 0.0 0 1.9 9 340 M M 5 1 10 350
22 50 28 39 -4 26 0 0.00 0.0 0 1.3 8 100 M M 5 12 9 90
23 53 34 44 1 21 0 0.02 0.0 0 3.4 13 300 M M 6 1 19 270
24 51 27 39 -4 26 0 0.00 0.0 0 0.7 6 210 M M 2 12 7 200
25 55 28 42 0 23 0 0.00 0.0 0 1.4 8 150 M M 0 1 10 150
26 51 33 42 0 23 0 T 0.0 0 2.3 9 130 M M 7 11 140
27 58 45 52 10 13 0 0.00 0.0 0 0.4 6 180 M M 7 1 7 10
28 52 42 47 5 18 0 0.00 0.0 0 0.9 5 330 M M 9 1 6 360
29 49 45 47 5 18 0 0.01 0.0 0 3.1 8 360 M M 10 1 10 350
30 47 41 44 3 21 0 T 0.0 0 2.7 8 160 M M 9 1 10 20
================================================================================
SM 1634 1185 534 0 1.04 0.0 75.9 M 199
================================================================================
AV 54.5 39.5 2.5 FASTST M M 7 MAX(MPH)
MISC ----> 37 150 48 160
================================================================================
NOTES:
# LAST OF SEVERAL OCCURRENCES
COLUMN 17 PEAK WIND IN M.P.H.
PRELIMINARY LOCAL CLIMATOLOGICAL DATA (WS FORM: F-6) , PAGE 2
STATION: MEDFORD OR
MONTH: NOVEMBER
YEAR: 2021
LATITUDE: 42 22 N
LONGITUDE: 122 52 W
[TEMPERATURE DATA] [PRECIPITATION DATA] SYMBOLS USED IN COLUMN 16
AVERAGE MONTHLY: 47.0 TOTAL FOR MONTH: 1.04 1 = FOG OR MIST
DPTR FM NORMAL: 1.8 DPTR FM NORMAL: -1.57 2 = FOG REDUCING VISIBILITY
HIGHEST: 70 ON 3 GRTST 24HR 0.37 ON 8- 9 TO 1/4 MILE OR LESS
LOWEST: 27 ON 24 3 = THUNDER
SNOW, ICE PELLETS, HAIL 4 = ICE PELLETS
TOTAL MONTH: 0.0 INCH 5 = HAIL
GRTST 24HR 0.0 6 = FREEZING RAIN OR DRIZZLE
GRTST DEPTH: 0 7 = DUSTSTORM OR SANDSTORM:
VSBY 1/2 MILE OR LESS
8 = SMOKE OR HAZE
[NO. OF DAYS WITH] [WEATHER - DAYS WITH] 9 = BLOWING SNOW
X = TORNADO
MAX 32 OR BELOW: 0 0.01 INCH OR MORE: 13
MAX 90 OR ABOVE: 0 0.10 INCH OR MORE: 3
MIN 32 OR BELOW: 6 0.50 INCH OR MORE: 0
MIN 0 OR BELOW: 0 1.00 INCH OR MORE: 0
[HDD (BASE 65) ]
TOTAL THIS MO. 534 CLEAR (SCALE 0-3) 3
DPTR FM NORMAL -60 PTCLDY (SCALE 4-7) 16
TOTAL FM JUL 1 870 CLOUDY (SCALE 8-10) 11
DPTR FM NORMAL -67
[CDD (BASE 65) ]
TOTAL THIS MO. 0
DPTR FM NORMAL 0 [PRESSURE DATA]
TOTAL FM JAN 1 1333 HIGHEST SLP 30.50 ON 21
DPTR FM NORMAL 424 LOWEST SLP 29.64 ON 8
[REMARKS]
#FINAL-11-21#