000
CXUS54 KBMX 011110
CF6MGM
PRELIMINARY LOCAL CLIMATOLOGICAL DATA (WS FORM: F-6)
STATION: MONTGOMERY
MONTH: DECEMBER
YEAR: 2021
LATITUDE: 32 17 N
LONGITUDE: 86 24 W
TEMPERATURE IN F: :PCPN: SNOW: WIND :SUNSHINE: SKY :PK WND
================================================================================
1 2 3 4 5 6A 6B 7 8 9 10 11 12 13 14 15 16 17 18
12Z AVG MX 2MIN
DY MAX MIN AVG DEP HDD CDD WTR SNW DPTH SPD SPD DIR MIN PSBL S-S WX SPD DR
================================================================================
1 74 39 57 4 8 0 0.00 0.0 0 2.7 12 220 M M 0 17 200
2 76 41 59 7 6 0 0.00 0.0 0 3.4 14 260 M M 2 1 20 260
3 75 44 60 8 5 0 0.00 0.0 0 1.6 8 270 M M 2 12 11 290
4 75 47 61 9 4 0 0.00 0.0 0 1.8 7 290 M M 6 12 9 290
5 79 57 68 16 0 3 0.00 0.0 0 5.0 14 160 M M 6 18 180
6 78 53 66 14 0 1 0.82 0.0 0 7.1 21 210 M M 8 13 26 220
7 55 46 51 -1 14 0 0.09 0.0 0 5.0 13 360 M M 10 1 16 360
8 59 40 50 -1 15 0 0.62 0.0 0 4.3 18 300 M M 6 13 21 300
9 70 37 54 3 11 0 0.22 0.0 0 4.9 13 120 M M 5 1 17 130
10 77 58 68 17 0 3 0.45 0.0 0 5.6 13 180 M M 8 12 18 160
11 82 50 66 15 0 1 0.24 0.0 0 10.0 24 300 M M 8 13 32 320
12 62 39 51 0 14 0 0.00 0.0 0 4.0 15 340 M M 0 20 330
13 67 36 52 1 13 0 0.00 0.0 0 2.7 9 90 M M 0 12 70
14 70 39 55 5 10 0 0.00 0.0 M 2.7 8 60 M M 0 1 11 70
15 67 43 55 5 10 0 0.00 0.0 0 4.8 13 100 M M 4 1 16 90
16 71 50 61 11 4 0 0.00 0.0 0 4.4 9 140 M M 5 1 11 150
17 72 54 63 13 2 0 0.03 0.0 0 3.5 10 70 M M 10 12 12 100
18 77 62 70 20 0 5 1.19 0.0 0 4.1 17 300 M M 10 13 25 300
19 63 39 51 1 14 0 T 0.0 0 8.8 22 320 M M 8 1 28 320
20 51 37 44 -6 21 0 0.00 0.0 M 7.4 17 80 M M 9 1 21 90
21 49 39 44 -5 21 0 0.06 M M 5.3 12 360 M M 8 1 14 350
22 63 35 49 0 16 0 0.00 0.0 0 6.5 14 310 M M 0 19 300
23 64 30 47 -2 18 0 0.00 0.0 0 2.3 7 130 M M 0 11 150
24 73 34 54 5 11 0 0.00 0.0 0 5.8 17 210 M M 1 23 220
25 77 56 67 18 0 2 0.00 0.0 0 7.4 17 230 M M 4 24 230
26 76 61 69 20 0 4 T 0.0 M 4.8 12 250 M M 7 15 240
27 78 59 69 20 0 4 0.00 0.0 0 6.1 16 240 M M 7 21 230
28 81 64 73 25 0 8 0.00 0.0 0 9.7 21 200 M M 8 1 28 210
29 80 69 75 27 0 10 0.60 0.0 0 8.6 17 200 M M 8 1 22 170
30 85 61 73 25 0 8 0.31 0.0 0 7.1 26 300 M M 7 123 32 220
31 83 62 73 25 0 8 0.00 0.0 0 7.1 20 190 M M 6 1 26 210
================================================================================
SM 2209 1481 217 57 4.63 0.0 164.5 M 163
================================================================================
AV 71.3 47.8 5.3 FASTST M M 5 MAX(MPH)
MISC ----> 26 300 # 32 320
================================================================================
NOTES:
# LAST OF SEVERAL OCCURRENCES
COLUMN 17 PEAK WIND IN M.P.H.
PRELIMINARY LOCAL CLIMATOLOGICAL DATA (WS FORM: F-6) , PAGE 2
STATION: MONTGOMERY
MONTH: DECEMBER
YEAR: 2021
LATITUDE: 32 17 N
LONGITUDE: 86 24 W
[TEMPERATURE DATA] [PRECIPITATION DATA] SYMBOLS USED IN COLUMN 16
AVERAGE MONTHLY: 59.5 TOTAL FOR MONTH: 4.63 1 = FOG OR MIST
DPTR FM NORMAL: 9.3 DPTR FM NORMAL: -0.36 2 = FOG REDUCING VISIBILITY
HIGHEST: 85 ON 30 GRTST 24HR 1.21 ON 17-18 TO 1/4 MILE OR LESS
LOWEST: 30 ON 23 3 = THUNDER
SNOW, ICE PELLETS, HAIL 4 = ICE PELLETS
TOTAL MONTH: 0.0 INCH 5 = HAIL
GRTST 24HR 0.0 6 = FREEZING RAIN OR DRIZZLE
GRTST DEPTH: 0 7 = DUSTSTORM OR SANDSTORM:
VSBY 1/2 MILE OR LESS
8 = SMOKE OR HAZE
[NO. OF DAYS WITH] [WEATHER - DAYS WITH] 9 = BLOWING SNOW
X = TORNADO
MAX 32 OR BELOW: 0 0.01 INCH OR MORE: 11
MAX 90 OR ABOVE: 0 0.10 INCH OR MORE: 8
MIN 32 OR BELOW: 1 0.50 INCH OR MORE: 4
MIN 0 OR BELOW: 0 1.00 INCH OR MORE: 1
[HDD (BASE 65) ]
TOTAL THIS MO. 217 CLEAR (SCALE 0-3) 9
DPTR FM NORMAL -247 PTCLDY (SCALE 4-7) 16
TOTAL FM JUL 1 577 CLOUDY (SCALE 8-10) 6
DPTR FM NORMAL -238
[CDD (BASE 65) ]
TOTAL THIS MO. 57
DPTR FM NORMAL 50 [PRESSURE DATA]
TOTAL FM JAN 1 2493 HIGHEST SLP 30.44 ON 14
DPTR FM NORMAL -46 LOWEST SLP 29.83 ON 30
[REMARKS]
#FINAL-12-21#