000
CXUS51 KPBZ 011648
CLSMGW
CLIMATE REPORT
NATIONAL WEATHER SERVICE PITTSBURGH PA
1148 AM EST FRI DEC 01 2023
...................................
...THE MORGANTOWN WV CLIMATE SUMMARY FOR THE SEASON, FROM
9/1/2023 TO 11/30/2023...
CLIMATE NORMAL PERIOD 1991 TO 2020
CLIMATE RECORD PERIOD 1872 TO 2023
WEATHER OBSERVED NORMAL DEPART LAST YEAR`S
VALUE DATE(S) VALUE FROM VALUE DATE(S)
NORMAL
................................................................
TEMPERATURE (F)
RECORD
HIGH 102 09/23/1893
09/03/1953
LOW -1 11/30/1929
HIGHEST 90 09/04 88 2 86 09/02
09/05
09/06
09/03
LOWEST 18 11/29 18 0 19 11/21
AVG. MAXIMUM 66.6 65.7 0.9 65.4
AVG. MINIMUM 45.9 45.5 0.4 44.8
MEAN 56.3 55.6 0.7 55.1
DAYS MAX >= 90 3 1.5 1.5 0
DAYS MAX <= 32 1 0.9 0.1 2
DAYS MIN <= 32 18 14.6 3.4 13
DAYS MIN <= 0 0 0.0 0.0 0
PRECIPITATION (INCHES)
RECORD
MAXIMUM 16.40 2011
MINIMUM 2.05 1908
TOTALS 7.01 9.52 -2.51 10.12
DAILY AVG. 0.08 0.10 -0.02 0.11
DAYS >= .01 27 33.4 -6.4 36
DAYS >= .10 15 20.5 -5.5 20
DAYS >= .50 6 5.7 0.3 5
DAYS >= 1.00 0 1.8 -1.8 3
GREATEST
24 HR. TOTAL 1.26 10/29 TO 10/30
STORM TOTAL 0.94
(MM/DD(HH))
DEGREE DAYS
HEATING TOTAL 908 988 -80 1008
SINCE 7/1 908 991 -83 MM
COOLING TOTAL 134 130 4 128
SINCE 1/1 884 929 -45 MM
................................................................
WIND (MPH)
AVERAGE WIND SPEED 4.0
HIGHEST WIND SPEED/DIRECTION 21/140 DATE 11/21
HIGHEST GUST SPEED/DIRECTION 31/130 DATE 11/21
AVERAGE RH (PERCENT) 70
WEATHER CONDITIONS. NUMBER OF DAYS WITH
THUNDERSTORM 4 MIXED PRECIP 3
HEAVY RAIN 7 RAIN 18
LIGHT RAIN 32 FREEZING RAIN 0
LT FREEZING RAIN 0 HAIL 0
HEAVY SNOW 0 SNOW 1
LIGHT SNOW 3 SLEET 0
FOG 51 FOG W/VIS <= 1/4 MILE 12
HAZE 9
- INDICATES NEGATIVE NUMBERS.
R INDICATES RECORD WAS SET OR TIED.
MM INDICATES DATA IS MISSING.
T INDICATES TRACE AMOUNT.
$$