987
CXUS53 KTOP 010910
CF6MHK
PRELIMINARY LOCAL CLIMATOLOGICAL DATA (WS FORM: F-6)
STATION: MANHATTAN KS
MONTH: FEBRUARY
YEAR: 2021
LATITUDE: 39 9 N
LONGITUDE: 96 40 W
TEMPERATURE IN F: :PCPN: SNOW: WIND :SUNSHINE: SKY :PK WND
================================================================================
1 2 3 4 5 6A 6B 7 8 9 10 11 12 13 14 15 16 17 18
12Z AVG MX 2MIN
DY MAX MIN AVG DEP HDD CDD WTR SNW DPTH SPD SPD DIR MIN PSBL S-S WX SPD DR
================================================================================
1 38 18 28 -2 37 0 0.00 M M 1.7 7 30 M M 4 18 9 30
2 52 24 38 8 27 0 0.00 M M 6.7 17 170 M M 0 1 23 180
3 64 25 45 15 20 0 0.00 M M 7.6 21 170 M M 0 29 180
4 47 22 35 4 30 0 T M M 8.9 21 360 M M 4 9 39 10
5 48 19 34 3 31 0 0.00 M M 6.8 14 30 M M 2 8 18 30
6 26 5 16 -15 49 0 0.01 M M 10.8 22 30 M M 7 8 29 20
7 11 6 9 -22 56 0 T M M 10.4 17 70 M M 9 8 20 60
8 9 6 8 -23 57 0 T M M 10.2 15 40 M M 10 19 40
9 16 6 11 -21 54 0 T M M 8.3 13 40 M M 8 17 50
10 16 10 13 -19 52 0 0.00 M M 10.7 18 40 M M 10 24 20
11 16 7 12 -20 53 0 0.00 M M 12.2 17 40 M M 10 26 50
12 8 0 4 -28 61 0 0.00 M M 13.0 21 30 M M 8 27 10
13 10 0 5 -27 60 0 T M M 11.3 17 40 M M 6 25 60
14 6 -8 -1 -34 66 0 0.01 M M 12.5 20 30 M M 9 8 26 30
15 0 -10 -5 -38 70 0 T M M 7.1 14 30 M M 5 21 40
16 11 -21 -5 -38 70 0 0.00 M M 1.9 10 120 M M 2 15 160
17 24 5 15 -18 50 0 0.03 M M 3.7 10 70 M M 8 8 13 80
18 29 6 18 -16 47 0 0.00 M M 2.2 10 360 M M 5 8 18 350
19 42 5 24 -10 41 0 0.00 M M 7.6 20 210 M M 0 26 210
20 55 19 37 3 28 0 0.00 M M 7.6 17 160 M M 0 8 23 160
21 46 30 38 3 27 0 0.00 M M 8.9 18 160 M M 6 28 330
22 66 24 45 10 20 0 0.00 M M 9.6 20 250 M M 0 29 280
23 74 23 49 14 16 0 0.00 M M 7.8 26 210 M M 0 36 200
24 50 24 37 1 28 0 0.00 M M 7.6 17 10 M M 0 29 10
25 47 20 34 -2 31 0 0.00 M M 1.5 8 140 M M 3 12 180
26 58 17 38 2 27 0 0.00 M M 4.5 16 240 M M 2 27 210
27 68 23 46 9 19 0 0.00 M M 9.5 26 170 M M 5 128 38 160
28 56 23 40 3 25 0 0.00 M M 7.1 18 20 M M 2 30 20
================================================================================
SM 993 328 1152 0 0.05 M 217.7 M 125
================================================================================
AV 35.5 11.7 7.8 FASTST M M 4 MAX(MPH)
MISC ----> # 26 210 39 10
================================================================================
NOTES:
# LAST OF SEVERAL OCCURRENCES
COLUMN 17 PEAK WIND IN M.P.H.
PRELIMINARY LOCAL CLIMATOLOGICAL DATA (WS FORM: F-6) , PAGE 2
STATION: MANHATTAN KS
MONTH: FEBRUARY
YEAR: 2021
LATITUDE: 39 9 N
LONGITUDE: 96 40 W
[TEMPERATURE DATA] [PRECIPITATION DATA] SYMBOLS USED IN COLUMN 16
AVERAGE MONTHLY: 23.6 TOTAL FOR MONTH: 0.05 1 = FOG OR MIST
DPTR FM NORMAL: -9.5 DPTR FM NORMAL: -1.02 2 = FOG REDUCING VISIBILITY
HIGHEST: 74 ON 23 GRTST 24HR 0.03 ON 17-17 TO 1/4 MILE OR LESS
LOWEST: -21 ON 16 3 = THUNDER
SNOW, ICE PELLETS, HAIL 4 = ICE PELLETS
TOTAL MONTH: M 5 = HAIL
GRTST 24HR M ON M 6 = FREEZING RAIN OR DRIZZLE
GRTST DEPTH: M ON M 7 = DUSTSTORM OR SANDSTORM:
VSBY 1/2 MILE OR LESS
8 = SMOKE OR HAZE
[NO. OF DAYS WITH] [WEATHER - DAYS WITH] 9 = BLOWING SNOW
X = TORNADO
MAX 32 OR BELOW: 13 0.01 INCH OR MORE: 3
MAX 90 OR ABOVE: 0 0.10 INCH OR MORE: 0
MIN 32 OR BELOW: 28 0.50 INCH OR MORE: 0
MIN 0 OR BELOW: 5 1.00 INCH OR MORE: 0
[HDD (BASE 65) ]
TOTAL THIS MO. 1152 CLEAR (SCALE 0-3) 12
DPTR FM NORMAL 258 PTCLDY (SCALE 4-7) 11
TOTAL FM JUL 1 4003 CLOUDY (SCALE 8-10) 5
DPTR FM NORMAL -157
[CDD (BASE 65) ]
TOTAL THIS MO. 0
DPTR FM NORMAL 0 [PRESSURE DATA]
TOTAL FM JAN 1 0 HIGHEST SLP 30.70 ON 14
DPTR FM NORMAL 0 LOWEST SLP 29.50 ON 4
[REMARKS]
#FINAL-02-21#