000
CXUS52 KMFL 011311
CLMMIA
CLIMATE REPORT
NATIONAL WEATHER SERVICE MIAMI, FL
911 AM EDT TUE AUG 01 2023
...................................
...THE MIAMI CLIMATE SUMMARY FOR THE MONTH OF JULY 2023...
CLIMATE NORMAL PERIOD: 1991 TO 2020
CLIMATE RECORD PERIOD: 1895 TO 2023
WEATHER OBSERVED NORMAL DEPART LAST YEAR`S
VALUE DATE(S) VALUE FROM VALUE
NORMAL
..............................................................
TEMPERATURE (F)
RECORD
HIGH 100 07/21/1942
LOW 66 07/13/1936
07/04/1929
HIGHEST 98 07/23 94
LOWEST 75 07/09 72
07/15
07/16
AVG. MAXIMUM 93.9 90.6 3.3 90.6
AVG. MINIMUM 79.2 77.5 1.7 78.9
MEAN 86.5 84.1 2.4 84.7
DAYS MAX >= 90 29 28
DAYS MAX <= 32 0 0
DAYS MIN <= 32 0 0
DAYS MIN <= 0 0 0
PRECIPITATION (INCHES)
RECORD
MAXIMUM 15.33 1941
MINIMUM 0.48 1932
TOTALS 7.42 7.36 0.06 4.81
DAILY AVG. 0.24 0.24 0.00
DAYS >= .01 19 17
DAYS >= .10 12 8
DAYS >= .50 3 3
DAYS >= 1.00 1 1
GREATEST
24 HR. TOTAL 3.85 07/01 TO 07/02 1.97
DEGREE DAYS
HEATING TOTAL 0 0 0 0
SINCE 7/1 0 0 0 MM
COOLING TOTAL 675 590 85 621
SINCE 1/1 3116 2540 576 MM
..............................................................
WIND (MPH)
AVERAGE WIND SPEED 4.9
HIGHEST WIND SPEED/DIRECTION 26/060 DATE 07/26
HIGHEST GUST SPEED/DIRECTION 36/060 DATE 07/26
SKY COVER
POSSIBLE SUNSHINE (PERCENT) MM
AVERAGE SKY COVER 0.64
NUMBER OF DAYS FAIR 1
NUMBER OF DAYS PC 24
NUMBER OF DAYS CLOUDY 6
AVERAGE RH (PERCENT) 72
WEATHER CONDITIONS. NUMBER OF DAYS WITH
THUNDERSTORM 29 MIXED PRECIP 0
HEAVY RAIN 12 RAIN 6
LIGHT RAIN 16 FREEZING RAIN 0
LT FREEZING RAIN 0 HAIL 0
HEAVY SNOW 0 SNOW 0
LIGHT SNOW 0 SLEET 0
FOG 6 FOG W/VIS <= 1/4 MILE 0
HAZE 5
- INDICATES NEGATIVE NUMBERS.
R INDICATES RECORD WAS SET OR TIED.
MM INDICATES DATA IS MISSING.
T INDICATES TRACE AMOUNT.
$$