000
CXUS53 KDMX 011349
CF6MIW
PRELIMINARY LOCAL CLIMATOLOGICAL DATA (WS FORM: F-6)
STATION: MARSHALLTOWN IA
MONTH: JANUARY
YEAR: 2023
LATITUDE: 42 6 N
LONGITUDE: 92 55 W
TEMPERATURE IN F: :PCPN: SNOW: WIND :SUNSHINE: SKY :PK WND
================================================================================
1 2 3 4 5 6A 6B 7 8 9 10 11 12 13 14 15 16 17 18
12Z AVG MX 2MIN
DY MAX MIN AVG DEP HDD CDD WTR SNW DPTH SPD SPD DIR MIN PSBL S-S WX SPD DR
================================================================================
1 39 23 31 11 34 0 0.00 0.0 M 2.5 8 340 M M 5 12 10 190
2 38 31 35 15 30 0 0.26 0.0 M 12.6 25 60 M M 4 1 35 60
3 41 32 37 17 28 0 0.52 0.0 M 14.2 31 80 M M 10 12 41 80
4 32 27 30 10 35 0 M M M 14.0 20 260 M M 10 1 26 280
5 28 15 22 3 43 0 M M M 14.3 22 300 M M 8 1 27 290
6 27 9 18 -1 47 0 0.00 0.0 M 6.4 15 30 M M 0 18 19 30
7 17 5 11 -8 54 0 T M M 5.0 15 360 M M 3 128 18 10
8 26 17 22 3 43 0 0.00 0.0 M 5.1 10 230 M M 6 128 12 210
9 45 15 30 11 35 0 0.00 0.0 M 6.1 15 170 M M 0 1 23 160
10 35 22 29 10 36 0 0.00 0.0 M 5.9 13 70 M M 2 1 15 70
11 40 25 33 14 32 0 0.00 0.0 M 9.1 18 350 M M 6 18 25 340
12 30 19 25 6 40 0 T M M 19.0 26 310 M M 10 1 32 320
13 21 12 17 -2 48 0 0.00 0.0 M 8.7 21 320 M M 8 1 27 320
14 37 15 26 8 39 0 0.00 0.0 M 14.1 23 150 M M 2 1 30 160
15 43 30 37 19 28 0 T 0.0 M 14.7 23 150 M M 1 31 120
16 50 35 43 25 22 0 0.19 0.0 M 15.5 23 260 M M 10 13 31 270
17 36 32 34 16 31 0 0.00 0.0 M 14.3 22 290 M M 10 1 30 300
18 35 28 32 14 33 0 M M M 13.7 26 70 M M 10 1 35 60
19 33 28 31 13 34 0 M M M 18.4 28 290 M M 10 18 35 300
20 29 21 25 7 40 0 0.00 0.0 M 13.7 26 310 M M 10 1 34 300
21 30 21 26 8 39 0 M M M 5.6 12 220 M M 10 12 16 230
22 27 14 21 3 44 0 M M M 6.8 13 310 M M 10 12 16 310
23 31 6 19 0 46 0 T M M 10.3 20 260 M M 7 128 23 260
24 32 15 24 5 41 0 0.00 0.0 M 4.6 9 260 M M 8 128 13 250
25 32 13 23 4 42 0 T M M 13.4 29 310 M M 10 18 37 310
26 19 5 12 -7 53 0 0.00 0.0 M 14.8 25 300 M M 5 32 300
27 37 12 25 6 40 0 T M M 15.7 35 300 M M 5 18 45 300
28 17 8 13 -6 52 0 M M M 16.1 26 360 M M 9 128 35 360
29 8 0 4 -15 61 0 T M M 15.0 25 350 M M 6 18 32 350
30 7 -8 0 -19 65 0 0.00 0.0 M 8.8 18 320 M M 4 22 340
31 16 -11 3 -16 62 0 0.00 0.0 M 7.0 16 210 M M 0 21 210
================================================================================
SM 938 516 1277 0 0.97 0.0 345.4 M 199
================================================================================
AV 30.3 16.6 11.1 FASTST M M 6 MAX(MPH)
MISC ----> 35 300 45 300
================================================================================
NOTES:
# LAST OF SEVERAL OCCURRENCES
COLUMN 17 PEAK WIND IN M.P.H.
PRELIMINARY LOCAL CLIMATOLOGICAL DATA (WS FORM: F-6) , PAGE 2
STATION: MARSHALLTOWN IA
MONTH: JANUARY
YEAR: 2023
LATITUDE: 42 6 N
LONGITUDE: 92 55 W
[TEMPERATURE DATA] [PRECIPITATION DATA] SYMBOLS USED IN COLUMN 16
AVERAGE MONTHLY: 23.5 TOTAL FOR MONTH: 0.97 1 = FOG OR MIST
DPTR FM NORMAL: 4.6 DPTR FM NORMAL: 0.20 2 = FOG REDUCING VISIBILITY
HIGHEST: 50 ON 16 GRTST 24HR 0.67 ON 2- 3 TO 1/4 MILE OR LESS
LOWEST: -11 ON 31 3 = THUNDER
SNOW, ICE PELLETS, HAIL 4 = ICE PELLETS
TOTAL MONTH: 0.0 INCH 5 = HAIL
GRTST 24HR 0.0 6 = FREEZING RAIN OR DRIZZLE
GRTST DEPTH: M ON M 7 = DUSTSTORM OR SANDSTORM:
VSBY 1/2 MILE OR LESS
8 = SMOKE OR HAZE
[NO. OF DAYS WITH] [WEATHER - DAYS WITH] 9 = BLOWING SNOW
X = TORNADO
MAX 32 OR BELOW: 18 0.01 INCH OR MORE: 3
MAX 90 OR ABOVE: 0 0.10 INCH OR MORE: 3
MIN 32 OR BELOW: 30 0.50 INCH OR MORE: 1
MIN 0 OR BELOW: 3 1.00 INCH OR MORE: 0
[HDD (BASE 65) ]
TOTAL THIS MO. 1277 CLEAR (SCALE 0-3) 6
DPTR FM NORMAL -152 PTCLDY (SCALE 4-7) 13
TOTAL FM JUL 1 3983 CLOUDY (SCALE 8-10) 12
DPTR FM NORMAL -191
[CDD (BASE 65) ]
TOTAL THIS MO. 0
DPTR FM NORMAL 0 [PRESSURE DATA]
TOTAL FM JAN 1 0 HIGHEST SLP 30.58 ON 30
DPTR FM NORMAL 0 LOWEST SLP 29.29 ON 16
[REMARKS]
#FINAL-01-23#