000
CXUS53 KEAX 280736
CF6MKC
PRELIMINARY LOCAL CLIMATOLOGICAL DATA (WS FORM: F-6)
STATION: DOWNTOWN KANSAS CITY MO
MONTH: MARCH
YEAR: 2024
LATITUDE: 39 7 N
LONGITUDE: 94 36 W
TEMPERATURE IN F: :PCPN: SNOW: WIND :SUNSHINE: SKY :PK WND
================================================================================
1 2 3 4 5 6A 6B 7 8 9 10 11 12 13 14 15 16 17 18
12Z AVG MX 2MIN
DY MAX MIN AVG DEP HDD CDD WTR SNW DPTH SPD SPD DIR MIN PSBL S-S WX SPD DR
================================================================================
1 58 40 49 8 16 0 T M M 9.7 23 200 M M 6 32 210
2 74 39 57 16 8 0 0.00 M M 10.6 23 170 M M 0 37 170
3 83 54 69 27 0 4 0.00 M M 13.9 33 210 M M 1 44 200
4 77 46 62 20 3 0 0.00 M M 12.3 24 200 M M 6 35 200
5 57 41 49 7 16 0 0.00 M M 8.1 16 10 M M 6 22 40
6 64 34 49 6 16 0 0.00 M M 5.9 15 110 M M 0 1 23 70
7 53 45 49 6 16 0 0.63 M M 6.9 13 90 M M 8 13 21 80
8 51 36 44 1 21 0 0.00 M M 10.5 20 340 M M 10 1 29 340
9 55 31 43 -1 22 0 0.00 M M 6.6 17 330 M M 0 24 310
10 64 28 46 2 19 0 0.00 M M 5.7 16 190 M M 0 24 210
11 72 44 58 13 7 0 0.00 M M 14.0 26 210 M M 0 33 200
12 76 54 65 20 0 0 0.00 M M 12.6 21 230 M M 1 3 29 220
13 76 46 61 16 4 0 1.51 M M 6.3 25 320 M M 2 138 34 280
14 70 53 62 16 3 0 0.02 M M 8.5 21 360 M M 6 3 27 10
15 65 46 56 10 9 0 0.00 M M 6.9 17 10 M M 3 23 360
16 68 44 56 10 9 0 0.00 M M 9.2 21 310 M M 2 33 300
17 48 32 40 -7 25 0 0.00 M M 11.0 24 320 M M 1 37 340
18 42 25 34 -13 31 0 0.00 M M 9.7 20 310 M M 1 27 10
19 69 32 51 3 14 0 0.00 M M 8.4 20 230 M M 0 28 230
20 57 39 48 0 17 0 0.00 M M 9.4 17 20 M M 0 27 20
21 62 38 50 2 15 0 0.00 M M 9.3 17 90 M M 2 25 110
22 57 36 47 -2 18 0 0.00 M M 12.8 26 10 M M 7 35 10
23 49 32 41 -8 24 0 0.00 M M 9.8 17 90 M M 6 28 100
24 60 46 53 4 12 0 0.07 M M 11.9 23 150 M M 7 37 150
25 67 41 54 4 11 0 0.02 M M 14.0 24 140 M M 5 3 40 120
26 41 31 36 -14 29 0 0.01 M M 12.5 22 280 M M 9 1 31 210
27 51 25 38 -12 27 0 0.00 M M 3.2 10 300 M M 2 13 300
================================================================================
SM 1666 1058 392 4 2.26 M 259.7 M 91
================================================================================
AV 61.7 39.2 9.6 FASTST M M 3 MAX(MPH)
MISC ----> 33 210 44 200
================================================================================
NOTES:
# LAST OF SEVERAL OCCURRENCES
COLUMN 17 PEAK WIND IN M.P.H.
PRELIMINARY LOCAL CLIMATOLOGICAL DATA (WS FORM: F-6) , PAGE 2
STATION: DOWNTOWN KANSAS CITY MO
MONTH: MARCH
YEAR: 2024
LATITUDE: 39 7 N
LONGITUDE: 94 36 W
[TEMPERATURE DATA] [PRECIPITATION DATA] SYMBOLS USED IN COLUMN 16
AVERAGE MONTHLY: 50.4 TOTAL FOR MONTH: 2.26 1 = FOG OR MIST
DPTR FM NORMAL: 4.8 DPTR FM NORMAL: 0.50 2 = FOG REDUCING VISIBILITY
HIGHEST: 83 ON 3 GRTST 24HR 1.53 ON 13-14 TO 1/4 MILE OR LESS
LOWEST: 25 ON 27,18 3 = THUNDER
SNOW, ICE PELLETS, HAIL 4 = ICE PELLETS
TOTAL MONTH: M 5 = HAIL
GRTST 24HR M ON M 6 = FREEZING RAIN OR DRIZZLE
GRTST DEPTH: M ON M 7 = DUSTSTORM OR SANDSTORM:
VSBY 1/2 MILE OR LESS
8 = SMOKE OR HAZE
[NO. OF DAYS WITH] [WEATHER - DAYS WITH] 9 = BLOWING SNOW
X = TORNADO
MAX 32 OR BELOW: 0 0.01 INCH OR MORE: 6
MAX 90 OR ABOVE: 0 0.10 INCH OR MORE: 2
MIN 32 OR BELOW: 8 0.50 INCH OR MORE: 2
MIN 0 OR BELOW: 0 1.00 INCH OR MORE: 1
[HDD (BASE 65) ]
TOTAL THIS MO. 392 CLEAR (SCALE 0-3) 16
DPTR FM NORMAL -134 PTCLDY (SCALE 4-7) 9
TOTAL FM JUL 1 3542 CLOUDY (SCALE 8-10) 2
DPTR FM NORMAL -649
[CDD (BASE 65) ]
TOTAL THIS MO. 4
DPTR FM NORMAL 4 [PRESSURE DATA]
TOTAL FM JAN 1 4 HIGHEST SLP M ON M
DPTR FM NORMAL 4 LOWEST SLP 29.29 ON 25
[REMARKS]