000
CXUS54 KTSA 010840
CF6MKO
PRELIMINARY LOCAL CLIMATOLOGICAL DATA (WS FORM: F-6)
STATION: MUSKOGEE OKLAHOMA
MONTH: APRIL
YEAR: 2020
LATITUDE: 35 40 N
LONGITUDE: 95 22 W
TEMPERATURE IN F: :PCPN: SNOW: WIND :SUNSHINE: SKY :PK WND
================================================================================
1 2 3 4 5 6A 6B 7 8 9 10 11 12 13 14 15 16 17 18
12Z AVG MX 2MIN
DY MAX MIN AVG DEP HDD CDD WTR SNW DPTH SPD SPD DIR MIN PSBL S-S WX SPD DR
================================================================================
1 72 43 58 2 7 0 0.00 0.0 0 7.5 18 140 M M 0 1 25 150
2 76 56 66 9 0 1 T 0.0 0 13.0 26 160 M M 2 3 40 160
3 61 37 49 -8 16 0 0.24 0.0 0 12.7 21 360 M M 10 13 28 310
4 43 37 40 -17 25 0 T 0.0 0 8.9 14 360 M M 9 1 19 10
5 61 43 52 -6 13 0 0.00 0.0 0 4.5 10 160 M M 10 18 14 150
6 74 56 65 7 0 0 T 0.0 0 8.3 17 190 M M 9 25 180
7 85 63 74 16 0 9 0.00 0.0 0 8.7 18 190 M M 5 28 180
8 93 62 78 20 0 13 T 0.0 0 7.9 24 360 M M 0 1 37 10
9 73 49 61 2 4 0 0.00 0.0 0 10.4 23 40 M M 0 30 20
10 66 40 53 -6 12 0 0.00 0.0 0 7.2 14 10 M M 0 20 30
11 69 49 59 0 6 0 0.38 0.0 0 11.2 29 280 M M 6 13 41 280
12 68 39 54 -5 11 0 0.91 0.0 0 12.0 31 340 M M 8 13 42 350
13 49 34 42 -18 23 0 0.00 0.0 0 14.4 29 340 M M 7 41 360
14 52 36 44 -16 21 0 0.00 0.0 0 6.8 18 10 M M 8 24 360
15 63 30 47 -13 18 0 0.00 0.0 0 4.1 13 220 M M 0 1 19 190
16 72 39 56 -4 9 0 0.00 0.0 0 11.2 22 160 M M 1 33 180
17 61 35 48 -13 17 0 0.00 0.0 0 11.0 24 330 M M 8 18 30 330
18 69 29 49 -12 16 0 T 0.0 0 5.9 15 140 M M 2 12 22 140
19 66 48 57 -4 8 0 T 0.0 0 4.5 13 350 M M 8 123 17 50
20 77 46 62 1 3 0 0.00 0.0 0 5.6 14 20 M M 5 123 23 180
21 82 48 65 3 0 0 0.00 0.0 0 3.5 12 140 M M 2 12 17 140
22 66 57 62 0 3 0 1.22 0.0 0 13.3 26 340 M M 8 13 40 110
23 78 56 67 5 0 2 0.00 0.0 0 8.6 17 340 M M 5 25 330
24 77 56 67 5 0 2 0.67 0.0 0 9.2 31 280 M M 4 13 48 280
25 74 51 63 0 2 0 0.00 0.0 0 11.9 22 350 M M 4 32 320
26 78 44 61 -2 4 0 0.00 0.0 0 3.8 9 130 M M 0 1 14 330
27 78 56 67 4 0 2 T 0.0 0 9.8 23 140 M M 6 35 160
28 80 61 71 8 0 6 0.65 0.0 0 9.8 39 300 M M 5 13 53 290
29 72 51 62 -2 3 0 0.00 0.0 0 13.6 26 330 M M 1 40 330
30 77 48 63 -1 2 0 0.00 0.0 0 5.1 12 310 M M 0 19 330
================================================================================
SM 2112 1399 223 35 4.07 0.0 264.4 M 133
================================================================================
AV 70.4 46.6 8.8 FASTST M M 4 MAX(MPH)
MISC ----> # 39 300 # 53 290
================================================================================
NOTES:
# LAST OF SEVERAL OCCURRENCES
COLUMN 17 PEAK WIND IN M.P.H.
PRELIMINARY LOCAL CLIMATOLOGICAL DATA (WS FORM: F-6) , PAGE 2
STATION: MUSKOGEE OKLAHOMA
MONTH: APRIL
YEAR: 2020
LATITUDE: 35 40 N
LONGITUDE: 95 22 W
[TEMPERATURE DATA] [PRECIPITATION DATA] SYMBOLS USED IN COLUMN 16
AVERAGE MONTHLY: 58.5 TOTAL FOR MONTH: 4.07 1 = FOG OR MIST
DPTR FM NORMAL: -1.7 DPTR FM NORMAL: 0.10 2 = FOG REDUCING VISIBILITY
HIGHEST: 93 ON 8 GRTST 24HR 1.22 ON 22-22 TO 1/4 MILE OR LESS
LOWEST: 29 ON 18 3 = THUNDER
SNOW, ICE PELLETS, HAIL 4 = ICE PELLETS
TOTAL MONTH: 0.0 INCH 5 = HAIL
GRTST 24HR 0.0 6 = FREEZING RAIN OR DRIZZLE
GRTST DEPTH: 0 7 = DUSTSTORM OR SANDSTORM:
VSBY 1/2 MILE OR LESS
8 = SMOKE OR HAZE
[NO. OF DAYS WITH] [WEATHER - DAYS WITH] 9 = BLOWING SNOW
X = TORNADO
MAX 32 OR BELOW: 0 0.01 INCH OR MORE: 6
MAX 90 OR ABOVE: 1 0.10 INCH OR MORE: 6
MIN 32 OR BELOW: 2 0.50 INCH OR MORE: 4
MIN 0 OR BELOW: 0 1.00 INCH OR MORE: 1
[HDD (BASE 65) ]
TOTAL THIS MO. 223 CLEAR (SCALE 0-3) 12
DPTR FM NORMAL 41 PTCLDY (SCALE 4-7) 12
TOTAL FM JUL 1 3162 CLOUDY (SCALE 8-10) 6
DPTR FM NORMAL -301
[CDD (BASE 65) ]
TOTAL THIS MO. 35
DPTR FM NORMAL -5 [PRESSURE DATA]
TOTAL FM JAN 1 65 HIGHEST SLP 30.39 ON 14
DPTR FM NORMAL 15 LOWEST SLP 29.45 ON 12
[REMARKS]
#FINAL-04-20#