000
CXUS54 KTSA 010950
CF6MLC
PRELIMINARY LOCAL CLIMATOLOGICAL DATA (WS FORM: F-6)
STATION: MCALESTER OKLAHOMA
MONTH: FEBRUARY
YEAR: 2023
LATITUDE: 34 52 N
LONGITUDE: 95 47 W
TEMPERATURE IN F: :PCPN: SNOW: WIND :SUNSHINE: SKY :PK WND
================================================================================
1 2 3 4 5 6A 6B 7 8 9 10 11 12 13 14 15 16 17 18
12Z AVG MX 2MIN
DY MAX MIN AVG DEP HDD CDD WTR SNW DPTH SPD SPD DIR MIN PSBL S-S WX SPD DR
================================================================================
1 30 22 26 -17 39 0 T M M 2.9 8 10 M M 5 11 30
2 33 26 30 -13 35 0 0.06 0.0 M 3.5 9 360 M M 9 126 12 310
3 50 22 36 -7 29 0 0.00 0.0 M 4.1 12 10 M M 2 12 17 10
4 57 37 47 4 18 0 0.00 0.0 M 9.1 21 210 M M 1 35 220
5 68 33 51 8 14 0 0.00 0.0 M 4.2 10 210 M M 2 1 14 200
6 67 50 59 16 6 0 0.00 0.0 M 9.1 20 180 M M 6 1 37 180
7 63 44 54 10 11 0 0.44 0.0 M 10.7 17 20 M M 10 1 25 40
8 47 38 43 -1 22 0 1.10 0.0 M 9.9 20 250 M M 10 13 31 270
9 57 32 45 1 20 0 0.00 0.0 M 6.9 16 240 M M 2 23 240
10 45 33 39 -5 26 0 0.20 M M 9.7 20 360 M M 10 1 29 350
11 54 29 42 -2 23 0 T M M 3.6 10 350 M M 6 1 13 10
12 64 27 46 1 19 0 0.00 0.0 M 6.2 18 210 M M 2 27 210
13 65 30 48 3 17 0 0.00 0.0 M 3.0 13 150 M M 2 26 180
14 66 48 57 12 8 0 0.67 0.0 M 14.2 38 220 M M 7 1 55 220
15 77 39 58 13 7 0 0.86 0.0 M 6.3 26 310 M M 5 13 37 310
16 51 32 42 -4 23 0 T 0.0 M 14.7 25 310 M M 8 37 320
17 49 27 38 -8 27 0 0.00 0.0 M 5.8 21 360 M M 3 29 360
18 50 24 37 -9 28 0 0.00 0.0 M 7.1 18 210 M M 2 28 180
19 67 44 56 10 9 0 0.00 0.0 M 12.1 23 210 M M 2 32 210
20 74 52 63 16 2 0 0.00 0.0 M 9.9 21 210 M M 1 31 200
21 77 47 62 15 3 0 0.00 0.0 M 7.8 23 190 M M 2 41 200
22 75 56 66 19 0 1 0.28 0.0 M 11.8 31 230 M M 5 1 43 230
23 63 33 48 0 17 0 T 0.0 M 11.9 21 20 M M 4 32 330
24 41 33 37 -11 28 0 T 0.0 M 8.6 17 10 M M 8 22 20
25 48 38 43 -5 22 0 T 0.0 M 4.3 12 190 M M 10 19 190
26 69 48 59 11 6 0 0.23 0.0 M 7.5 37 250 M M 9 13 57 210
27 75 46 61 12 4 0 0.02 0.0 M 9.7 26 230 M M 4 8 36 220
28 79 45 62 13 3 0 0.00 0.0 M 7.7 20 230 M M 3 28 260
================================================================================
SM 1661 1035 466 1 3.86 0.0 222.3 M 140
================================================================================
AV 59.3 37.0 7.9 FASTST M M 5 MAX(MPH)
MISC ----> 38 220 57 210
================================================================================
NOTES:
# LAST OF SEVERAL OCCURRENCES
COLUMN 17 PEAK WIND IN M.P.H.
PRELIMINARY LOCAL CLIMATOLOGICAL DATA (WS FORM: F-6) , PAGE 2
STATION: MCALESTER OKLAHOMA
MONTH: FEBRUARY
YEAR: 2023
LATITUDE: 34 52 N
LONGITUDE: 95 47 W
[TEMPERATURE DATA] [PRECIPITATION DATA] SYMBOLS USED IN COLUMN 16
AVERAGE MONTHLY: 48.1 TOTAL FOR MONTH: 3.86 1 = FOG OR MIST
DPTR FM NORMAL: 2.6 DPTR FM NORMAL: 1.47 2 = FOG REDUCING VISIBILITY
HIGHEST: 79 ON 28 GRTST 24HR 1.39 ON 7- 8 TO 1/4 MILE OR LESS
LOWEST: 22 ON 3, 1 3 = THUNDER
SNOW, ICE PELLETS, HAIL 4 = ICE PELLETS
TOTAL MONTH: 0.0 INCH 5 = HAIL
GRTST 24HR 0.0 6 = FREEZING RAIN OR DRIZZLE
GRTST DEPTH: M ON M 7 = DUSTSTORM OR SANDSTORM:
VSBY 1/2 MILE OR LESS
8 = SMOKE OR HAZE
[NO. OF DAYS WITH] [WEATHER - DAYS WITH] 9 = BLOWING SNOW
X = TORNADO
MAX 32 OR BELOW: 1 0.01 INCH OR MORE: 9
MAX 90 OR ABOVE: 0 0.10 INCH OR MORE: 7
MIN 32 OR BELOW: 10 0.50 INCH OR MORE: 3
MIN 0 OR BELOW: 0 1.00 INCH OR MORE: 1
[HDD (BASE 65) ]
TOTAL THIS MO. 466 CLEAR (SCALE 0-3) 12
DPTR FM NORMAL -85 PTCLDY (SCALE 4-7) 9
TOTAL FM JUL 1 2348 CLOUDY (SCALE 8-10) 7
DPTR FM NORMAL -173
[CDD (BASE 65) ]
TOTAL THIS MO. 1
DPTR FM NORMAL -2 [PRESSURE DATA]
TOTAL FM JAN 1 5 HIGHEST SLP 30.63 ON 3
DPTR FM NORMAL 4 LOWEST SLP 29.38 ON 26
[REMARKS]
#FINAL-02-23#