000
CXUS51 KCAR 020047
CF6MLT
PRELIMINARY LOCAL CLIMATOLOGICAL DATA (WS FORM: F-6)
STATION: MILLINOCKET ME
MONTH: FEBRUARY
YEAR: 2024
LATITUDE: 45 39 N
LONGITUDE: 68 41 W
TEMPERATURE IN F: :PCPN: SNOW: WIND :SUNSHINE: SKY :PK WND
================================================================================
1 2 3 4 5 6A 6B 7 8 9 10 11 12 13 14 15 16 17 18
12Z AVG MX 2MIN
DY MAX MIN AVG DEP HDD CDD WTR SNW DPTH SPD SPD DIR MIN PSBL S-S WX SPD DR
================================================================================
1 33 25 29 15 36 0 M M M 2.2 8 160 M M 10 1 12 140
2 33 24 29 14 36 0 M M M 7.4 17 350 M M 10 12 26 30
3 28 17 23 8 42 0 M M M 10.3 20 350 M M 4 27 350
4 31 15 23 8 42 0 M M M 11.9 21 340 M M 0 30 340
5 29 19 24 9 41 0 M M M 13.3 22 350 M M 6 36 360
6 35 15 25 10 40 0 M M M 8.1 16 360 M M 4 26 350
7 41 9 25 10 40 0 M M M 0.6 7 350 M M 0 18 10 350
8 42 14 28 12 37 0 M M M 0.5 6 130 M M 1 18 8 110
9 39 11 25 9 40 0 M M M 2.2 7 99 M M 4 M M
10 41 29 35 19 30 0 M M M 2.3 9 100 M M 7 1 14 160
11 43 32 38 22 27 0 M M M 9.2 17 310 M M 7 27 300
12 37 23 30 13 35 0 M M M 6.3 17 300 M M 9 26 290
13 34 14 24 7 41 0 M M M 3.9 12 350 M M 0 1 17 340
14 23 14 19 2 46 0 M M M 14.7 28 310 M M 7 43 300
15 30 13 22 5 43 0 M M M 9.9 22 300 M M 0 40 310
16 28 16 22 4 43 0 M M M 7.9 21 310 M M 7 18 31 310
17 27 6 17 -1 48 0 M M M 4.6 20 290 M M 4 18 34 290
18 27 5 16 -2 49 0 M M M 5.1 17 270 M M 2 29 290
19 23 11 17 -2 48 0 M M M 8.9 23 300 M M 1 40 270
20 21 2 12 -7 53 0 M M M 6.4 20 310 M M 0 30 310
21 32 -5 14 -5 51 0 M M M 2.9 10 160 M M 0 18 170
22 36 22 29 9 36 0 M M M 3.9 12 160 M M 9 21 170
23 35 30 33 13 32 0 M M M 1.4 7 300 M M 10 1 11 170
24 32 8 20 0 45 0 M M M 10.4 22 300 M M 5 1 36 320
25 29 6 18 -3 47 0 M M M 6.1 17 290 M M 0 27 300
26 36 17 27 6 38 0 M M M 2.7 8 150 M M 6 8 14 260
27 53 13 33 11 32 0 M M M 3.9 14 170 M M 2 12 25 170
28 49 36 43 21 22 0 M M M 7.7 22 280 M M 10 12 41 280
29 44 6 25 3 40 0 M M M 15.4 29 290 M M 7 18 47 300
================================================================================
SM 991 447 1160 0 M M 190.1 M 132
================================================================================
AV 34.2 15.4 6.6 FASTST M M 5 MAX(MPH)
MISC ----> 29 290 47 300
================================================================================
NOTES:
# LAST OF SEVERAL OCCURRENCES
COLUMN 17 PEAK WIND IN M.P.H.
PRELIMINARY LOCAL CLIMATOLOGICAL DATA (WS FORM: F-6) , PAGE 2
STATION: MILLINOCKET ME
MONTH: FEBRUARY
YEAR: 2024
LATITUDE: 45 39 N
LONGITUDE: 68 41 W
[TEMPERATURE DATA] [PRECIPITATION DATA] SYMBOLS USED IN COLUMN 16
AVERAGE MONTHLY: 24.8 TOTAL FOR MONTH: M 1 = FOG OR MIST
DPTR FM NORMAL: 7.2 DPTR FM NORMAL: M 2 = FOG REDUCING VISIBILITY
HIGHEST: 53 ON 27 GRTST 24HR 0.12 ON 1- 2 TO 1/4 MILE OR LESS
LOWEST: -5 ON 21 3 = THUNDER
SNOW, ICE PELLETS, HAIL 4 = ICE PELLETS
TOTAL MONTH: M 5 = HAIL
GRTST 24HR M ON M 6 = FREEZING RAIN OR DRIZZLE
GRTST DEPTH: M ON M 7 = DUSTSTORM OR SANDSTORM:
VSBY 1/2 MILE OR LESS
8 = SMOKE OR HAZE
[NO. OF DAYS WITH] [WEATHER - DAYS WITH] 9 = BLOWING SNOW
X = TORNADO
MAX 32 OR BELOW: 13 0.01 INCH OR MORE: 0
MAX 90 OR ABOVE: 0 0.10 INCH OR MORE: 0
MIN 32 OR BELOW: 28 0.50 INCH OR MORE: 0
MIN 0 OR BELOW: 1 1.00 INCH OR MORE: 0
[HDD (BASE 65) ]
TOTAL THIS MO. 1160 CLEAR (SCALE 0-3) 11
DPTR FM NORMAL -167 PTCLDY (SCALE 4-7) 12
TOTAL FM JUL 1 5188 CLOUDY (SCALE 8-10) 6
DPTR FM NORMAL -861
[CDD (BASE 65) ]
TOTAL THIS MO. 0
DPTR FM NORMAL 0 [PRESSURE DATA]
TOTAL FM JAN 1 0 HIGHEST SLP 30.65 ON 21
DPTR FM NORMAL 0 LOWEST SLP 29.27 ON 28
[PRECIPITATION DATA IS MISSING THIS MONTH DUE TO EQUIPMENT
ISSUES]
#FINAL-02-24#