000
CXUS51 KCAR 010600
CF6MLT
PRELIMINARY LOCAL CLIMATOLOGICAL DATA (WS FORM: F-6)
STATION: MILLINOCKET ME
MONTH: SEPTEMBER
YEAR: 2020
LATITUDE: 45 39 N
LONGITUDE: 68 41 W
TEMPERATURE IN F: :PCPN: SNOW: WIND :SUNSHINE: SKY :PK WND
================================================================================
1 2 3 4 5 6A 6B 7 8 9 10 11 12 13 14 15 16 17 18
12Z AVG MX 2MIN
DY MAX MIN AVG DEP HDD CDD WTR SNW DPTH SPD SPD DIR MIN PSBL S-S WX SPD DR
================================================================================
1 72 44 58 -5 7 0 0.00 M M 2.9 12 180 M M 5 1 18 170
2 69 51 60 -2 5 0 0.05 M M 5.0 13 160 M M 6 1 20 160
3 78 58 68 6 0 3 0.00 M M 2.1 12 310 M M 2 1 14 310
4 79 51 65 3 0 0 0.00 M M 4.9 16 310 M M 0 24 290
5 72 49 61 -1 4 0 0.00 M M 4.7 14 310 M M 2 21 310
6 73 44 59 -2 6 0 0.00 M M 2.1 14 310 M M 1 19 280
7 76 43 60 -1 5 0 T M M 4.6 15 160 M M 4 1 25 190
8 80 59 70 10 0 5 0.00 M M 2.1 9 250 M M 5 16 150
9 76 60 68 8 0 3 0.00 M M 4.2 10 40 M M 8 16 40
10 77 54 66 6 0 1 T M M 4.9 16 320 M M 9 1 22 310
11 66 43 55 -4 10 0 T M M 7.0 17 340 M M 3 22 10
12 70 37 54 -5 11 0 0.00 M M 2.3 10 310 M M 0 14 260
13 71 45 58 0 7 0 0.05 M M 5.3 16 160 M M 3 1 28 150
14 66 49 58 0 7 0 T M M 11.2 24 310 M M 1 32 310
15 61 38 50 -8 15 0 0.00 M M 3.0 9 280 M M 2 14 270
16 69 48 59 2 6 0 0.00 M M 4.7 13 170 M M 3 22 190
17 67 43 55 -2 10 0 0.00 M M 4.5 13 320 M M 4 20 310
18 63 33 48 -8 17 0 0.00 M M 5.4 14 330 M M 1 20 350
19 58 30 44 -12 21 0 0.00 M M 4.6 14 300 M M 2 17 320
20 60 31 46 -10 19 0 0.00 M M 4.3 16 10 M M 0 20 360
21 64 27 46 -9 19 0 0.00 M M 1.1 8 270 M M 0 10 280
22 62 30 46 -9 19 0 0.00 M M 6.7 17 350 M M 0 27 350
23 74 55 65 11 0 0 0.00 M M 11.0 21 300 M M 1 32 310
24 74 44 59 5 6 0 0.00 M M 8.5 20 300 M M 0 27 300
25 69 34 52 -1 13 0 0.00 M M 1.4 9 310 M M 2 13 310
26 78 49 64 11 1 0 0.00 M M 4.5 12 170 M M 1 19 160
27 79 56 68 16 0 3 0.00 M M 4.6 12 180 M M 6 1 22 210
28 71 65 68 16 0 3 0.15 M M 3.9 9 170 M M 10 1 16 150
29 77 65 71 19 0 6 0.00 M M 5.7 13 170 M M 7 1 22 180
30 73 47 60 9 5 0 0.63 M M 7.7 24 170 M M 7 1 45 170
================================================================================
SM 2124 1382 213 24 0.88 M 144.9 M 95
================================================================================
AV 70.8 46.1 4.8 FASTST M M 3 MAX(MPH)
MISC ----> # 24 310 # 45 170
================================================================================
NOTES:
# LAST OF SEVERAL OCCURRENCES
COLUMN 17 PEAK WIND IN M.P.H.
PRELIMINARY LOCAL CLIMATOLOGICAL DATA (WS FORM: F-6) , PAGE 2
STATION: MILLINOCKET ME
MONTH: SEPTEMBER
YEAR: 2020
LATITUDE: 45 39 N
LONGITUDE: 68 41 W
[TEMPERATURE DATA] [PRECIPITATION DATA] SYMBOLS USED IN COLUMN 16
AVERAGE MONTHLY: 58.4 TOTAL FOR MONTH: 0.88 1 = FOG OR MIST
DPTR FM NORMAL: 1.2 DPTR FM NORMAL: -2.84 2 = FOG REDUCING VISIBILITY
HIGHEST: 80 ON 8 GRTST 24HR 0.63 ON 30-30 TO 1/4 MILE OR LESS
LOWEST: 27 ON 21 3 = THUNDER
SNOW, ICE PELLETS, HAIL 4 = ICE PELLETS
TOTAL MONTH: M 5 = HAIL
GRTST 24HR M ON M 6 = FREEZING RAIN OR DRIZZLE
GRTST DEPTH: M ON M 7 = DUSTSTORM OR SANDSTORM:
VSBY 1/2 MILE OR LESS
8 = SMOKE OR HAZE
[NO. OF DAYS WITH] [WEATHER - DAYS WITH] 9 = BLOWING SNOW
X = TORNADO
MAX 32 OR BELOW: 0 0.01 INCH OR MORE: 4
MAX 90 OR ABOVE: 0 0.10 INCH OR MORE: 2
MIN 32 OR BELOW: 4 0.50 INCH OR MORE: 1
MIN 0 OR BELOW: 0 1.00 INCH OR MORE: 0
[HDD (BASE 65) ]
TOTAL THIS MO. 213 CLEAR (SCALE 0-3) 19
DPTR FM NORMAL -36 PTCLDY (SCALE 4-7) 9
TOTAL FM JUL 1 277 CLOUDY (SCALE 8-10) 2
DPTR FM NORMAL -51
[CDD (BASE 65) ]
TOTAL THIS MO. 24
DPTR FM NORMAL 7 [PRESSURE DATA]
TOTAL FM JAN 1 527 HIGHEST SLP 30.65 ON 21
DPTR FM NORMAL 259 LOWEST SLP 29.23 ON 30
[REMARKS]
#FINAL-09-20#