000
CXUS53 KBIS 010930
CF6MOT
PRELIMINARY LOCAL CLIMATOLOGICAL DATA (WS FORM: F-6)
STATION: MINOT ND
MONTH: DECEMBER
YEAR: 2021
LATITUDE: 48 15 N
LONGITUDE: 101 16 W
TEMPERATURE IN F: :PCPN: SNOW: WIND :SUNSHINE: SKY :PK WND
================================================================================
1 2 3 4 5 6A 6B 7 8 9 10 11 12 13 14 15 16 17 18
12Z AVG MX 2MIN
DY MAX MIN AVG DEP HDD CDD WTR SNW DPTH SPD SPD DIR MIN PSBL S-S WX SPD DR
================================================================================
1 58 35 47 24 18 0 0.00 M M 16.7 29 280 M M 4 37 290
2 44 25 35 12 30 0 0.00 M M 8.2 21 280 M M 9 12 28 280
3 40 24 32 10 33 0 0.00 M M 13.0 28 280 M M 3 12 36 280
4 36 23 30 8 35 0 0.04 M M 11.5 24 120 M M 5 1 31 120
5 28 1 15 -7 50 0 0.01 M M 19.5 33 320 M M 9 189 40 320
6 10 -8 1 -20 64 0 0.00 M M 8.5 18 300 M M 3 24 290
7 20 -1 10 -11 55 0 T M M 7.6 20 240 M M 5 18 25 230
8 39 4 22 2 43 0 T M M 10.4 24 170 M M 7 8 35 180
9 40 21 31 11 34 0 0.00 M M 15.5 31 280 M M 3 42 280
10 32 17 25 5 40 0 0.00 M M 13.5 21 230 M M 0 29 230
11 38 18 28 9 37 0 0.00 M M 15.4 23 230 M M 0 31 230
12 43 31 37 18 28 0 0.00 M M 13.8 30 230 M M 2 42 230
13 39 19 29 10 36 0 0.00 M M 8.5 17 100 M M 2 23 110
14 39 18 29 11 36 0 0.00 M M 4.5 10 160 M M 0 128 15 160
15 27 5 16 -2 49 0 M M M 22.2 37 290 M M 9 128 52 300
16 10 -1 5 -13 60 0 0.00 M M 15.6 33 280 M M 1 43 280
17 8 -3 3 -15 62 0 M M M 7.1 12 300 M M 8 16 290
18 18 -10 4 -13 61 0 M M M 9.2 15 170 M M 2 8 20 170
19 40 9 25 8 40 0 T M M 19.1 32 290 M M 7 6 40 280
20 11 5 8 -9 57 0 M M M 10.9 24 280 M M 3 30 260
21 18 -2 8 -9 57 0 M M M 11.3 23 250 M M 5 18 31 240
22 28 12 20 4 45 0 M M M 4.7 15 60 M M 7 1 16 60
23 40 12 26 10 39 0 0.00 M M 6.9 16 240 M M 1 22 240
24 42 1 22 6 43 0 0.08 M M 15.8 40 290 M M 2 1 52 290
25 4 -8 -2 -18 67 0 T M M 5.5 15 320 M M 6 18 320
26 13 -8 3 -13 62 0 M M M 12.0 24 80 M M 10 8 32 90
27 12 -10 1 -14 64 0 M M M 17.2 33 280 M M 6 8 42 280
28 -2 -19 -10 -25 75 0 T M M 6.6 16 290 M M 3 8 20 290
29 -7 -19 -13 -28 78 0 0.00 M M 8.8 16 290 M M 4 8 19 280
30 7 -17 -5 -20 70 0 T M M 9.1 21 290 M M 6 8 26 290
31 -11 -19 -15 -30 80 0 0.00 M M 13.5 23 280 M M 0 8 27 290
================================================================================
SM 764 155 1548 0 0.13 M 362.1 M 132
================================================================================
AV 24.6 5.0 11.7 FASTST M M 4 MAX(MPH)
MISC ----> 40 290 # 52 300
================================================================================
NOTES:
# LAST OF SEVERAL OCCURRENCES
COLUMN 17 PEAK WIND IN M.P.H.
PRELIMINARY LOCAL CLIMATOLOGICAL DATA (WS FORM: F-6) , PAGE 2
STATION: MINOT ND
MONTH: DECEMBER
YEAR: 2021
LATITUDE: 48 15 N
LONGITUDE: 101 16 W
[TEMPERATURE DATA] [PRECIPITATION DATA] SYMBOLS USED IN COLUMN 16
AVERAGE MONTHLY: 14.8 TOTAL FOR MONTH: 0.13 1 = FOG OR MIST
DPTR FM NORMAL: -3.5 DPTR FM NORMAL: -0.18 2 = FOG REDUCING VISIBILITY
HIGHEST: 58 ON 1 GRTST 24HR 0.08 ON 24-24 TO 1/4 MILE OR LESS
LOWEST: -19 ON 31,29 3 = THUNDER
SNOW, ICE PELLETS, HAIL 4 = ICE PELLETS
TOTAL MONTH: M 5 = HAIL
GRTST 24HR M ON M 6 = FREEZING RAIN OR DRIZZLE
GRTST DEPTH: M ON M 7 = DUSTSTORM OR SANDSTORM:
VSBY 1/2 MILE OR LESS
8 = SMOKE OR HAZE
[NO. OF DAYS WITH] [WEATHER - DAYS WITH] 9 = BLOWING SNOW
X = TORNADO
MAX 32 OR BELOW: 18 0.01 INCH OR MORE: 3
MAX 90 OR ABOVE: 0 0.10 INCH OR MORE: 0
MIN 32 OR BELOW: 30 0.50 INCH OR MORE: 0
MIN 0 OR BELOW: 13 1.00 INCH OR MORE: 0
[HDD (BASE 65) ]
TOTAL THIS MO. 1548 CLEAR (SCALE 0-3) 15
DPTR FM NORMAL 99 PTCLDY (SCALE 4-7) 12
TOTAL FM JUL 1 2935 CLOUDY (SCALE 8-10) 4
DPTR FM NORMAL -401
[CDD (BASE 65) ]
TOTAL THIS MO. 0
DPTR FM NORMAL 0 [PRESSURE DATA]
TOTAL FM JAN 1 850 HIGHEST SLP 30.49 ON 18
DPTR FM NORMAL 298 LOWEST SLP 29.08 ON 24
[REMARKS]
#FINAL-12-21#