000
CXUS53 KBIS 010930
CF6MOT
PRELIMINARY LOCAL CLIMATOLOGICAL DATA (WS FORM: F-6)
STATION: MINOT ND
MONTH: NOVEMBER
YEAR: 2021
LATITUDE: 48 15 N
LONGITUDE: 101 16 W
TEMPERATURE IN F: :PCPN: SNOW: WIND :SUNSHINE: SKY :PK WND
================================================================================
1 2 3 4 5 6A 6B 7 8 9 10 11 12 13 14 15 16 17 18
12Z AVG MX 2MIN
DY MAX MIN AVG DEP HDD CDD WTR SNW DPTH SPD SPD DIR MIN PSBL S-S WX SPD DR
================================================================================
1 37 27 32 -5 33 0 T M M 9.1 15 270 M M 9 19 270
2 41 22 32 -5 33 0 0.00 M M 5.2 12 160 M M 1 15 180
3 54 21 38 2 27 0 0.00 M M 6.5 16 210 M M 0 21 210
4 64 28 46 10 19 0 0.00 M M 9.8 21 180 M M 0 30 170
5 61 47 54 19 11 0 0.02 M M 14.7 32 280 M M 1 41 300
6 67 39 53 18 12 0 0.00 M M 9.5 17 240 M M 0 25 230
7 59 38 49 15 16 0 0.00 M M 8.2 21 270 M M 5 26 260
8 55 34 45 11 20 0 0.00 M M 11.7 18 240 M M 0 26 230
9 54 27 41 8 24 0 0.00 M M 8.5 14 110 M M 0 20 100
10 49 34 42 9 23 0 T M M 10.7 24 280 M M 6 1 32 280
11 39 28 34 2 31 0 M M M 25.3 35 320 M M 10 1 45 310
12 28 20 24 -8 41 0 M M M 16.1 36 310 M M 10 47 300
13 39 22 31 0 34 0 0.03 M M 14.5 36 300 M M 10 168 45 300
14 41 23 32 1 33 0 0.00 M M 4.6 10 220 M M 5 18 13 120
15 44 35 40 10 25 0 0.00 M M 7.7 15 100 M M 10 18 20 110
16 54 32 43 13 22 0 0.00 M M 22.7 44 260 M M 4 1 60 260
17 33 24 29 0 36 0 T M M 31.8 44 280 M M 10 60 270
18 30 21 26 -3 39 0 T M M 10.4 33 300 M M 5 8 45 320
19 48 25 37 9 28 0 0.00 M M 10.6 18 290 M M 2 23 290
20 47 24 36 8 29 0 0.00 M M 13.2 37 290 M M 2 50 290
21 32 14 23 -4 42 0 T M M 13.8 35 300 M M 3 47 300
22 43 18 31 4 34 0 0.00 M M 6.7 13 180 M M 1 19 170
23 52 33 43 17 22 0 0.00 M M 11.2 23 180 M M 0 32 190
24 36 3 20 -6 45 0 T M M 14.5 24 300 M M 7 168 31 310
25 33 2 18 -8 47 0 0.00 M M 9.6 18 170 M M 3 26 180
26 55 33 44 19 21 0 0.00 M M 9.9 21 260 M M 1 28 270
27 43 24 34 9 31 0 T M M 13.9 28 300 M M 5 35 310
28 44 23 34 10 31 0 T M M 7.3 15 210 M M 6 20 130
29 54 36 45 21 20 0 0.00 M M 12.4 22 290 M M 3 28 290
30 45 24 35 11 30 0 T M M 9.1 20 250 M M 3 27 230
================================================================================
SM 1381 781 859 0 0.05 M 359.2 M 122
================================================================================
AV 46.0 26.0 12.0 FASTST M M 4 MAX(MPH)
MISC ----> # 44 260 # 60 260
================================================================================
NOTES:
# LAST OF SEVERAL OCCURRENCES
COLUMN 17 PEAK WIND IN M.P.H.
PRELIMINARY LOCAL CLIMATOLOGICAL DATA (WS FORM: F-6) , PAGE 2
STATION: MINOT ND
MONTH: NOVEMBER
YEAR: 2021
LATITUDE: 48 15 N
LONGITUDE: 101 16 W
[TEMPERATURE DATA] [PRECIPITATION DATA] SYMBOLS USED IN COLUMN 16
AVERAGE MONTHLY: 36.0 TOTAL FOR MONTH: 0.05 1 = FOG OR MIST
DPTR FM NORMAL: 5.8 DPTR FM NORMAL: -0.51 2 = FOG REDUCING VISIBILITY
HIGHEST: 67 ON 6 GRTST 24HR 0.03 ON 12-13 TO 1/4 MILE OR LESS
LOWEST: 2 ON 25 3 = THUNDER
SNOW, ICE PELLETS, HAIL 4 = ICE PELLETS
TOTAL MONTH: M 5 = HAIL
GRTST 24HR M ON M 6 = FREEZING RAIN OR DRIZZLE
GRTST DEPTH: M ON M 7 = DUSTSTORM OR SANDSTORM:
VSBY 1/2 MILE OR LESS
8 = SMOKE OR HAZE
[NO. OF DAYS WITH] [WEATHER - DAYS WITH] 9 = BLOWING SNOW
X = TORNADO
MAX 32 OR BELOW: 3 0.01 INCH OR MORE: 2
MAX 90 OR ABOVE: 0 0.10 INCH OR MORE: 0
MIN 32 OR BELOW: 21 0.50 INCH OR MORE: 0
MIN 0 OR BELOW: 0 1.00 INCH OR MORE: 0
[HDD (BASE 65) ]
TOTAL THIS MO. 859 CLEAR (SCALE 0-3) 16
DPTR FM NORMAL -186 PTCLDY (SCALE 4-7) 8
TOTAL FM JUL 1 1387 CLOUDY (SCALE 8-10) 6
DPTR FM NORMAL -502
[CDD (BASE 65) ]
TOTAL THIS MO. 0
DPTR FM NORMAL 0 [PRESSURE DATA]
TOTAL FM JAN 1 850 HIGHEST SLP 30.58 ON 24
DPTR FM NORMAL 298 LOWEST SLP 29.28 ON 16
[REMARKS]
#FINAL-11-21#