000
CXUS53 KBIS 030847
CF6MOT
PRELIMINARY LOCAL CLIMATOLOGICAL DATA (WS FORM: F-6)
STATION: MINOT ND
MONTH: OCTOBER
YEAR: 2021
LATITUDE: 48 15 N
LONGITUDE: 101 16 W
TEMPERATURE IN F: :PCPN: SNOW: WIND :SUNSHINE: SKY :PK WND
================================================================================
1 2 3 4 5 6A 6B 7 8 9 10 11 12 13 14 15 16 17 18
12Z AVG MX 2MIN
DY MAX MIN AVG DEP HDD CDD WTR SNW DPTH SPD SPD DIR MIN PSBL S-S WX SPD DR
================================================================================
1 78 39 59 6 6 0 0.00 M M 2.4 12 230 M M 0 15 10
2 76 42 59 6 6 0 0.00 M M 9.3 20 320 M M 1 8 26 330
3 85 42 64 12 1 0 0.00 M M 9.9 22 210 M M 0 8 30 210
4 88 44 66 14 0 1 0.00 M M 7.3 17 160 M M 0 26 150
5 91 54 73 22 0 8 0.00 M M 10.2 21 170 M M 0 29 170
6 90 54 72 21 0 7 0.00 M M 12.9 25 150 M M 0 37 150
7 79 53 66 16 0 1 0.00 M M 11.3 21 320 M M 1 29 150
8 67 48 58 8 7 0 T M M 7.7 14 10 M M 4 8 20 20
9 52 46 49 0 16 0 0.74 M M 9.6 18 10 M M 10 18 24 20
10 71 47 59 10 6 0 0.00 M M 11.9 22 320 M M 5 28 320
11 59 42 51 3 14 0 0.00 M M 17.1 29 290 M M 0 36 290
12 51 41 46 -2 19 0 0.00 M M 10.8 18 330 M M 4 23 310
13 44 39 42 -5 23 0 1.60 M M 19.5 31 350 M M 10 1 41 350
14 44 39 42 -5 23 0 0.01 M M 20.5 29 280 M M 10 39 290
15 53 38 46 0 19 0 T M M 13.9 25 280 M M 4 33 290
16 65 37 51 5 14 0 0.00 M M 9.8 16 260 M M 0 20 270
17 76 42 59 14 6 0 0.00 M M 7.8 15 200 M M 0 23 180
18 69 41 55 11 10 0 0.00 M M 7.7 21 310 M M 0 28 310
19 52 34 43 -1 22 0 0.00 M M 16.7 26 360 M M 4 36 20
20 46 29 38 -6 27 0 0.00 M M 9.1 15 350 M M 3 20 340
21 49 25 37 -6 28 0 T M M 5.6 13 90 M M 4 17 80
22 50 30 40 -2 25 0 0.00 M M 8.5 16 80 M M 6 23 80
23 51 29 40 -2 25 0 0.00 M M 13.3 22 100 M M 5 1 32 120
24 43 39 41 0 24 0 0.05 M M 12.7 20 100 M M 10 1 26 120
25 54 41 48 7 17 0 0.00 M M 17.8 31 120 M M 6 43 130
26 49 46 48 8 17 0 T M M 11.7 28 130 M M 10 18 40 130
27 62 44 53 13 12 0 T M M 9.1 18 250 M M 3 1 23 240
28 62 37 50 11 15 0 0.00 M M 14.6 24 280 M M 0 32 280
29 70 33 52 13 13 0 0.00 M M 13.1 26 190 M M 2 38 180
30 56 34 45 7 20 0 0.00 M M 18.1 29 300 M M 4 37 300
31 44 30 37 -1 28 0 T M M 14.7 30 310 M M 4 38 290
================================================================================
SM 1926 1239 443 17 2.40 M 364.6 M 110
================================================================================
AV 62.1 40.0 11.8 FASTST M M 4 MAX(MPH)
MISC ----> # 31 350 43 130
================================================================================
NOTES:
# LAST OF SEVERAL OCCURRENCES
COLUMN 17 PEAK WIND IN M.P.H.
PRELIMINARY LOCAL CLIMATOLOGICAL DATA (WS FORM: F-6) , PAGE 2
STATION: MINOT ND
MONTH: OCTOBER
YEAR: 2021
LATITUDE: 48 15 N
LONGITUDE: 101 16 W
[TEMPERATURE DATA] [PRECIPITATION DATA] SYMBOLS USED IN COLUMN 16
AVERAGE MONTHLY: 51.0 TOTAL FOR MONTH: 2.40 1 = FOG OR MIST
DPTR FM NORMAL: 5.4 DPTR FM NORMAL: 1.25 2 = FOG REDUCING VISIBILITY
HIGHEST: 91 ON 5 GRTST 24HR 1.61 ON 13-14 TO 1/4 MILE OR LESS
LOWEST: 25 ON 21 3 = THUNDER
SNOW, ICE PELLETS, HAIL 4 = ICE PELLETS
TOTAL MONTH: M 5 = HAIL
GRTST 24HR M ON M 6 = FREEZING RAIN OR DRIZZLE
GRTST DEPTH: M ON M 7 = DUSTSTORM OR SANDSTORM:
VSBY 1/2 MILE OR LESS
8 = SMOKE OR HAZE
[NO. OF DAYS WITH] [WEATHER - DAYS WITH] 9 = BLOWING SNOW
X = TORNADO
MAX 32 OR BELOW: 0 0.01 INCH OR MORE: 4
MAX 90 OR ABOVE: 2 0.10 INCH OR MORE: 2
MIN 32 OR BELOW: 5 0.50 INCH OR MORE: 2
MIN 0 OR BELOW: 0 1.00 INCH OR MORE: 1
[HDD (BASE 65) ]
TOTAL THIS MO. 443 CLEAR (SCALE 0-3) 13
DPTR FM NORMAL -162 PTCLDY (SCALE 4-7) 13
TOTAL FM JUL 1 528 CLOUDY (SCALE 8-10) 5
DPTR FM NORMAL -315
[CDD (BASE 65) ]
TOTAL THIS MO. 17
DPTR FM NORMAL 15 [PRESSURE DATA]
TOTAL FM JAN 1 850 HIGHEST SLP 30.37 ON 20
DPTR FM NORMAL 298 LOWEST SLP 29.49 ON 13
[REMARKS]
#FINAL-10-21#