000
CXUS53 KBIS 010830
CF6MOT
PRELIMINARY LOCAL CLIMATOLOGICAL DATA (WS FORM: F-6)
STATION: MINOT ND
MONTH: AUGUST
YEAR: 2021
LATITUDE: 48 15 N
LONGITUDE: 101 16 W
TEMPERATURE IN F: :PCPN: SNOW: WIND :SUNSHINE: SKY :PK WND
================================================================================
1 2 3 4 5 6A 6B 7 8 9 10 11 12 13 14 15 16 17 18
12Z AVG MX 2MIN
DY MAX MIN AVG DEP HDD CDD WTR SNW DPTH SPD SPD DIR MIN PSBL S-S WX SPD DR
================================================================================
1 89 55 72 0 0 7 0.00 M M 3.3 9 170 M M 1 18 14 130
2 91 66 79 7 0 14 0.00 M M 3.8 13 20 M M 0 8 19 30
3 94 57 76 4 0 11 0.00 M M 4.7 14 210 M M 1 8 23 130
4 91 66 79 7 0 14 0.07 M M 10.5 23 300 M M 4 138 32 180
5 83 61 72 0 0 7 0.00 M M 7.6 14 320 M M 2 18 19 20
6 86 56 71 -1 0 6 0.00 M M 7.2 16 120 M M 0 18 22 170
7 90 63 77 5 0 12 0.00 M M 6.2 13 110 M M 2 8 19 100
8 101 69 85 13 0 20 0.00 M M 8.1 18 210 M M 0 25 220
9 73 59 66 -6 0 1 0.38 M M 10.4 28 300 M M 5 138 37 300
10 86 56 71 -1 0 6 0.02 M M 14.4 26 250 M M 2 36 250
11 88 54 71 0 0 6 0.00 M M 17.6 37 270 M M 2 50 240
12 77 53 65 -6 0 0 0.00 M M 16.7 31 290 M M 0 42 310
13 88 50 69 -2 0 4 0.00 M M 7.0 18 260 M M 1 24 260
14 97 61 79 8 0 14 0.00 M M 7.5 14 190 M M 0 20 210
15 103 66 85 14 0 20 0.00 M M 8.9 17 180 M M 0 24 220
16 104 68 86 16 0 21 0.00 M M 9.7 20 250 M M 4 8 29 200
17 85 62 74 4 0 9 0.00 M M 10.9 18 70 M M 1 8 25 50
18 84 59 72 2 0 7 0.00 M M 15.0 26 330 M M 1 8 39 330
19 74 58 66 -4 0 1 0.00 M M 8.7 15 300 M M 7 20 340
20 63 51 57 -13 8 0 1.40 M M 13.4 24 300 M M 9 1 34 290
21 76 51 64 -5 1 0 0.00 M M 11.5 22 290 M M 2 30 300
22 79 52 66 -3 0 1 0.08 M M 16.9 36 220 M M 5 1 56 180
23 78 55 67 -2 0 2 0.00 M M 11.4 24 260 M M 3 32 260
24 73 55 64 -4 1 0 0.01 M M 11.5 23 20 M M 5 3 34 10
25 70 49 60 -8 5 0 0.00 M M 7.9 17 300 M M 5 1 23 300
26 68 52 60 -8 5 0 0.00 M M 12.0 17 70 M M 9 25 60
27 68 55 62 -6 3 0 0.05 M M 6.0 16 50 M M 8 1238 21 50
28 79 53 66 -1 0 1 0.00 M M 7.0 18 280 M M 5 12 28 280
29 82 55 69 2 0 4 0.00 M M 10.6 22 270 M M 0 31 280
30 88 49 69 2 0 4 0.00 M M 9.2 22 120 M M 0 29 100
31 86 55 71 5 0 6 0.00 M M 13.7 24 120 M M 0 34 110
================================================================================
SM 2594 1771 23 198 2.01 M 309.3 M 84
================================================================================
AV 83.7 57.1 10.0 FASTST M M 3 MAX(MPH)
MISC ----> 37 270 56 180
================================================================================
NOTES:
# LAST OF SEVERAL OCCURRENCES
COLUMN 17 PEAK WIND IN M.P.H.
PRELIMINARY LOCAL CLIMATOLOGICAL DATA (WS FORM: F-6) , PAGE 2
STATION: MINOT ND
MONTH: AUGUST
YEAR: 2021
LATITUDE: 48 15 N
LONGITUDE: 101 16 W
[TEMPERATURE DATA] [PRECIPITATION DATA] SYMBOLS USED IN COLUMN 16
AVERAGE MONTHLY: 70.4 TOTAL FOR MONTH: 2.01 1 = FOG OR MIST
DPTR FM NORMAL: 0.3 DPTR FM NORMAL: -0.07 2 = FOG REDUCING VISIBILITY
HIGHEST: 104 ON 16 GRTST 24HR 1.40 ON 20-20 TO 1/4 MILE OR LESS
LOWEST: 49 ON 30,25 3 = THUNDER
SNOW, ICE PELLETS, HAIL 4 = ICE PELLETS
TOTAL MONTH: M 5 = HAIL
GRTST 24HR M ON M 6 = FREEZING RAIN OR DRIZZLE
GRTST DEPTH: M ON M 7 = DUSTSTORM OR SANDSTORM:
VSBY 1/2 MILE OR LESS
8 = SMOKE OR HAZE
[NO. OF DAYS WITH] [WEATHER - DAYS WITH] 9 = BLOWING SNOW
X = TORNADO
MAX 32 OR BELOW: 0 0.01 INCH OR MORE: 7
MAX 90 OR ABOVE: 8 0.10 INCH OR MORE: 2
MIN 32 OR BELOW: 0 0.50 INCH OR MORE: 1
MIN 0 OR BELOW: 0 1.00 INCH OR MORE: 1
[HDD (BASE 65) ]
TOTAL THIS MO. 23 CLEAR (SCALE 0-3) 19
DPTR FM NORMAL -5 PTCLDY (SCALE 4-7) 10
TOTAL FM JUL 1 29 CLOUDY (SCALE 8-10) 2
DPTR FM NORMAL -12
[CDD (BASE 65) ]
TOTAL THIS MO. 198
DPTR FM NORMAL 13 [PRESSURE DATA]
TOTAL FM JAN 1 771 HIGHEST SLP 30.29 ON 1
DPTR FM NORMAL 268 LOWEST SLP 29.45 ON 22
[REMARKS]
#FINAL-08-21#