000
CXUS53 KBIS 010930
CF6MOT
PRELIMINARY LOCAL CLIMATOLOGICAL DATA (WS FORM: F-6)
STATION: MINOT ND
MONTH: NOVEMBER
YEAR: 2023
LATITUDE: 48 15 N
LONGITUDE: 101 16 W
TEMPERATURE IN F: :PCPN: SNOW: WIND :SUNSHINE: SKY :PK WND
================================================================================
1 2 3 4 5 6A 6B 7 8 9 10 11 12 13 14 15 16 17 18
12Z AVG MX 2MIN
DY MAX MIN AVG DEP HDD CDD WTR SNW DPTH SPD SPD DIR MIN PSBL S-S WX SPD DR
================================================================================
1 30 24 27 -10 38 0 M M M 9.7 18 280 M M 9 1 23 290
2 36 27 32 -5 33 0 0.00 M M 8.1 17 190 M M 6 18 25 220
3 35 19 27 -9 38 0 0.00 M M 6.5 13 320 M M 5 18 17 320
4 36 31 34 -2 31 0 0.00 M M 4.6 13 130 M M 10 12 19 130
5 45 33 39 4 26 0 T M M 7.9 16 120 M M 9 1 19 120
6 36 31 34 -1 31 0 0.01 M M 8.2 15 300 M M 10 1 20 300
7 47 31 39 5 26 0 0.01 M M 10.5 20 120 M M 8 16 27 150
8 44 33 39 5 26 0 T M M 19.8 37 280 M M 6 1 51 280
9 36 30 33 0 32 0 M M M 18.2 29 290 M M 8 1 37 290
10 38 23 31 -2 34 0 T M M 6.6 13 180 M M 6 1 16 170
11 43 22 33 1 32 0 0.00 M M 10.2 22 150 M M 0 29 160
12 55 33 44 12 21 0 0.00 M M 15.8 29 260 M M 1 39 260
13 51 26 39 8 26 0 0.00 M M 9.1 24 130 M M 0 32 120
14 51 31 41 10 24 0 0.00 M M 11.8 21 260 M M 0 29 290
15 58 29 44 14 21 0 0.00 M M 7.1 18 190 M M 1 23 180
16 39 22 31 1 34 0 T M M 12.0 30 340 M M 3 1 41 350
17 49 25 37 8 28 0 0.00 M M 12.4 22 270 M M 1 27 270
18 59 31 45 16 20 0 0.00 M M 7.1 13 220 M M 0 18 230
19 54 29 42 14 23 0 0.00 M M 5.2 13 90 M M 0 8 16 100
20 50 30 40 12 25 0 0.00 M M 15.5 33 280 M M 1 43 280
21 43 24 34 7 31 0 0.00 M M 11.4 23 290 M M 0 30 290
22 42 23 33 6 32 0 0.00 M M 12.8 21 340 M M 3 27 220
23 23 7 15 -11 50 0 0.00 M M 10.8 18 340 M M 2 25 330
24 29 3 16 -10 49 0 0.00 M M 9.7 17 210 M M 0 23 220
25 35 14 25 -1 40 0 T M M 16.3 30 300 M M 4 42 310
26 31 11 21 -4 44 0 T M M 17.0 32 300 M M 6 1 45 280
27 29 6 18 -7 47 0 T M M 6.4 23 300 M M 7 1 28 300
28 46 17 32 8 33 0 0.00 M M 15.8 29 280 M M 1 38 280
29 49 23 36 12 29 0 0.00 M M 13.3 23 290 M M 0 31 290
30 33 20 27 3 38 0 0.00 M M 11.3 20 280 M M 6 26 280
================================================================================
SM 1252 708 962 0 0.02 M 331.1 M 113
================================================================================
AV 41.7 23.6 11.0 FASTST M M 4 MAX(MPH)
MISC ----> 37 280 51 280
================================================================================
NOTES:
# LAST OF SEVERAL OCCURRENCES
COLUMN 17 PEAK WIND IN M.P.H.
PRELIMINARY LOCAL CLIMATOLOGICAL DATA (WS FORM: F-6) , PAGE 2
STATION: MINOT ND
MONTH: NOVEMBER
YEAR: 2023
LATITUDE: 48 15 N
LONGITUDE: 101 16 W
[TEMPERATURE DATA] [PRECIPITATION DATA] SYMBOLS USED IN COLUMN 16
AVERAGE MONTHLY: 32.7 TOTAL FOR MONTH: 0.02 1 = FOG OR MIST
DPTR FM NORMAL: 2.5 DPTR FM NORMAL: -0.54 2 = FOG REDUCING VISIBILITY
HIGHEST: 59 ON 18 GRTST 24HR 0.01 ON 5- 6 TO 1/4 MILE OR LESS
LOWEST: 3 ON 24 3 = THUNDER
SNOW, ICE PELLETS, HAIL 4 = ICE PELLETS
TOTAL MONTH: M 5 = HAIL
GRTST 24HR M ON M 6 = FREEZING RAIN OR DRIZZLE
GRTST DEPTH: M ON M 7 = DUSTSTORM OR SANDSTORM:
VSBY 1/2 MILE OR LESS
8 = SMOKE OR HAZE
[NO. OF DAYS WITH] [WEATHER - DAYS WITH] 9 = BLOWING SNOW
X = TORNADO
MAX 32 OR BELOW: 5 0.01 INCH OR MORE: 2
MAX 90 OR ABOVE: 0 0.10 INCH OR MORE: 0
MIN 32 OR BELOW: 27 0.50 INCH OR MORE: 0
MIN 0 OR BELOW: 0 1.00 INCH OR MORE: 0
[HDD (BASE 65) ]
TOTAL THIS MO. 962 CLEAR (SCALE 0-3) 15
DPTR FM NORMAL -83 PTCLDY (SCALE 4-7) 11
TOTAL FM JUL 1 1817 CLOUDY (SCALE 8-10) 4
DPTR FM NORMAL -72
[CDD (BASE 65) ]
TOTAL THIS MO. 0
DPTR FM NORMAL 0 [PRESSURE DATA]
TOTAL FM JAN 1 612 HIGHEST SLP 30.74 ON 24
DPTR FM NORMAL 60 LOWEST SLP 29.53 ON 5
[REMARKS]
#FINAL-11-23#