000
CXUS53 KBIS 010830
CF6MOT
PRELIMINARY LOCAL CLIMATOLOGICAL DATA (WS FORM: F-6)
STATION: MINOT ND
MONTH: OCTOBER
YEAR: 2023
LATITUDE: 48 15 N
LONGITUDE: 101 16 W
TEMPERATURE IN F: :PCPN: SNOW: WIND :SUNSHINE: SKY :PK WND
================================================================================
1 2 3 4 5 6A 6B 7 8 9 10 11 12 13 14 15 16 17 18
12Z AVG MX 2MIN
DY MAX MIN AVG DEP HDD CDD WTR SNW DPTH SPD SPD DIR MIN PSBL S-S WX SPD DR
================================================================================
1 72 60 66 13 0 1 0.00 M M 9.5 16 330 M M 10 1 20 320
2 66 56 61 8 4 0 0.00 M M 6.1 15 350 M M 10 1 20 350
3 69 49 59 7 6 0 0.59 M M 12.7 29 310 M M 9 138 37 300
4 63 46 55 3 10 0 0.04 M M 13.0 25 270 M M 5 3 34 270
5 55 38 47 -4 18 0 T M M 24.7 38 290 M M 10 49 290
6 47 32 40 -11 25 0 0.02 M M 15.9 31 300 M M 6 1 42 280
7 70 32 51 1 14 0 0.00 M M 11.8 25 290 M M 0 33 290
8 67 35 51 1 14 0 0.00 M M 6.5 14 10 M M 0 8 21 340
9 55 31 43 -6 22 0 0.00 M M 4.4 13 110 M M 4 12 18 90
10 61 27 44 -5 21 0 0.00 M M 6.8 16 90 M M 0 1 24 100
11 60 23 42 -6 23 0 0.00 M M 10.7 21 60 M M 3 31 40
12 54 39 47 -1 18 0 0.00 M M 12.1 22 50 M M 9 1 30 70
13 50 42 46 -1 19 0 T M M 10.6 17 360 M M 10 24 360
14 52 33 43 -4 22 0 0.00 M M 4.6 9 230 M M 8 14 350
15 58 27 43 -3 22 0 0.00 M M 3.7 10 230 M M 0 19 200
16 71 34 53 7 12 0 0.00 M M 5.6 13 200 M M 0 17 210
17 69 41 55 10 10 0 0.17 M M 7.8 36 240 M M 2 1 48 280
18 62 44 53 9 12 0 T M M 12.7 23 300 M M 6 1 33 290
19 71 45 58 14 7 0 0.00 M M 11.1 21 310 M M 1 27 320
20 69 46 58 14 7 0 0.00 M M 16.6 33 300 M M 1 45 300
21 59 40 50 7 15 0 0.00 M M 9.3 20 270 M M 0 8 26 290
22 64 43 54 12 11 0 0.00 M M 8.2 15 170 M M 3 21 170
23 47 38 43 1 22 0 0.11 M M 10.4 17 350 M M 7 1 23 330
24 39 33 36 -5 29 0 T M M 9.1 16 90 M M 10 1 21 90
25 35 23 29 -12 36 0 M M M 14.3 20 340 M M 10 126 26 340
26 24 20 22 -18 43 0 M M M 16.0 21 300 M M 10 1 27 330
27 23 14 19 -21 46 0 M M M 14.8 21 260 M M 2 18 26 260
28 24 14 19 -20 46 0 0.00 M M 15.0 26 230 M M 4 18 37 230
29 27 17 22 -17 43 0 T M M 12.0 21 260 M M 8 18 26 250
30 27 12 20 -18 45 0 M M M 18.0 39 320 M M 5 19 54 320
31 28 4 16 -22 49 0 0.00 M M 12.2 20 190 M M 2 26 170
================================================================================
SM 1638 1038 671 1 0.93 M 346.2 M 155
================================================================================
AV 52.8 33.5 11.2 FASTST M M 5 MAX(MPH)
MISC ----> 39 320 54 320
================================================================================
NOTES:
# LAST OF SEVERAL OCCURRENCES
COLUMN 17 PEAK WIND IN M.P.H.
PRELIMINARY LOCAL CLIMATOLOGICAL DATA (WS FORM: F-6) , PAGE 2
STATION: MINOT ND
MONTH: OCTOBER
YEAR: 2023
LATITUDE: 48 15 N
LONGITUDE: 101 16 W
[TEMPERATURE DATA] [PRECIPITATION DATA] SYMBOLS USED IN COLUMN 16
AVERAGE MONTHLY: 43.2 TOTAL FOR MONTH: 0.93 1 = FOG OR MIST
DPTR FM NORMAL: -2.4 DPTR FM NORMAL: -0.22 2 = FOG REDUCING VISIBILITY
HIGHEST: 72 ON 1 GRTST 24HR 0.60 ON 3- 4 TO 1/4 MILE OR LESS
LOWEST: 4 ON 31 3 = THUNDER
SNOW, ICE PELLETS, HAIL 4 = ICE PELLETS
TOTAL MONTH: M 5 = HAIL
GRTST 24HR M ON M 6 = FREEZING RAIN OR DRIZZLE
GRTST DEPTH: M ON M 7 = DUSTSTORM OR SANDSTORM:
VSBY 1/2 MILE OR LESS
8 = SMOKE OR HAZE
[NO. OF DAYS WITH] [WEATHER - DAYS WITH] 9 = BLOWING SNOW
X = TORNADO
MAX 32 OR BELOW: 6 0.01 INCH OR MORE: 5
MAX 90 OR ABOVE: 0 0.10 INCH OR MORE: 3
MIN 32 OR BELOW: 13 0.50 INCH OR MORE: 1
MIN 0 OR BELOW: 0 1.00 INCH OR MORE: 0
[HDD (BASE 65) ]
TOTAL THIS MO. 671 CLEAR (SCALE 0-3) 13
DPTR FM NORMAL 66 PTCLDY (SCALE 4-7) 8
TOTAL FM JUL 1 855 CLOUDY (SCALE 8-10) 10
DPTR FM NORMAL 12
[CDD (BASE 65) ]
TOTAL THIS MO. 1
DPTR FM NORMAL -1 [PRESSURE DATA]
TOTAL FM JAN 1 612 HIGHEST SLP 30.54 ON 31
DPTR FM NORMAL 60 LOWEST SLP 29.49 ON 3
[REMARKS]
#FINAL-10-23#