000
CXUS51 KPHI 012032
CLMMPO
CLIMATE REPORT
NATIONAL WEATHER SERVICE MOUNT HOLLY NJ
432 PM EDT MON MAY 01 2023
...................................
...THE MOUNT POCONO PA CLIMATE SUMMARY FOR THE MONTH OF APRIL 2023...
CLIMATE NORMAL PERIOD: 1991 TO 2020
CLIMATE RECORD PERIOD: 1901 TO 2023
WEATHER OBSERVED NORMAL DEPART LAST YEAR`S
VALUE DATE(S) VALUE FROM VALUE
NORMAL
..............................................................
TEMPERATURE (F)
RECORD
HIGH 88 04/18/1976
04/26/1915
04/25/1915
LOW 0 04/16/1908
HIGHEST 84 MM MM 77
LOWEST 23 MM MM 24
AVG. MAXIMUM 60.0 54.6 5.4 53.0
AVG. MINIMUM 37.3 34.3 3.0 33.5
MEAN 48.6 44.4 4.2 43.2
DAYS MAX >= 90 0 0.0 0.0 0
DAYS MAX <= 32 0 0.3 -0.3 0
DAYS MIN <= 32 9 12.3 -3.3 16
DAYS MIN <= 0 0 0.0 0.0 0
PRECIPITATION (INCHES)
RECORD
MAXIMUM 11.65 1983
MINIMUM 0.00 1914
TOTALS 5.68 4.24 1.44 6.07
DAILY AVG. 0.19 0.14 0.05 0.20
DAYS >= .01 12 13.9 -1.9 14
DAYS >= .10 9 7.4 1.6 8
DAYS >= .50 3 2.4 0.6 4
DAYS >= 1.00 1 1.0 0.0 2
GREATEST
24 HR. TOTAL 2.69 04/30 TO 04/30 2.16
DEGREE DAYS
HEATING TOTAL 487 619 -132 648
SINCE 7/1 5930 6818 -888 MM
COOLING TOTAL 1 2 -1 0
SINCE 1/1 1 2 -1 MM
..............................................................
WIND (MPH)
AVERAGE WIND SPEED 9.4
HIGHEST WIND SPEED/DIRECTION 38/260 DATE 04/01
38/310 04/02
HIGHEST GUST SPEED/DIRECTION 51/270 DATE 04/01
SKY COVER
POSSIBLE SUNSHINE (PERCENT) MM
AVERAGE SKY COVER 0.48
NUMBER OF DAYS FAIR 14
NUMBER OF DAYS PC 7
NUMBER OF DAYS CLOUDY 9
AVERAGE RH (PERCENT) 65
WEATHER CONDITIONS. NUMBER OF DAYS WITH
THUNDERSTORM 4 MIXED PRECIP 0
HEAVY RAIN 4 RAIN 6
LIGHT RAIN 13 FREEZING RAIN 0
LT FREEZING RAIN 0 HEAVY SNOW 0
SNOW 0 LIGHT SNOW 3
SLEET 0 FOG 15
FOG W/VIS <= 1/4 MILE 10 HAZE 0
- INDICATES NEGATIVE NUMBERS.
R INDICATES RECORD WAS SET OR TIED.
MM INDICATES DATA IS MISSING.
T INDICATES TRACE AMOUNT.
$$