000
CXUS51 KBTV 010700
CF6MPV
PRELIMINARY LOCAL CLIMATOLOGICAL DATA (WS FORM: F-6)
STATION: MONTPELIER VT
MONTH: AUGUST
YEAR: 2023
LATITUDE: 44 12 N
LONGITUDE: 72 34 W
TEMPERATURE IN F: :PCPN: SNOW: WIND :SUNSHINE: SKY :PK WND
================================================================================
1 2 3 4 5 6A 6B 7 8 9 10 11 12 13 14 15 16 17 18
12Z AVG MX 2MIN
DY MAX MIN AVG DEP HDD CDD WTR SNW DPTH SPD SPD DIR MIN PSBL S-S WX SPD DR
================================================================================
1 68 48 58 -8 7 0 0.00 M M 6.0 16 290 M M 2 23 310
2 72 46 59 -7 6 0 0.00 M M 2.1 13 290 M M 3 12 16 300
3 73 47 60 -6 5 0 0.07 M M 6.7 17 180 M M 6 123 23 180
4 71 58 65 -1 0 0 0.31 M M 5.4 15 170 M M 6 123 19 190
5 73 53 63 -3 2 0 0.00 M M 4.4 17 330 M M 4 12 24 340
6 77 50 64 -2 1 0 0.00 M M 3.5 15 290 M M 3 12 23 280
7 67 55 61 -5 4 0 0.41 M M 3.5 12 140 M M 6 1 18 160
8 77 64 71 5 0 6 0.48 M M 7.1 22 180 M M 9 13 30 160
9 76 61 69 3 0 4 T M M 10.1 21 310 M M 4 32 340
10 81 58 70 4 0 5 0.47 M M 4.7 16 190 M M 3 138 22 180
11 73 56 65 -1 0 0 0.00 M M 5.1 17 290 M M 4 1 26 310
12 78 51 65 -1 0 0 0.13 M M 5.8 17 160 M M 3 13 23 150
13 79 58 69 4 0 4 0.12 M M 3.9 15 310 M M 5 12 22 340
14 75 56 66 1 0 1 0.00 M M 4.3 15 300 M M 5 21 310
15 68 58 63 -2 2 0 0.11 M M 0.2 6 180 M M 9 12 7 360
16 72 63 68 3 0 3 1.07 M M 5.3 14 170 M M 10 12 19 150
17 76 66 71 6 0 6 0.01 M M 9.0 17 160 M M 10 1 25 160
18 73 55 64 -1 1 0 0.36 M M 6.0 17 290 M M 7 13 25 290
19 65 54 60 -5 5 0 0.05 M M 3.5 13 260 M M 10 18 18 230
20 79 54 67 2 0 2 T M M 3.7 12 270 M M 1 17 300
21 73 53 63 -1 2 0 0.00 M M 5.0 15 320 M M 4 20 340
22 74 48 61 -3 4 0 0.00 M M 4.6 21 320 M M 3 12 29 340
23 75 47 61 -3 4 0 0.00 M M 1.2 8 320 M M 2 12 12 310
24 76 48 62 -2 3 0 0.33 M M 6.3 17 160 M M 7 12 23 200
25 68 56 62 -2 3 0 0.25 M M 5.2 13 150 M M 10 1 18 150
26 74 60 67 3 0 2 0.01 M M 4.7 15 330 M M 7 1 23 50
27 72 54 63 -1 2 0 0.14 M M 4.1 14 320 M M 6 12 17 340
28 78 54 66 3 0 1 0.03 M M 4.1 18 160 M M 8 12 22 160
29 80 61 71 8 0 6 0.00 M M 6.9 16 160 M M 7 1 20 160
30 74 56 65 2 0 0 1.62 M M 5.8 16 320 M M 9 12 22 280
31 65 47 56 -7 9 0 0.00 M M 6.8 17 310 M M 2 23 310
================================================================================
SM 2282 1695 60 40 5.97 M 155.0 M 175
================================================================================
AV 73.6 54.7 5.0 FASTST M M 6 MAX(MPH)
MISC ----> 22 180 32 340
================================================================================
NOTES:
# LAST OF SEVERAL OCCURRENCES
COLUMN 17 PEAK WIND IN M.P.H.
PRELIMINARY LOCAL CLIMATOLOGICAL DATA (WS FORM: F-6) , PAGE 2
STATION: MONTPELIER VT
MONTH: AUGUST
YEAR: 2023
LATITUDE: 44 12 N
LONGITUDE: 72 34 W
[TEMPERATURE DATA] [PRECIPITATION DATA] SYMBOLS USED IN COLUMN 16
AVERAGE MONTHLY: 64.1 TOTAL FOR MONTH: 5.97 1 = FOG OR MIST
DPTR FM NORMAL: -0.8 DPTR FM NORMAL: 2.16 2 = FOG REDUCING VISIBILITY
HIGHEST: 81 ON 10 GRTST 24HR 1.62 ON 30-30 TO 1/4 MILE OR LESS
LOWEST: 46 ON 2 3 = THUNDER
SNOW, ICE PELLETS, HAIL 4 = ICE PELLETS
TOTAL MONTH: M 5 = HAIL
GRTST 24HR M ON M 6 = FREEZING RAIN OR DRIZZLE
GRTST DEPTH: M ON M 7 = DUSTSTORM OR SANDSTORM:
VSBY 1/2 MILE OR LESS
8 = SMOKE OR HAZE
[NO. OF DAYS WITH] [WEATHER - DAYS WITH] 9 = BLOWING SNOW
X = TORNADO
MAX 32 OR BELOW: 0 0.01 INCH OR MORE: 18
MAX 90 OR ABOVE: 0 0.10 INCH OR MORE: 13
MIN 32 OR BELOW: 0 0.50 INCH OR MORE: 2
MIN 0 OR BELOW: 0 1.00 INCH OR MORE: 2
[HDD (BASE 65) ]
TOTAL THIS MO. 60 CLEAR (SCALE 0-3) 9
DPTR FM NORMAL -9 PTCLDY (SCALE 4-7) 14
TOTAL FM JUL 1 68 CLOUDY (SCALE 8-10) 8
DPTR FM NORMAL -45
[CDD (BASE 65) ]
TOTAL THIS MO. 40
DPTR FM NORMAL -26 [PRESSURE DATA]
TOTAL FM JAN 1 260 HIGHEST SLP M ON M
DPTR FM NORMAL 53 LOWEST SLP 29.55 ON 8
[REMARKS]
#FINAL-08-23#