604
CXUS54 KMAF 011210
CF6MRF
PRELIMINARY LOCAL CLIMATOLOGICAL DATA (WS FORM: F-6)
STATION: MARFA
MONTH: JANUARY
YEAR: 2021
LATITUDE: 30 22 N
LONGITUDE: 104 1 W
TEMPERATURE IN F: :PCPN: SNOW: WIND :SUNSHINE: SKY :PK WND
================================================================================
1 2 3 4 5 6A 6B 7 8 9 10 11 12 13 14 15 16 17 18
12Z AVG MX 2MIN
DY MAX MIN AVG DEP HDD CDD WTR SNW DPTH SPD SPD DIR MIN PSBL S-S WX SPD DR
================================================================================
1 41 11 26 M 39 0 M M M 7.5 24 20 M M 2 1 M M
2 47 11 29 M 36 0 M M M 7.1 21 250 M M 0 22 210
3 56 18 37 M 28 0 M M M 8.1 20 250 M M 0 25 250
4 64 28 46 M 19 0 M M M 7.4 15 280 M M 0 20 340
5 65 24 45 M 20 0 M M M 7.3 16 260 M M 0 18 180
6 54 21 38 M 27 0 M M M 10.6 25 350 M M 0 41 290
7 62 15 39 M 26 0 M M M 4.6 10 190 M M 0 M M
8 65 20 43 M 22 0 M M M 5.2 14 50 M M 0 M M
9 54 20 37 M 28 0 M M M 7.8 21 80 M M 0 1 24 80
10 39 25 32 M 33 0 M M M 12.8 21 20 M M 7 30 20
11 42 20 31 M 34 0 M M M 6.2 14 30 M M 5 M M
12 51 12 32 M 33 0 M M M 7.4 20 250 M M 0 22 270
13 58 14 36 M 29 0 M M M 9.7 24 270 M M 0 29 260
14 66 25 46 M 19 0 M M M 9.2 23 360 M M 0 40 20
15 58 21 40 M 25 0 M M M 6.4 16 270 M M 0 18 260
16 69 15 42 M 23 0 M M M 7.8 15 30 M M 1 22 260
17 63 19 41 M 24 0 M M M 8.4 20 260 M M 0 30 270
18 72 21 47 M 18 0 M M M 8.1 20 20 M M 0 21 250
19 48 34 41 M 24 0 M M M 19.4 26 20 M M 2 33 30
20 49 33 41 M 24 0 0.09 M M 5.8 16 30 M M 9 M M
21 61 43 52 M 13 0 0.32 M M 5.2 25 280 M M 10 1 35 290
22 61 33 47 M 18 0 0.01 M M 6.7 15 250 M M 2 1 M M
23 66 30 48 M 17 0 M M M 7.2 14 180 M M 0 M M
24 73 30 52 M 13 0 M M M 14.0 33 190 M M 1 45 200
25 55 24 40 M 25 0 M M M 14.0 26 270 M M 0 35 270
26 61 19 40 M 25 0 M M M 11.4 28 220 M M 0 38 220
27 56 26 41 M 24 0 M M M 8.5 22 300 M M 0 30 290
28 60 24 42 M 23 0 M M M 6.1 13 180 M M 0 17 150
29 70 32 51 M 14 0 T M M 7.2 15 160 M M 1 22 160
30 60 35 48 M 17 0 M M M 13.5 25 270 M M 0 36 270
31 57 26 42 M 23 0 M M M 9.8 16 40 M M 0 22 40
================================================================================
SM 1803 729 743 0 0.42 M 270.4 M 40
================================================================================
AV 58.2 23.5 8.7 FASTST M M 1 MAX(MPH)
MISC ----> 33 190 45 200
================================================================================
NOTES:
# LAST OF SEVERAL OCCURRENCES
COLUMN 17 PEAK WIND IN M.P.H.
PRELIMINARY LOCAL CLIMATOLOGICAL DATA (WS FORM: F-6) , PAGE 2
STATION: MARFA
MONTH: JANUARY
YEAR: 2021
LATITUDE: 30 22 N
LONGITUDE: 104 1 W
[TEMPERATURE DATA] [PRECIPITATION DATA] SYMBOLS USED IN COLUMN 16
AVERAGE MONTHLY: 40.8 TOTAL FOR MONTH: 0.42 1 = FOG OR MIST
DPTR FM NORMAL: 0.0 DPTR FM NORMAL: M 2 = FOG REDUCING VISIBILITY
HIGHEST: 73 ON 24 GRTST 24HR 0.32 ON 21-21 TO 1/4 MILE OR LESS
LOWEST: 11 ON 1, 2 3 = THUNDER
SNOW, ICE PELLETS, HAIL 4 = ICE PELLETS
TOTAL MONTH: M 5 = HAIL
GRTST 24HR M ON M 6 = FREEZING RAIN OR DRIZZLE
GRTST DEPTH: M ON M 7 = DUSTSTORM OR SANDSTORM:
VSBY 1/2 MILE OR LESS
8 = SMOKE OR HAZE
[NO. OF DAYS WITH] [WEATHER - DAYS WITH] 9 = BLOWING SNOW
X = TORNADO
MAX 32 OR BELOW: 0 0.01 INCH OR MORE: 3
MAX 90 OR ABOVE: 0 0.10 INCH OR MORE: 1
MIN 32 OR BELOW: 26 0.50 INCH OR MORE: 0
MIN 0 OR BELOW: 0 1.00 INCH OR MORE: 0
[HDD (BASE 65) ]
TOTAL THIS MO. 743 CLEAR (SCALE 0-3) 27
DPTR FM NORMAL M PTCLDY (SCALE 4-7) 2
TOTAL FM JUL 1 2067 CLOUDY (SCALE 8-10) 2
DPTR FM NORMAL M
[CDD (BASE 65) ]
TOTAL THIS MO. 0
DPTR FM NORMAL M [PRESSURE DATA]
TOTAL FM JAN 1 0 HIGHEST SLP M ON M
DPTR FM NORMAL M LOWEST SLP M ON M
[REMARKS]
#FINAL-01-21#