000
CXUS52 KMHX 281954
CF6MRH
PRELIMINARY LOCAL CLIMATOLOGICAL DATA (WS FORM: F-6)
STATION: BEAUFORT/SMITH FIELD NC
MONTH: OCTOBER
YEAR: 2023
LATITUDE: 34 43 N
LONGITUDE: 76 39 W
TEMPERATURE IN F: :PCPN: SNOW: WIND :SUNSHINE: SKY :PK WND
================================================================================
1 2 3 4 5 6A 6B 7 8 9 10 11 12 13 14 15 16 17 18
12Z AVG MX 2MIN
DY MAX MIN AVG DEP HDD CDD WTR SNW DPTH SPD SPD DIR MIN PSBL S-S WX SPD DR
================================================================================
1 80 61 71 0 0 6 0.00 0.0 0 8.3 17 30 M M 1 24 10
2 80 61 71 0 0 6 0.00 0.0 0 8.1 16 50 M M 2 26 20
3 81 63 72 2 0 7 0.00 0.0 0 8.9 20 20 M M 1 31 30
4 80 62 71 1 0 6 0.00 0.0 0 7.8 15 50 M M 3 23 50
5 83 68 76 6 0 11 0.07 0.0 0 8.3 14 50 M M 4 1 21 70
6 84 70 77 8 0 12 0.02 0.0 0 6.1 14 20 M M 2 18 50
7 81 59 70 1 0 5 0.10 0.0 0 8.9 23 320 M M 3 13 30 310
8 68 48 58 -11 7 0 0.00 0.0 0 8.7 17 270 M M 0 24 250
9 69 46 58 -10 7 0 0.00 0.0 0 7.6 18 220 M M 0 24 220
10 77 60 69 1 0 4 0.00 0.0 0 11.4 20 230 M M 0 27 230
11 76 67 72 4 0 7 0.00 0.0 0 6.8 15 260 M M 1 21 230
12 69 55 62 -5 3 0 0.51 0.0 0 5.8 14 50 M M 5 1 22 40
13 77 56 67 0 0 2 0.00 0.0 0 6.8 13 20 M M 1 1 19 20
14 77 66 72 5 0 7 0.61 0.0 0 12.3 26 280 M M 8 1 36 200
15 67 57 62 -4 3 0 0.00 0.0 0 12.9 21 340 M M 6 28 340
16 68 50 59 -7 6 0 0.00 0.0 0 8.3 15 340 M M 2 20 350
17 70 51 61 -5 4 0 0.00 0.0 0 7.4 15 330 M M 2 21 330
18 72 51 62 -3 3 0 0.00 0.0 0 4.7 13 30 M M 0 19 40
19 68 50 59 -6 6 0 0.14 0.0 0 5.8 16 140 M M 7 1 23 140
20 73 58 66 2 0 1 0.09 0.0 0 11.1 29 280 M M 5 13 41 270
21 71 55 63 -1 2 0 0.00 0.0 0 14.8 26 300 M M 0 35 300
22 76 59 68 4 0 3 0.00 0.0 0 9.3 20 320 M M 0 26 330
23 67 48 58 -6 7 0 0.00 0.0 0 7.6 21 360 M M 0 28 10
24 75 45 60 -3 5 0 0.00 0.0 0 5.8 14 360 M M 0 21 20
25 78 60 69 6 0 4 0.00 0.0 0 3.9 10 120 M M 1 14 140
26 79 57 68 6 0 3 0.00 0.0 0 1.9 9 170 M M 1 1 14 170
27 79 55 67 5 0 2 0.00 0.0 0 2.8 12 210 M M 1 12 14 210
28 79 62 71 9 0 6 0.00 0.0 0 6.7 14 230 M M 0 18 210
29 78 64 71 9 0 6 0.00 0.0 0 7.1 14 200 M M 0 19 190
30 77 68 73 12 0 8 0.00 0.0 0 10.8 18 210 M M 0 26 210
31 71 50 61 0 4 0 T 0.0 0 12.6 20 340 M M 8 1 33 50
================================================================================
SM 2330 1782 57 106 1.54 0.0 249.3 M 64
================================================================================
AV 75.2 57.5 8.0 FASTST M M 2 MAX(MPH)
MISC ----> 29 280 41 270
================================================================================
NOTES:
# LAST OF SEVERAL OCCURRENCES
COLUMN 17 PEAK WIND IN M.P.H.
PRELIMINARY LOCAL CLIMATOLOGICAL DATA (WS FORM: F-6) , PAGE 2
STATION: BEAUFORT/SMITH FIELD NC
MONTH: OCTOBER
YEAR: 2023
LATITUDE: 34 43 N
LONGITUDE: 76 39 W
[TEMPERATURE DATA] [PRECIPITATION DATA] SYMBOLS USED IN COLUMN 16
AVERAGE MONTHLY: 66.3 TOTAL FOR MONTH: 1.54 1 = FOG OR MIST
DPTR FM NORMAL: 0.3 DPTR FM NORMAL: -2.60 2 = FOG REDUCING VISIBILITY
HIGHEST: 84 ON 6 GRTST 24HR 0.61 ON 14-14 TO 1/4 MILE OR LESS
LOWEST: 45 ON 24 3 = THUNDER
SNOW, ICE PELLETS, HAIL 4 = ICE PELLETS
TOTAL MONTH: 0.0 INCH 5 = HAIL
GRTST 24HR 0.0 6 = FREEZING RAIN OR DRIZZLE
GRTST DEPTH: 0 7 = DUSTSTORM OR SANDSTORM:
VSBY 1/2 MILE OR LESS
8 = SMOKE OR HAZE
[NO. OF DAYS WITH] [WEATHER - DAYS WITH] 9 = BLOWING SNOW
X = TORNADO
MAX 32 OR BELOW: 0 0.01 INCH OR MORE: 7
MAX 90 OR ABOVE: 0 0.10 INCH OR MORE: 4
MIN 32 OR BELOW: 0 0.50 INCH OR MORE: 2
MIN 0 OR BELOW: 0 1.00 INCH OR MORE: 0
[HDD (BASE 65) ]
TOTAL THIS MO. 57 CLEAR (SCALE 0-3) 24
DPTR FM NORMAL -21 PTCLDY (SCALE 4-7) 7
TOTAL FM JUL 1 57 CLOUDY (SCALE 8-10) 0
DPTR FM NORMAL -23
[CDD (BASE 65) ]
TOTAL THIS MO. 106
DPTR FM NORMAL -2 [PRESSURE DATA]
TOTAL FM JAN 1 1883 HIGHEST SLP 30.40 ON 25
DPTR FM NORMAL -75 LOWEST SLP 29.47 ON 14
[REMARKS]
#FINAL-10-23#
[12TH, 14TH, 19TH, 20TH]: PRECIP RECORD FROM BACKUP SITE, MOREHEAD CITY COOP STATION.