000
CXUS54 KHUN 031652
CF6MSL
PRELIMINARY LOCAL CLIMATOLOGICAL DATA (WS FORM: F-6)
STATION: MUSCLE SHOALS
MONTH: MARCH
YEAR: 2022
LATITUDE: 34 45 N
LONGITUDE: 87 37 W
TEMPERATURE IN F: :PCPN: SNOW: WIND :SUNSHINE: SKY :PK WND
================================================================================
1 2 3 4 5 6A 6B 7 8 9 10 11 12 13 14 15 16 17 18
12Z AVG MX 2MIN
DY MAX MIN AVG DEP HDD CDD WTR SNW DPTH SPD SPD DIR MIN PSBL S-S WX SPD DR
================================================================================
1 70 33 52 2 13 0 0.00 0.0 0 4.0 15 290 M M 0 1 19 290
2 78 39 59 9 6 0 0.00 0.0 0 3.9 12 300 M M 0 15 300
3 81 41 61 10 4 0 0.00 0.0 0 3.0 14 290 M M 0 21 300
4 83 43 63 12 2 0 0.00 0.0 0 4.3 16 150 M M 0 1 20 140
5 78 50 64 13 1 0 0.00 0.0 0 10.6 23 190 M M 6 34 180
6 81 63 72 20 0 7 0.00 0.0 0 10.7 22 180 M M 6 30 200
7 71 44 58 6 7 0 0.70 0.0 0 13.1 28 280 M M 9 1 39 300
8 52 41 47 -5 18 0 0.86 0.0 0 7.4 14 30 M M 9 1 20 60
9 54 42 48 -4 17 0 0.01 0.0 0 5.6 14 340 M M 7 1 19 340
10 65 40 53 0 12 0 0.00 0.0 0 3.2 10 20 M M 0 15 50
11 71 31 51 -2 14 0 0.10 1.0 0 6.7 25 330 M M 3 18 40 320
12 37 27 32 -21 33 0 0.02 0.4 1 10.9 22 320 M M 4 18 32 300
13 60 23 42 -12 23 0 0.00 0.0 0 6.4 15 240 M M 0 22 250
14 67 35 51 -3 14 0 T 0.0 0 6.3 16 180 M M 2 25 170
15 63 50 57 3 8 0 1.04 0.0 0 8.5 18 50 M M 8 1 26 50
16 68 50 59 5 6 0 0.00 0.0 0 4.8 14 80 M M 7 1 21 90
17 74 45 60 5 5 0 0.00 0.0 0 4.1 12 150 M M 4 12 17 170
18 71 53 62 7 3 0 0.60 0.0 0 10.7 24 280 M M 6 13 33 270
19 60 41 51 -4 14 0 0.00 0.0 0 10.4 22 270 M M 6 30 260
20 72 36 54 -1 11 0 0.00 0.0 0 2.6 9 270 M M 0 1 14 330
21 75 41 58 2 7 0 0.00 0.0 0 7.7 16 160 M M 1 24 150
22 76 58 67 11 0 2 2.09 0.0 0 13.2 28 250 M M 6 123 41 170
23 62 42 52 -4 13 0 0.00 0.0 0 11.1 26 240 M M 9 36 240
24 65 40 53 -4 12 0 0.00 0.0 0 9.8 30 240 M M 2 39 250
25 60 44 52 -5 13 0 0.00 0.0 0 7.4 20 280 M M 5 27 300
26 66 39 53 -4 12 0 0.00 0.0 0 11.2 29 290 M M 0 38 290
27 60 41 51 -6 14 0 0.00 0.0 0 5.9 13 300 M M 0 18 10
28 64 44 54 -4 11 0 0.00 0.0 0 5.9 10 70 M M 3 15 30
29 78 46 62 4 3 0 0.00 0.0 0 8.7 20 160 M M 4 26 170
30 83 60 72 14 0 7 0.89 0.0 0 15.3 33 170 M M 3 13 48 160
31 62 45 54 -5 11 0 0.00 0.0 0 12.7 22 270 M M 8 1 31 260
================================================================================
SM 2107 1327 307 16 6.31 1.4 246.1 M 118
================================================================================
AV 68.0 42.8 7.9 FASTST M M 4 MAX(MPH)
MISC ----> 33 170 48 160
================================================================================
NOTES:
# LAST OF SEVERAL OCCURRENCES
COLUMN 17 PEAK WIND IN M.P.H.
PRELIMINARY LOCAL CLIMATOLOGICAL DATA (WS FORM: F-6) , PAGE 2
STATION: MUSCLE SHOALS
MONTH: MARCH
YEAR: 2022
LATITUDE: 34 45 N
LONGITUDE: 87 37 W
[TEMPERATURE DATA] [PRECIPITATION DATA] SYMBOLS USED IN COLUMN 16
AVERAGE MONTHLY: 55.4 TOTAL FOR MONTH: 6.31 1 = FOG OR MIST
DPTR FM NORMAL: 1.0 DPTR FM NORMAL: 1.17 2 = FOG REDUCING VISIBILITY
HIGHEST: 83 ON 30, 4 GRTST 24HR 2.09 ON 22-22 TO 1/4 MILE OR LESS
LOWEST: 23 ON 13 3 = THUNDER
SNOW, ICE PELLETS, HAIL 4 = ICE PELLETS
TOTAL MONTH: 1.4 INCHES 5 = HAIL
GRTST 24HR 1.0 ON 11-11 6 = FREEZING RAIN OR DRIZZLE
GRTST DEPTH: 1 ON 12 7 = DUSTSTORM OR SANDSTORM:
VSBY 1/2 MILE OR LESS
8 = SMOKE OR HAZE
[NO. OF DAYS WITH] [WEATHER - DAYS WITH] 9 = BLOWING SNOW
X = TORNADO
MAX 32 OR BELOW: 0 0.01 INCH OR MORE: 9
MAX 90 OR ABOVE: 0 0.10 INCH OR MORE: 7
MIN 32 OR BELOW: 3 0.50 INCH OR MORE: 6
MIN 0 OR BELOW: 0 1.00 INCH OR MORE: 2
[HDD (BASE 65) ]
TOTAL THIS MO. 307 CLEAR (SCALE 0-3) 12
DPTR FM NORMAL -40 PTCLDY (SCALE 4-7) 15
TOTAL FM JUL 1 2395 CLOUDY (SCALE 8-10) 4
DPTR FM NORMAL -273
[CDD (BASE 65) ]
TOTAL THIS MO. 16
DPTR FM NORMAL 0 [PRESSURE DATA]
TOTAL FM JAN 1 21 HIGHEST SLP 30.45 ON 13
DPTR FM NORMAL 2 LOWEST SLP 29.43 ON 30
[REMARKS]
#FINAL-03-22#