000
CXUS54 KLIX 010910
CF6MSY
PRELIMINARY LOCAL CLIMATOLOGICAL DATA (WS FORM: F-6)
STATION: NEW ORLEANS
MONTH: OCTOBER
YEAR: 2020
LATITUDE: 29 58 N
LONGITUDE: 90 15 W
TEMPERATURE IN F: :PCPN: SNOW: WIND :SUNSHINE: SKY :PK WND
================================================================================
1 2 3 4 5 6A 6B 7 8 9 10 11 12 13 14 15 16 17 18
12Z AVG MX 2MIN
DY MAX MIN AVG DEP HDD CDD WTR SNW DPTH SPD SPD DIR MIN PSBL S-S WX SPD DR
================================================================================
1 86 59 73 -3 0 8 0.00 0.0 M 6.3 16 10 M M 1 23 20
2 79 61 70 -6 0 5 0.00 0.0 M 7.6 16 80 M M 1 24 30
3 77 58 68 -7 0 3 0.00 0.0 M 6.2 14 50 M M 1 19 20
4 78 56 67 -8 0 2 0.00 0.0 M 6.2 14 40 M M 5 8 17 40
5 82 64 73 -2 0 8 0.00 0.0 M 5.9 13 50 M M 2 18 50
6 81 70 76 2 0 11 0.00 0.0 M 7.3 13 50 M M 7 17 50
7 89 74 82 8 0 17 T 0.0 M 7.6 15 90 M M 8 20 100
8 88 77 83 9 0 18 0.11 0.0 M 10.5 18 90 M M 9 1 23 90
9 88 78 83 10 0 18 0.51 0.0 M 22.6 38 140 M M 10 1 49 150
10 87 73 80 7 0 15 0.00 0.0 M 12.9 28 200 M M 5 39 210
11 88 72 80 7 0 15 0.00 0.0 M 8.1 17 280 M M 3 1 23 270
12 89 73 81 9 0 16 0.00 0.0 M 7.2 15 260 M M 4 1 21 260
13 86 73 80 8 0 15 0.00 0.0 M 7.0 13 50 M M 3 1 17 20
14 83 61 72 0 0 7 0.00 0.0 M 4.2 12 70 M M 1 16 60
15 87 66 77 5 0 12 0.00 0.0 M 4.7 14 140 M M 4 18 18 130
16 73 65 69 -2 0 4 T 0.0 M 9.5 20 10 M M 6 1 26 20
17 76 60 68 -3 0 3 0.00 0.0 M 10.0 18 100 M M 1 23 70
18 84 62 73 2 0 8 0.00 0.0 M 6.6 15 100 M M 2 20 140
19 85 70 78 8 0 13 0.00 0.0 M 6.0 14 110 M M 4 18 17 100
20 85 70 78 8 0 13 0.00 0.0 M 7.3 15 100 M M 2 1 19 80
21 86 74 80 10 0 15 0.00 0.0 M 8.1 16 100 M M 2 21 50
22 87 74 81 11 0 16 0.00 0.0 M 10.0 20 110 M M 4 24 110
23 83 74 79 10 0 14 1.11 0.0 M 5.7 24 80 M M 7 13 36 80
24 81 63 72 3 0 7 0.00 0.0 M 8.4 16 320 M M 8 1 21 330
25 74 61 68 -1 0 3 0.00 0.0 M 5.5 12 330 M M 7 15 320
26 83 68 76 8 0 11 0.00 0.0 M 6.2 14 50 M M 3 16 50
27 83 69 76 8 0 11 0.02 0.0 M 7.8 15 100 M M 7 1 17 100
28 81 74 78 10 0 13 2.93 0.0 M 18.0 48 340 M M 9 12 71 330
29 75 54 65 -3 0 0 0.00 0.0 M 14.8 22 340 M M 4 29 280
30 64 54 59 -8 6 0 0.00 0.0 M 9.5 17 360 M M 6 24 360
31 70 52 61 -6 4 0 0.00 0.0 M 3.5 10 40 M M 2 1 14 70
================================================================================
SM 2538 2059 10 301 4.68 0.0 261.2 M 138
================================================================================
AV 81.9 66.4 8.4 FASTST M M 4 MAX(MPH)
MISC ----> 48 340 71 330
================================================================================
NOTES:
# LAST OF SEVERAL OCCURRENCES
COLUMN 17 PEAK WIND IN M.P.H.
PRELIMINARY LOCAL CLIMATOLOGICAL DATA (WS FORM: F-6) , PAGE 2
STATION: NEW ORLEANS
MONTH: OCTOBER
YEAR: 2020
LATITUDE: 29 58 N
LONGITUDE: 90 15 W
[TEMPERATURE DATA] [PRECIPITATION DATA] SYMBOLS USED IN COLUMN 16
AVERAGE MONTHLY: 74.1 TOTAL FOR MONTH: 4.68 1 = FOG OR MIST
DPTR FM NORMAL: 2.8 DPTR FM NORMAL: 1.14 2 = FOG REDUCING VISIBILITY
HIGHEST: 89 ON 12, 7 GRTST 24HR 2.93 ON 28-28 TO 1/4 MILE OR LESS
LOWEST: 52 ON 31 3 = THUNDER
SNOW, ICE PELLETS, HAIL 4 = ICE PELLETS
TOTAL MONTH: 0.0 INCH 5 = HAIL
GRTST 24HR 0.0 6 = FREEZING RAIN OR DRIZZLE
GRTST DEPTH: M ON M 7 = DUSTSTORM OR SANDSTORM:
VSBY 1/2 MILE OR LESS
8 = SMOKE OR HAZE
[NO. OF DAYS WITH] [WEATHER - DAYS WITH] 9 = BLOWING SNOW
X = TORNADO
MAX 32 OR BELOW: 0 0.01 INCH OR MORE: 5
MAX 90 OR ABOVE: 0 0.10 INCH OR MORE: 4
MIN 32 OR BELOW: 0 0.50 INCH OR MORE: 3
MIN 0 OR BELOW: 0 1.00 INCH OR MORE: 2
[HDD (BASE 65) ]
TOTAL THIS MO. 10 CLEAR (SCALE 0-3) 12
DPTR FM NORMAL -15 PTCLDY (SCALE 4-7) 15
TOTAL FM JUL 1 10 CLOUDY (SCALE 8-10) 4
DPTR FM NORMAL -13
[CDD (BASE 65) ]
TOTAL THIS MO. 301
DPTR FM NORMAL 81 [PRESSURE DATA]
TOTAL FM JAN 1 3601 HIGHEST SLP 30.26 ON 31
DPTR FM NORMAL 692 LOWEST SLP 28.89 ON 28
[REMARKS]
#FINAL-10-20#