000
CXUS55 KGJT 010910
CF6MTJ
PRELIMINARY LOCAL CLIMATOLOGICAL DATA (WS FORM: F-6)
STATION: MONTROSE CO
MONTH: MAY
YEAR: 2023
LATITUDE: 38 30 N
LONGITUDE: 107 53 W
TEMPERATURE IN F: :PCPN: SNOW: WIND :SUNSHINE: SKY :PK WND
================================================================================
1 2 3 4 5 6A 6B 7 8 9 10 11 12 13 14 15 16 17 18
12Z AVG MX 2MIN
DY MAX MIN AVG DEP HDD CDD WTR SNW DPTH SPD SPD DIR MIN PSBL S-S WX SPD DR
================================================================================
1 80 42 61 8 4 0 0.00 M M 7.6 23 80 M M 0 29 70
2 72 50 61 7 4 0 0.01 M M 6.8 26 130 M M 1 8 37 160
3 78 39 59 5 6 0 0.00 M M 6.4 16 110 M M 1 8 30 110
4 72 49 61 7 4 0 0.05 M M 8.8 23 240 M M 8 3 33 230
5 65 41 53 -2 12 0 T M M 11.5 28 160 M M 4 8 42 220
6 68 42 55 0 10 0 T M M 7.7 23 230 M M 4 33 260
7 65 43 54 -1 11 0 0.00 M M 6.4 20 280 M M 7 30 250
8 76 38 57 1 8 0 0.00 M M 7.7 22 210 M M 1 31 210
9 78 45 62 6 3 0 0.00 M M 9.8 24 270 M M 0 34 270
10 70 43 57 1 8 0 0.04 M M 10.4 24 240 M M 4 34 230
11 63 41 52 -5 13 0 0.23 M M 8.9 28 350 M M 9 1 36 340
12 70 41 56 -1 9 0 0.00 M M 6.4 18 330 M M 1 27 330
13 68 41 55 -2 10 0 0.00 M M 10.5 31 120 M M 3 8 42 110
14 71 43 57 -1 8 0 T M M 7.4 23 230 M M 1 3 34 250
15 73 48 61 3 4 0 0.01 M M 5.6 24 190 M M 3 3 29 180
16 79 43 61 3 4 0 0.00 M M 7.2 24 310 M M 0 32 310
17 78 46 62 3 3 0 0.00 M M 7.7 24 320 M M 1 29 310
18 72 50 61 2 4 0 T M M 7.3 20 270 M M 3 27 270
19 73 44 59 -1 6 0 0.00 M M 6.2 20 200 M M 2 3 27 200
20 69 50 60 0 5 0 T M M 7.0 23 150 M M 3 27 160
21 76 44 60 0 5 0 T M M 7.9 29 80 M M 2 38 80
22 75 48 62 1 3 0 T M M 8.1 31 130 M M 4 38 40 110
23 77 42 60 -1 5 0 0.00 M M 6.6 23 160 M M 1 28 160
24 79 49 64 3 1 0 T M M 7.3 20 140 M M 1 25 150
25 81 45 63 1 2 0 T M M 6.7 38 190 M M 1 8 48 180
26 80 52 66 4 0 1 T M M 8.7 25 140 M M 1 3 33 160
27 79 50 65 3 0 0 0.00 M M 11.3 26 250 M M 0 38 260
28 81 44 63 0 2 0 0.00 M M 8.1 18 260 M M 0 24 270
29 84 46 65 2 0 0 0.00 M M 8.2 20 280 M M 0 28 290
30 82 53 68 4 0 3 0.00 M M 9.9 22 240 M M 0 31 260
31 76 50 63 -1 2 0 0.00 M M 8.4 22 220 M M 1 33 220
================================================================================
SM 2310 1402 156 4 0.34 M 248.5 M 67
================================================================================
AV 74.5 45.2 8.0 FASTST M M 2 MAX(MPH)
MISC ----> 38 190 48 180
================================================================================
NOTES:
# LAST OF SEVERAL OCCURRENCES
COLUMN 17 PEAK WIND IN M.P.H.
PRELIMINARY LOCAL CLIMATOLOGICAL DATA (WS FORM: F-6) , PAGE 2
STATION: MONTROSE CO
MONTH: MAY
YEAR: 2023
LATITUDE: 38 30 N
LONGITUDE: 107 53 W
[TEMPERATURE DATA] [PRECIPITATION DATA] SYMBOLS USED IN COLUMN 16
AVERAGE MONTHLY: 59.9 TOTAL FOR MONTH: 0.34 1 = FOG OR MIST
DPTR FM NORMAL: 1.3 DPTR FM NORMAL: -0.48 2 = FOG REDUCING VISIBILITY
HIGHEST: 84 ON 29 GRTST 24HR 0.27 ON 10-11 TO 1/4 MILE OR LESS
LOWEST: 38 ON 8 3 = THUNDER
SNOW, ICE PELLETS, HAIL 4 = ICE PELLETS
TOTAL MONTH: M 5 = HAIL
GRTST 24HR M ON M 6 = FREEZING RAIN OR DRIZZLE
GRTST DEPTH: M ON M 7 = DUSTSTORM OR SANDSTORM:
VSBY 1/2 MILE OR LESS
8 = SMOKE OR HAZE
[NO. OF DAYS WITH] [WEATHER - DAYS WITH] 9 = BLOWING SNOW
X = TORNADO
MAX 32 OR BELOW: 0 0.01 INCH OR MORE: 5
MAX 90 OR ABOVE: 0 0.10 INCH OR MORE: 1
MIN 32 OR BELOW: 0 0.50 INCH OR MORE: 0
MIN 0 OR BELOW: 0 1.00 INCH OR MORE: 0
[HDD (BASE 65) ]
TOTAL THIS MO. 156 CLEAR (SCALE 0-3) 21
DPTR FM NORMAL -65 PTCLDY (SCALE 4-7) 9
TOTAL FM JUL 1 6192 CLOUDY (SCALE 8-10) 1
DPTR FM NORMAL 210
[CDD (BASE 65) ]
TOTAL THIS MO. 4
DPTR FM NORMAL -17 [PRESSURE DATA]
TOTAL FM JAN 1 4 HIGHEST SLP M ON M
DPTR FM NORMAL -17 LOWEST SLP 29.60 ON 1
[REMARKS]
#FINAL-05-23#