000
CXUS53 KILX 011001
CF6MTO
PRELIMINARY LOCAL CLIMATOLOGICAL DATA (WS FORM: F-6)
STATION: MATTOON IL AIRPORT
MONTH: FEBRUARY
YEAR: 2024
LATITUDE: 39 28 N
LONGITUDE: 88 17 W
TEMPERATURE IN F: :PCPN: SNOW: WIND :SUNSHINE: SKY :PK WND
================================================================================
1 2 3 4 5 6A 6B 7 8 9 10 11 12 13 14 15 16 17 18
12Z AVG MX 2MIN
DY MAX MIN AVG DEP HDD CDD WTR SNW DPTH SPD SPD DIR MIN PSBL S-S WX SPD DR
================================================================================
1 54 35 45 17 20 0 0.00 M M 8.4 16 190 M M 0 1 27 190
2 47 31 39 11 26 0 0.00 M M 10.9 18 60 M M 7 12 30 30
3 51 28 40 11 25 0 0.00 M M 9.5 17 70 M M 0 24 60
4 50 30 40 11 25 0 0.00 M M 11.6 20 30 M M 0 34 30
5 49 26 38 9 27 0 0.00 M M 9.2 17 10 M M 0 1 21 10
6 43 24 34 5 31 0 0.00 M M 5.1 14 70 M M 3 128 17 60
7 53 29 41 11 24 0 0.00 M M 8.3 14 140 M M 0 1 20 140
8 57 45 51 21 14 0 0.00 M M 14.4 22 170 M M 5 42 170
9 63 48 56 26 9 0 0.00 M M 10.6 18 190 M M 2 1 32 220
10 53 32 43 13 22 0 0.00 M M 10.0 24 360 M M 2 36 10
11 46 25 36 5 29 0 0.00 M M 7.6 15 10 M M 0 20 360
12 46 27 37 6 28 0 0.00 M M 9.8 25 360 M M 2 39 20
13 51 30 41 10 24 0 0.00 M M 7.8 18 290 M M 5 25 290
14 53 29 41 9 24 0 0.00 M M 7.7 14 140 M M 1 20 130
15 50 28 39 7 26 0 T M M 12.0 28 300 M M 3 38 300
16 33 15 24 -8 41 0 0.12 M M 12.6 25 360 M M 7 12 36 10
17 19 6 13 -20 52 0 0.00 M M 11.3 23 310 M M 0 28 310
18 38 17 28 -5 37 0 0.00 M M 8.1 16 220 M M 0 29 240
19 49 20 35 2 30 0 0.00 M M 5.7 12 190 M M 0 18 160
20 56 30 43 9 22 0 0.00 M M 8.7 16 190 M M 0 23 190
21 67 42 55 21 10 0 0.00 M M 11.5 20 170 M M 0 37 170
22 59 41 50 16 15 0 0.00 M M 7.8 23 350 M M 6 1 34 10
23 56 34 45 10 20 0 0.00 M M 12.9 25 350 M M 2 36 360
24 39 27 33 -2 32 0 0.00 M M 11.0 30 10 M M 5 40 360
25 61 31 46 11 19 0 0.00 M M 10.3 20 160 M M 0 34 190
26 73 42 58 22 7 0 0.00 M M 11.2 21 190 M M 1 41 200
27 72 43 58 22 7 0 0.03 M M 13.4 25 290 M M 4 3 37 170
28 42 21 32 -4 33 0 0.11 M M 18.3 36 280 M M 4 136 49 270
29 46 18 32 -5 33 0 0.00 M M 6.5 16 170 M M 0 22 190
================================================================================
SM 1476 854 712 0 0.26 M 292.2 M 59
================================================================================
AV 50.9 29.4 10.1 FASTST M M 2 MAX(MPH)
MISC ----> 36 280 49 270
================================================================================
NOTES:
# LAST OF SEVERAL OCCURRENCES
COLUMN 17 PEAK WIND IN M.P.H.
PRELIMINARY LOCAL CLIMATOLOGICAL DATA (WS FORM: F-6) , PAGE 2
STATION: MATTOON IL AIRPORT
MONTH: FEBRUARY
YEAR: 2024
LATITUDE: 39 28 N
LONGITUDE: 88 17 W
[TEMPERATURE DATA] [PRECIPITATION DATA] SYMBOLS USED IN COLUMN 16
AVERAGE MONTHLY: 40.2 TOTAL FOR MONTH: 0.26 1 = FOG OR MIST
DPTR FM NORMAL: 8.2 DPTR FM NORMAL: -1.55 2 = FOG REDUCING VISIBILITY
HIGHEST: 73 ON 26 GRTST 24HR 0.14 ON 27-28 TO 1/4 MILE OR LESS
LOWEST: 6 ON 17 3 = THUNDER
SNOW, ICE PELLETS, HAIL 4 = ICE PELLETS
TOTAL MONTH: M 5 = HAIL
GRTST 24HR M ON M 6 = FREEZING RAIN OR DRIZZLE
GRTST DEPTH: M ON M 7 = DUSTSTORM OR SANDSTORM:
VSBY 1/2 MILE OR LESS
8 = SMOKE OR HAZE
[NO. OF DAYS WITH] [WEATHER - DAYS WITH] 9 = BLOWING SNOW
X = TORNADO
MAX 32 OR BELOW: 1 0.01 INCH OR MORE: 3
MAX 90 OR ABOVE: 0 0.10 INCH OR MORE: 2
MIN 32 OR BELOW: 21 0.50 INCH OR MORE: 0
MIN 0 OR BELOW: 0 1.00 INCH OR MORE: 0
[HDD (BASE 65) ]
TOTAL THIS MO. 712 CLEAR (SCALE 0-3) 20
DPTR FM NORMAL -212 PTCLDY (SCALE 4-7) 9
TOTAL FM JUL 1 3307 CLOUDY (SCALE 8-10) 0
DPTR FM NORMAL -858
[CDD (BASE 65) ]
TOTAL THIS MO. 0
DPTR FM NORMAL 0 [PRESSURE DATA]
TOTAL FM JAN 1 0 HIGHEST SLP 30.54 ON 29
DPTR FM NORMAL 0 LOWEST SLP 29.30 ON 27
[REMARKS]
#FINAL-02-24#